{"version":"1.0","provider_name":"Steve L. Elkas Funeral Home","provider_url":"https:\/\/www.steveelkas.com\/en\/","title":"M Paul-Henri Desc\u00f4teaux &#8212; Steve L. Elkas Funeral Home","type":"rich","width":600,"height":338,"html":"<blockquote class=\"wp-embedded-content\" data-secret=\"1fjnH72eKc\"><a href=\"https:\/\/www.steveelkas.com\/en\/obituaries\/m-paul-henri-descoteaux\/\">M Paul-Henri Desc\u00f4teaux<\/a><\/blockquote><iframe sandbox=\"allow-scripts\" security=\"restricted\" src=\"https:\/\/www.steveelkas.com\/en\/obituaries\/m-paul-henri-descoteaux\/embed\/#?secret=1fjnH72eKc\" width=\"600\" height=\"338\" title=\"&#8220;M Paul-Henri Desc\u00f4teaux&#8221; &#8212; Steve L. Elkas Funeral Home\" data-secret=\"1fjnH72eKc\" frameborder=\"0\" marginwidth=\"0\" marginheight=\"0\" scrolling=\"no\" class=\"wp-embedded-content\"><\/iframe><script type=\"text\/javascript\">\n\/* <![CDATA[ *\/\n\/*! This file is auto-generated *\/\n!function(d,l){\"use strict\";l.querySelector&&d.addEventListener&&\"undefined\"!=typeof URL&&(d.wp=d.wp||{},d.wp.receiveEmbedMessage||(d.wp.receiveEmbedMessage=function(e){var t=e.data;if((t||t.secret||t.message||t.value)&&!\/[^a-zA-Z0-9]\/.test(t.secret)){for(var s,r,n,a=l.querySelectorAll('iframe[data-secret=\"'+t.secret+'\"]'),o=l.querySelectorAll('blockquote[data-secret=\"'+t.secret+'\"]'),c=new RegExp(\"^https?:$\",\"i\"),i=0;i<o.length;i++)o[i].style.display=\"none\";for(i=0;i<a.length;i++)s=a[i],e.source===s.contentWindow&&(s.removeAttribute(\"style\"),\"height\"===t.message?(1e3<(r=parseInt(t.value,10))?r=1e3:~~r<200&&(r=200),s.height=r):\"link\"===t.message&&(r=new URL(s.getAttribute(\"src\")),n=new URL(t.value),c.test(n.protocol))&&n.host===r.host&&l.activeElement===s&&(d.top.location.href=t.value))}},d.addEventListener(\"message\",d.wp.receiveEmbedMessage,!1),l.addEventListener(\"DOMContentLoaded\",function(){for(var e,t,s=l.querySelectorAll(\"iframe.wp-embedded-content\"),r=0;r<s.length;r++)(t=(e=s[r]).getAttribute(\"data-secret\"))||(t=Math.random().toString(36).substring(2,12),e.src+=\"#?secret=\"+t,e.setAttribute(\"data-secret\",t)),e.contentWindow.postMessage({message:\"ready\",secret:t},\"*\")},!1)))}(window,document);\n\/\/# sourceURL=https:\/\/www.steveelkas.com\/wp-includes\/js\/wp-embed.min.js\n\/* ]]> *\/\n<\/script>\n","thumbnail_url":"https:\/\/www.steveelkas.com\/wp-content\/uploads\/2022\/11\/Paul-Descoteaux-photo.jpg","thumbnail_width":147,"thumbnail_height":167,"description":"\u00c0 Sherbrooke, le 22 octobre 2022 est d\u00e9c\u00e9d\u00e9 monsieur Paul-Henri Desc\u00f4teaux \u00e0 l\u2019\u00e2ge de 99 ans. Il \u00e9tait l\u2019\u00e9poux de premi\u00e8re noces de feu Mariette Bruno et de seconde noces de feu Suzel Vincent. Monsieur Desc\u00f4teaux laisse dans le deuil ses enfants\u00a0: Mich\u00e8le, Jacques, Fran\u00e7ois (Danielle Roger), ses petits-enfants\u00a0: V\u00e9ronique, David, Simon, Vincent (\u00c9lo\u00efse), Caroline [&hellip;]"}

M Paul-Henri Descôteaux &#8212; Steve L. Elkas Funeral Home

<blockquote class="wp-embedded-content" data-secret="1fjnH72eKc"><a href="https://www.steveelkas.com/en/obituaries/m-paul-henri-descoteaux/">M Paul-Henri Descôteaux</a></blockquote><iframe sandbox="allow-scripts" security="restricted" src="https://www.steveelkas.com/en/obituaries/m-paul-henri-descoteaux/embed/#?secret=1fjnH72eKc" width="600" height="338" title="&#8220;M Paul-Henri Descôteaux&#8221; &#8212; Steve L. Elkas Funeral Home" data-secret="1fjnH72eKc" frameborder="0" marginwidth="0" marginheight="0" scrolling="no" class="wp-embedded-content"></iframe><script type="text/javascript">
/* <![CDATA[ */
/*! This file is auto-generated */
!function(d,l){"use strict";l.querySelector&&d.addEventListener&&"undefined"!=typeof URL&&(d.wp=d.wp||{},d.wp.receiveEmbedMessage||(d.wp.receiveEmbedMessage=function(e){var t=e.data;if((t||t.secret||t.message||t.value)&&!/[^a-zA-Z0-9]/.test(t.secret)){for(var s,r,n,a=l.querySelectorAll('iframe[data-secret="'+t.secret+'"]'),o=l.querySelectorAll('blockquote[data-secret="'+t.secret+'"]'),c=new RegExp("^https?:$","i"),i=0;i<o.length;i++)o[i].style.display="none";for(i=0;i<a.length;i++)s=a[i],e.source===s.contentWindow&&(s.removeAttribute("style"),"height"===t.message?(1e3<(r=parseInt(t.value,10))?r=1e3:~~r<200&&(r=200),s.height=r):"link"===t.message&&(r=new URL(s.getAttribute("src")),n=new URL(t.value),c.test(n.protocol))&&n.host===r.host&&l.activeElement===s&&(d.top.location.href=t.value))}},d.addEventListener("message",d.wp.receiveEmbedMessage,!1),l.addEventListener("DOMContentLoaded",function(){for(var e,t,s=l.querySelectorAll("iframe.wp-embedded-content"),r=0;r<s.length;r++)(t=(e=s[r]).getAttribute("data-secret"))||(t=Math.random().toString(36).substring(2,12),e.src+="#?secret="+t,e.setAttribute("data-secret",t)),e.contentWindow.postMessage({message:"ready",secret:t},"*")},!1)))}(window,document);
//# sourceURL=https://www.steveelkas.com/wp-includes/js/wp-embed.min.js
/* ]]> */
</script>

À Sherbrooke, le 22 octobre 2022 est décédé monsieur Paul-Henri Descôteaux à l’âge de 99 ans. Il était l’époux de première noces de feu Mariette Bruno et de seconde noces de feu Suzel Vincent. Monsieur Descôteaux laisse dans le deuil ses enfants : Michèle, Jacques, François (Danielle Roger), ses petits-enfants : Véronique, David, Simon, Vincent (Éloïse), Caroline [&hellip;]
