{"version":"1.0","provider_name":"Steve L. Elkas Funeral Home","provider_url":"https:\/\/www.steveelkas.com\/en\/","title":"M. Pierre Beaudoin &#8212; Steve L. Elkas Funeral Home","type":"rich","width":600,"height":338,"html":"<blockquote class=\"wp-embedded-content\" data-secret=\"dFs0fGxLep\"><a href=\"https:\/\/www.steveelkas.com\/en\/obituaries\/m-pierre-beaudoin\/\">M. Pierre Beaudoin<\/a><\/blockquote><iframe sandbox=\"allow-scripts\" security=\"restricted\" src=\"https:\/\/www.steveelkas.com\/en\/obituaries\/m-pierre-beaudoin\/embed\/#?secret=dFs0fGxLep\" width=\"600\" height=\"338\" title=\"&#8220;M. Pierre Beaudoin&#8221; &#8212; Steve L. Elkas Funeral Home\" data-secret=\"dFs0fGxLep\" frameborder=\"0\" marginwidth=\"0\" marginheight=\"0\" scrolling=\"no\" class=\"wp-embedded-content\"><\/iframe><script type=\"text\/javascript\">\n\/* <![CDATA[ *\/\n\/*! This file is auto-generated *\/\n!function(d,l){\"use strict\";l.querySelector&&d.addEventListener&&\"undefined\"!=typeof URL&&(d.wp=d.wp||{},d.wp.receiveEmbedMessage||(d.wp.receiveEmbedMessage=function(e){var t=e.data;if((t||t.secret||t.message||t.value)&&!\/[^a-zA-Z0-9]\/.test(t.secret)){for(var s,r,n,a=l.querySelectorAll('iframe[data-secret=\"'+t.secret+'\"]'),o=l.querySelectorAll('blockquote[data-secret=\"'+t.secret+'\"]'),c=new RegExp(\"^https?:$\",\"i\"),i=0;i<o.length;i++)o[i].style.display=\"none\";for(i=0;i<a.length;i++)s=a[i],e.source===s.contentWindow&&(s.removeAttribute(\"style\"),\"height\"===t.message?(1e3<(r=parseInt(t.value,10))?r=1e3:~~r<200&&(r=200),s.height=r):\"link\"===t.message&&(r=new URL(s.getAttribute(\"src\")),n=new URL(t.value),c.test(n.protocol))&&n.host===r.host&&l.activeElement===s&&(d.top.location.href=t.value))}},d.addEventListener(\"message\",d.wp.receiveEmbedMessage,!1),l.addEventListener(\"DOMContentLoaded\",function(){for(var e,t,s=l.querySelectorAll(\"iframe.wp-embedded-content\"),r=0;r<s.length;r++)(t=(e=s[r]).getAttribute(\"data-secret\"))||(t=Math.random().toString(36).substring(2,12),e.src+=\"#?secret=\"+t,e.setAttribute(\"data-secret\",t)),e.contentWindow.postMessage({message:\"ready\",secret:t},\"*\")},!1)))}(window,document);\n\/\/# sourceURL=https:\/\/www.steveelkas.com\/wp-includes\/js\/wp-embed.min.js\n\/* ]]> *\/\n<\/script>\n","thumbnail_url":"https:\/\/www.steveelkas.com\/wp-content\/uploads\/2023\/07\/Pierre-Beaudoin.jpg","thumbnail_width":434,"thumbnail_height":638,"description":"1947 &#8211; 2023\u00a0 Au CHUS H\u00f4tel-Dieu, le 11 juillet 2023, \u00e0 l&#8217;aube de ses 76 ans, est d\u00e9c\u00e9d\u00e9 Monsieur Pierre Beaudoin, fils de feu Gilberte Labb\u00e9 et de feu G\u00e9rard Beaudoin, demeurant \u00e0 Sherbrooke. Monsieur Beaudoin laisse dans le deuil ses fr\u00e8res et ses s\u0153urs, Nicole (Michel Landry), Robert (feu Francine B\u00e9rard, Johanne Allard), Louise [&hellip;]"}

1947 &#8211; 2023  Au CHUS Hôtel-Dieu, le 11 juillet 2023, à l&#8217;aube de ses 76 ans, est décédé Monsieur Pierre Beaudoin, fils de feu Gilberte Labbé et de feu Gérard Beaudoin, demeurant à Sherbrooke. Monsieur Beaudoin laisse dans le deuil ses frères et ses sœurs, Nicole (Michel Landry), Robert (feu Francine Bérard, Johanne Allard), Louise [&hellip;]
