{"version":"1.0","provider_name":"Steve L. Elkas Funeral Home","provider_url":"https:\/\/www.steveelkas.com\/en\/","title":"M. Pierre Dauphinais &#8212; Steve L. Elkas Funeral Home","type":"rich","width":600,"height":338,"html":"<blockquote class=\"wp-embedded-content\" data-secret=\"BwPOpDTsov\"><a href=\"https:\/\/www.steveelkas.com\/en\/obituaries\/m-pierre-dauphinais\/\">M. Pierre Dauphinais<\/a><\/blockquote><iframe sandbox=\"allow-scripts\" security=\"restricted\" src=\"https:\/\/www.steveelkas.com\/en\/obituaries\/m-pierre-dauphinais\/embed\/#?secret=BwPOpDTsov\" width=\"600\" height=\"338\" title=\"&#8220;M. Pierre Dauphinais&#8221; &#8212; Steve L. Elkas Funeral Home\" data-secret=\"BwPOpDTsov\" frameborder=\"0\" marginwidth=\"0\" marginheight=\"0\" scrolling=\"no\" class=\"wp-embedded-content\"><\/iframe><script type=\"text\/javascript\">\n\/* <![CDATA[ *\/\n\/*! This file is auto-generated *\/\n!function(d,l){\"use strict\";l.querySelector&&d.addEventListener&&\"undefined\"!=typeof URL&&(d.wp=d.wp||{},d.wp.receiveEmbedMessage||(d.wp.receiveEmbedMessage=function(e){var t=e.data;if((t||t.secret||t.message||t.value)&&!\/[^a-zA-Z0-9]\/.test(t.secret)){for(var s,r,n,a=l.querySelectorAll('iframe[data-secret=\"'+t.secret+'\"]'),o=l.querySelectorAll('blockquote[data-secret=\"'+t.secret+'\"]'),c=new RegExp(\"^https?:$\",\"i\"),i=0;i<o.length;i++)o[i].style.display=\"none\";for(i=0;i<a.length;i++)s=a[i],e.source===s.contentWindow&&(s.removeAttribute(\"style\"),\"height\"===t.message?(1e3<(r=parseInt(t.value,10))?r=1e3:~~r<200&&(r=200),s.height=r):\"link\"===t.message&&(r=new URL(s.getAttribute(\"src\")),n=new URL(t.value),c.test(n.protocol))&&n.host===r.host&&l.activeElement===s&&(d.top.location.href=t.value))}},d.addEventListener(\"message\",d.wp.receiveEmbedMessage,!1),l.addEventListener(\"DOMContentLoaded\",function(){for(var e,t,s=l.querySelectorAll(\"iframe.wp-embedded-content\"),r=0;r<s.length;r++)(t=(e=s[r]).getAttribute(\"data-secret\"))||(t=Math.random().toString(36).substring(2,12),e.src+=\"#?secret=\"+t,e.setAttribute(\"data-secret\",t)),e.contentWindow.postMessage({message:\"ready\",secret:t},\"*\")},!1)))}(window,document);\n\/\/# sourceURL=https:\/\/www.steveelkas.com\/wp-includes\/js\/wp-embed.min.js\n\/* ]]> *\/\n<\/script>\n","thumbnail_url":"https:\/\/www.steveelkas.com\/wp-content\/uploads\/2023\/08\/Pierre-Dauphinais-002.jpg","thumbnail_width":490,"thumbnail_height":611,"description":"1937 &#8211; 2023 Au CHUS H\u00f4tel-Dieu, le 3 ao\u00fbt 2023, \u00e0 l\u2019\u00e2ge de 86 ans, est d\u00e9c\u00e9d\u00e9 M. Pierre Dauphinais, fils de Jean Dauphinais et de Aline Lalibert\u00e9, \u00e9poux de feu Liliane Rousseau Dauphinais, demeurant \u00e0 Sherbrooke. Il \u00e9tait le p\u00e8re de Lise, Michel (Martine Girard), Diane, le grand-p\u00e8re d\u2019Am\u00e9lie (Catherine Lapierre), \u00c9lisabeth, Simon et [&hellip;]"}

1937 &#8211; 2023 Au CHUS Hôtel-Dieu, le 3 août 2023, à l’âge de 86 ans, est décédé M. Pierre Dauphinais, fils de Jean Dauphinais et de Aline Laliberté, époux de feu Liliane Rousseau Dauphinais, demeurant à Sherbrooke. Il était le père de Lise, Michel (Martine Girard), Diane, le grand-père d’Amélie (Catherine Lapierre), Élisabeth, Simon et [&hellip;]
