{"version":"1.0","provider_name":"Steve L. Elkas Funeral Home","provider_url":"https:\/\/www.steveelkas.com\/en\/","title":"M. Pierre Therrien &#8212; Steve L. Elkas Funeral Home","type":"rich","width":600,"height":338,"html":"<blockquote class=\"wp-embedded-content\" data-secret=\"Pbcu2qyNcl\"><a href=\"https:\/\/www.steveelkas.com\/en\/obituaries\/m-pierre-therrien\/\">M. Pierre Therrien<\/a><\/blockquote><iframe sandbox=\"allow-scripts\" security=\"restricted\" src=\"https:\/\/www.steveelkas.com\/en\/obituaries\/m-pierre-therrien\/embed\/#?secret=Pbcu2qyNcl\" width=\"600\" height=\"338\" title=\"&#8220;M. Pierre Therrien&#8221; &#8212; Steve L. Elkas Funeral Home\" data-secret=\"Pbcu2qyNcl\" frameborder=\"0\" marginwidth=\"0\" marginheight=\"0\" scrolling=\"no\" class=\"wp-embedded-content\"><\/iframe><script type=\"text\/javascript\">\n\/* <![CDATA[ *\/\n\/*! This file is auto-generated *\/\n!function(d,l){\"use strict\";l.querySelector&&d.addEventListener&&\"undefined\"!=typeof URL&&(d.wp=d.wp||{},d.wp.receiveEmbedMessage||(d.wp.receiveEmbedMessage=function(e){var t=e.data;if((t||t.secret||t.message||t.value)&&!\/[^a-zA-Z0-9]\/.test(t.secret)){for(var s,r,n,a=l.querySelectorAll('iframe[data-secret=\"'+t.secret+'\"]'),o=l.querySelectorAll('blockquote[data-secret=\"'+t.secret+'\"]'),c=new RegExp(\"^https?:$\",\"i\"),i=0;i<o.length;i++)o[i].style.display=\"none\";for(i=0;i<a.length;i++)s=a[i],e.source===s.contentWindow&&(s.removeAttribute(\"style\"),\"height\"===t.message?(1e3<(r=parseInt(t.value,10))?r=1e3:~~r<200&&(r=200),s.height=r):\"link\"===t.message&&(r=new URL(s.getAttribute(\"src\")),n=new URL(t.value),c.test(n.protocol))&&n.host===r.host&&l.activeElement===s&&(d.top.location.href=t.value))}},d.addEventListener(\"message\",d.wp.receiveEmbedMessage,!1),l.addEventListener(\"DOMContentLoaded\",function(){for(var e,t,s=l.querySelectorAll(\"iframe.wp-embedded-content\"),r=0;r<s.length;r++)(t=(e=s[r]).getAttribute(\"data-secret\"))||(t=Math.random().toString(36).substring(2,12),e.src+=\"#?secret=\"+t,e.setAttribute(\"data-secret\",t)),e.contentWindow.postMessage({message:\"ready\",secret:t},\"*\")},!1)))}(window,document);\n\/\/# sourceURL=https:\/\/www.steveelkas.com\/wp-includes\/js\/wp-embed.min.js\n\/* ]]> *\/\n<\/script>\n","thumbnail_url":"https:\/\/www.steveelkas.com\/wp-content\/uploads\/2023\/05\/Pierre-Therrien-002.jpg","thumbnail_width":990,"thumbnail_height":897,"description":"1944 \u2013 2023 \u00c0 l&#8217;h\u00f4pital Pierre-Boucher, le 10 mai 2023, \u00e0 l\u2019\u00e2ge de 78 ans, est d\u00e9c\u00e9d\u00e9 M. Pierre Therrien, fils de feu Roland Therrien et de feu Gemma Palardy, \u00e9poux de feu Mme. Ginette B\u00e9langer, originaire de la r\u00e9gion de Sherbrooke et demeurant maintenant \u00e0 Beloeil. M. Therrien laisse dans le deuil ses enfants [&hellip;]"}

1944 – 2023 À l&#8217;hôpital Pierre-Boucher, le 10 mai 2023, à l’âge de 78 ans, est décédé M. Pierre Therrien, fils de feu Roland Therrien et de feu Gemma Palardy, époux de feu Mme. Ginette Bélanger, originaire de la région de Sherbrooke et demeurant maintenant à Beloeil. M. Therrien laisse dans le deuil ses enfants [&hellip;]
