{"version":"1.0","provider_name":"Steve L. Elkas Funeral Home","provider_url":"https:\/\/www.steveelkas.com\/en\/","title":"M. Richard Blais &#8212; Steve L. Elkas Funeral Home","type":"rich","width":600,"height":338,"html":"<blockquote class=\"wp-embedded-content\" data-secret=\"C2SybI9DA8\"><a href=\"https:\/\/www.steveelkas.com\/en\/obituaries\/m-richard-blais-2\/\">M. Richard Blais<\/a><\/blockquote><iframe sandbox=\"allow-scripts\" security=\"restricted\" src=\"https:\/\/www.steveelkas.com\/en\/obituaries\/m-richard-blais-2\/embed\/#?secret=C2SybI9DA8\" width=\"600\" height=\"338\" title=\"&#8220;M. Richard Blais&#8221; &#8212; Steve L. Elkas Funeral Home\" data-secret=\"C2SybI9DA8\" frameborder=\"0\" marginwidth=\"0\" marginheight=\"0\" scrolling=\"no\" class=\"wp-embedded-content\"><\/iframe><script type=\"text\/javascript\">\n\/* <![CDATA[ *\/\n\/*! This file is auto-generated *\/\n!function(d,l){\"use strict\";l.querySelector&&d.addEventListener&&\"undefined\"!=typeof URL&&(d.wp=d.wp||{},d.wp.receiveEmbedMessage||(d.wp.receiveEmbedMessage=function(e){var t=e.data;if((t||t.secret||t.message||t.value)&&!\/[^a-zA-Z0-9]\/.test(t.secret)){for(var s,r,n,a=l.querySelectorAll('iframe[data-secret=\"'+t.secret+'\"]'),o=l.querySelectorAll('blockquote[data-secret=\"'+t.secret+'\"]'),c=new RegExp(\"^https?:$\",\"i\"),i=0;i<o.length;i++)o[i].style.display=\"none\";for(i=0;i<a.length;i++)s=a[i],e.source===s.contentWindow&&(s.removeAttribute(\"style\"),\"height\"===t.message?(1e3<(r=parseInt(t.value,10))?r=1e3:~~r<200&&(r=200),s.height=r):\"link\"===t.message&&(r=new URL(s.getAttribute(\"src\")),n=new URL(t.value),c.test(n.protocol))&&n.host===r.host&&l.activeElement===s&&(d.top.location.href=t.value))}},d.addEventListener(\"message\",d.wp.receiveEmbedMessage,!1),l.addEventListener(\"DOMContentLoaded\",function(){for(var e,t,s=l.querySelectorAll(\"iframe.wp-embedded-content\"),r=0;r<s.length;r++)(t=(e=s[r]).getAttribute(\"data-secret\"))||(t=Math.random().toString(36).substring(2,12),e.src+=\"#?secret=\"+t,e.setAttribute(\"data-secret\",t)),e.contentWindow.postMessage({message:\"ready\",secret:t},\"*\")},!1)))}(window,document);\n\/\/# sourceURL=https:\/\/www.steveelkas.com\/wp-includes\/js\/wp-embed.min.js\n\/* ]]> *\/\n<\/script>\n","thumbnail_url":"https:\/\/www.steveelkas.com\/wp-content\/uploads\/2025\/01\/Richard-Blais-1.jpg","thumbnail_width":1080,"thumbnail_height":2340,"description":"1956 \u2013 2025 C\u2019est avec beaucoup de tristesse que nous vous annon\u00e7ons le d\u00e9c\u00e8s de M. Richard Blais.\u00a0 Il s\u2019est \u00e9teint le 16 janvier 2025 \u00e0 l\u2019\u00e2ge de 68 ans.\u00a0 Il \u00e9tait le fils de feu Arthur Blais et de Jeannine Guillemette. Outre sa m\u00e8re, il laisse dans le deuil ses enfants Jean-Fran\u00e7ois (M\u00e9lissa) et [&hellip;]"}

1956 – 2025 C’est avec beaucoup de tristesse que nous vous annonçons le décès de M. Richard Blais.  Il s’est éteint le 16 janvier 2025 à l’âge de 68 ans.  Il était le fils de feu Arthur Blais et de Jeannine Guillemette. Outre sa mère, il laisse dans le deuil ses enfants Jean-François (Mélissa) et [&hellip;]
