{"version":"1.0","provider_name":"Steve L. Elkas Funeral Home","provider_url":"https:\/\/www.steveelkas.com\/en\/","title":"M. Richard Lemieux &#8212; Steve L. Elkas Funeral Home","type":"rich","width":600,"height":338,"html":"<blockquote class=\"wp-embedded-content\" data-secret=\"wak6g367A4\"><a href=\"https:\/\/www.steveelkas.com\/en\/obituaries\/m-richard-lemieux\/\">M. Richard Lemieux<\/a><\/blockquote><iframe sandbox=\"allow-scripts\" security=\"restricted\" src=\"https:\/\/www.steveelkas.com\/en\/obituaries\/m-richard-lemieux\/embed\/#?secret=wak6g367A4\" width=\"600\" height=\"338\" title=\"&#8220;M. Richard Lemieux&#8221; &#8212; Steve L. Elkas Funeral Home\" data-secret=\"wak6g367A4\" frameborder=\"0\" marginwidth=\"0\" marginheight=\"0\" scrolling=\"no\" class=\"wp-embedded-content\"><\/iframe><script type=\"text\/javascript\">\n\/* <![CDATA[ *\/\n\/*! This file is auto-generated *\/\n!function(d,l){\"use strict\";l.querySelector&&d.addEventListener&&\"undefined\"!=typeof URL&&(d.wp=d.wp||{},d.wp.receiveEmbedMessage||(d.wp.receiveEmbedMessage=function(e){var t=e.data;if((t||t.secret||t.message||t.value)&&!\/[^a-zA-Z0-9]\/.test(t.secret)){for(var s,r,n,a=l.querySelectorAll('iframe[data-secret=\"'+t.secret+'\"]'),o=l.querySelectorAll('blockquote[data-secret=\"'+t.secret+'\"]'),c=new RegExp(\"^https?:$\",\"i\"),i=0;i<o.length;i++)o[i].style.display=\"none\";for(i=0;i<a.length;i++)s=a[i],e.source===s.contentWindow&&(s.removeAttribute(\"style\"),\"height\"===t.message?(1e3<(r=parseInt(t.value,10))?r=1e3:~~r<200&&(r=200),s.height=r):\"link\"===t.message&&(r=new URL(s.getAttribute(\"src\")),n=new URL(t.value),c.test(n.protocol))&&n.host===r.host&&l.activeElement===s&&(d.top.location.href=t.value))}},d.addEventListener(\"message\",d.wp.receiveEmbedMessage,!1),l.addEventListener(\"DOMContentLoaded\",function(){for(var e,t,s=l.querySelectorAll(\"iframe.wp-embedded-content\"),r=0;r<s.length;r++)(t=(e=s[r]).getAttribute(\"data-secret\"))||(t=Math.random().toString(36).substring(2,12),e.src+=\"#?secret=\"+t,e.setAttribute(\"data-secret\",t)),e.contentWindow.postMessage({message:\"ready\",secret:t},\"*\")},!1)))}(window,document);\n\/\/# sourceURL=https:\/\/www.steveelkas.com\/wp-includes\/js\/wp-embed.min.js\n\/* ]]> *\/\n<\/script>\n","thumbnail_url":"https:\/\/www.steveelkas.com\/wp-content\/uploads\/2023\/07\/Richard-Lemieux292-1-scaled.jpg","thumbnail_width":1851,"thumbnail_height":2560,"description":"\u00a01953 \u2013 2021\u00a0 C&#8217;est avec beaucoup de tristesse que nous annon\u00e7ons le d\u00e9c\u00e8s de Monsieur Richard Lemieux, \u00e0 Melbourne Qu\u00e9bec, le 15 avril 2021, \u00e0 l\u2019\u00e2ge de 67 ans. Le jour de son anniversaire le 15 octobre 2022, sa d\u00e9pouille a \u00e9t\u00e9 retrouv\u00e9e. Il \u00e9tait le fils de feu Lucien Lemieux de Qu\u00e9bec et de [&hellip;]"}

1953 – 2021  C&#8217;est avec beaucoup de tristesse que nous annonçons le décès de Monsieur Richard Lemieux, à Melbourne Québec, le 15 avril 2021, à l’âge de 67 ans. Le jour de son anniversaire le 15 octobre 2022, sa dépouille a été retrouvée. Il était le fils de feu Lucien Lemieux de Québec et de [&hellip;]
