{"version":"1.0","provider_name":"Steve L. Elkas Funeral Home","provider_url":"https:\/\/www.steveelkas.com\/en\/","title":"M. Richard Morency &#8212; Steve L. Elkas Funeral Home","type":"rich","width":600,"height":338,"html":"<blockquote class=\"wp-embedded-content\" data-secret=\"H4WNQf18yA\"><a href=\"https:\/\/www.steveelkas.com\/en\/obituaries\/m-richard-morency\/\">M. Richard Morency<\/a><\/blockquote><iframe sandbox=\"allow-scripts\" security=\"restricted\" src=\"https:\/\/www.steveelkas.com\/en\/obituaries\/m-richard-morency\/embed\/#?secret=H4WNQf18yA\" width=\"600\" height=\"338\" title=\"&#8220;M. Richard Morency&#8221; &#8212; Steve L. Elkas Funeral Home\" data-secret=\"H4WNQf18yA\" frameborder=\"0\" marginwidth=\"0\" marginheight=\"0\" scrolling=\"no\" class=\"wp-embedded-content\"><\/iframe><script type=\"text\/javascript\">\n\/* <![CDATA[ *\/\n\/*! This file is auto-generated *\/\n!function(d,l){\"use strict\";l.querySelector&&d.addEventListener&&\"undefined\"!=typeof URL&&(d.wp=d.wp||{},d.wp.receiveEmbedMessage||(d.wp.receiveEmbedMessage=function(e){var t=e.data;if((t||t.secret||t.message||t.value)&&!\/[^a-zA-Z0-9]\/.test(t.secret)){for(var s,r,n,a=l.querySelectorAll('iframe[data-secret=\"'+t.secret+'\"]'),o=l.querySelectorAll('blockquote[data-secret=\"'+t.secret+'\"]'),c=new RegExp(\"^https?:$\",\"i\"),i=0;i<o.length;i++)o[i].style.display=\"none\";for(i=0;i<a.length;i++)s=a[i],e.source===s.contentWindow&&(s.removeAttribute(\"style\"),\"height\"===t.message?(1e3<(r=parseInt(t.value,10))?r=1e3:~~r<200&&(r=200),s.height=r):\"link\"===t.message&&(r=new URL(s.getAttribute(\"src\")),n=new URL(t.value),c.test(n.protocol))&&n.host===r.host&&l.activeElement===s&&(d.top.location.href=t.value))}},d.addEventListener(\"message\",d.wp.receiveEmbedMessage,!1),l.addEventListener(\"DOMContentLoaded\",function(){for(var e,t,s=l.querySelectorAll(\"iframe.wp-embedded-content\"),r=0;r<s.length;r++)(t=(e=s[r]).getAttribute(\"data-secret\"))||(t=Math.random().toString(36).substring(2,12),e.src+=\"#?secret=\"+t,e.setAttribute(\"data-secret\",t)),e.contentWindow.postMessage({message:\"ready\",secret:t},\"*\")},!1)))}(window,document);\n\/\/# sourceURL=https:\/\/www.steveelkas.com\/wp-includes\/js\/wp-embed.min.js\n\/* ]]> *\/\n<\/script>\n","thumbnail_url":"https:\/\/www.steveelkas.com\/wp-content\/uploads\/2022\/12\/Richard-Morency-Accueil-avis-deces-web.jpg","thumbnail_width":1703,"thumbnail_height":1930,"description":"Un homme de tendresse et d\u2019amour est pass\u00e9 \u00e0 une autre dimension dans la soir\u00e9e du 16 d\u00e9cembre 2022. La famille et les ami(e)s se r\u00e9uniront au complexe Steve L. Elkas situ\u00e9 au 4230 rue Bertrand-Fabi \u00e0 Sherbrooke jeudi le 29 d\u00e9cembre \u00e0 compter de 9 h. Un hommage \u00e0 sa vie sera c\u00e9l\u00e9br\u00e9 de [&hellip;]"}

Un homme de tendresse et d’amour est passé à une autre dimension dans la soirée du 16 décembre 2022. La famille et les ami(e)s se réuniront au complexe Steve L. Elkas situé au 4230 rue Bertrand-Fabi à Sherbrooke jeudi le 29 décembre à compter de 9 h. Un hommage à sa vie sera célébré de [&hellip;]
