{"version":"1.0","provider_name":"Steve L. Elkas Funeral Home","provider_url":"https:\/\/www.steveelkas.com\/en\/","title":"M. Richard Roy &#8212; Steve L. Elkas Funeral Home","type":"rich","width":600,"height":338,"html":"<blockquote class=\"wp-embedded-content\" data-secret=\"Z690wnNIBZ\"><a href=\"https:\/\/www.steveelkas.com\/en\/obituaries\/m-richard-roy\/\">M. Richard Roy<\/a><\/blockquote><iframe sandbox=\"allow-scripts\" security=\"restricted\" src=\"https:\/\/www.steveelkas.com\/en\/obituaries\/m-richard-roy\/embed\/#?secret=Z690wnNIBZ\" width=\"600\" height=\"338\" title=\"&#8220;M. Richard Roy&#8221; &#8212; Steve L. Elkas Funeral Home\" data-secret=\"Z690wnNIBZ\" frameborder=\"0\" marginwidth=\"0\" marginheight=\"0\" scrolling=\"no\" class=\"wp-embedded-content\"><\/iframe><script type=\"text\/javascript\">\n\/* <![CDATA[ *\/\n\/*! This file is auto-generated *\/\n!function(d,l){\"use strict\";l.querySelector&&d.addEventListener&&\"undefined\"!=typeof URL&&(d.wp=d.wp||{},d.wp.receiveEmbedMessage||(d.wp.receiveEmbedMessage=function(e){var t=e.data;if((t||t.secret||t.message||t.value)&&!\/[^a-zA-Z0-9]\/.test(t.secret)){for(var s,r,n,a=l.querySelectorAll('iframe[data-secret=\"'+t.secret+'\"]'),o=l.querySelectorAll('blockquote[data-secret=\"'+t.secret+'\"]'),c=new RegExp(\"^https?:$\",\"i\"),i=0;i<o.length;i++)o[i].style.display=\"none\";for(i=0;i<a.length;i++)s=a[i],e.source===s.contentWindow&&(s.removeAttribute(\"style\"),\"height\"===t.message?(1e3<(r=parseInt(t.value,10))?r=1e3:~~r<200&&(r=200),s.height=r):\"link\"===t.message&&(r=new URL(s.getAttribute(\"src\")),n=new URL(t.value),c.test(n.protocol))&&n.host===r.host&&l.activeElement===s&&(d.top.location.href=t.value))}},d.addEventListener(\"message\",d.wp.receiveEmbedMessage,!1),l.addEventListener(\"DOMContentLoaded\",function(){for(var e,t,s=l.querySelectorAll(\"iframe.wp-embedded-content\"),r=0;r<s.length;r++)(t=(e=s[r]).getAttribute(\"data-secret\"))||(t=Math.random().toString(36).substring(2,12),e.src+=\"#?secret=\"+t,e.setAttribute(\"data-secret\",t)),e.contentWindow.postMessage({message:\"ready\",secret:t},\"*\")},!1)))}(window,document);\n\/\/# sourceURL=https:\/\/www.steveelkas.com\/wp-includes\/js\/wp-embed.min.js\n\/* ]]> *\/\n<\/script>\n","thumbnail_url":"https:\/\/www.steveelkas.com\/wp-content\/uploads\/2026\/02\/Richard-Roy-Avis.jpg","thumbnail_width":408,"thumbnail_height":550,"description":"1949 &#8211; 2026 C\u2019est avec beaucoup de tristesse que nous vous annon\u00e7ons le d\u00e9c\u00e8s de M. Richard Roy.\u00a0 Il s\u2019est \u00e9teint au CHSLD de Magog, le 19 f\u00e9vrier 2026, \u00e0 l\u2019\u00e2ge de 76 ans.\u00a0 Il \u00e9tait le fils de feu Florian Roy et feu Fernande Roy. M. Roy laisse dans le deuil ses fils : [&hellip;]"}

1949 &#8211; 2026 C’est avec beaucoup de tristesse que nous vous annonçons le décès de M. Richard Roy.  Il s’est éteint au CHSLD de Magog, le 19 février 2026, à l’âge de 76 ans.  Il était le fils de feu Florian Roy et feu Fernande Roy. M. Roy laisse dans le deuil ses fils : [&hellip;]
