{"version":"1.0","provider_name":"Steve L. Elkas Funeral Home","provider_url":"https:\/\/www.steveelkas.com\/en\/","title":"M. Roger Dussault &#8212; Steve L. Elkas Funeral Home","type":"rich","width":600,"height":338,"html":"<blockquote class=\"wp-embedded-content\" data-secret=\"WJ6NRqHNnU\"><a href=\"https:\/\/www.steveelkas.com\/en\/obituaries\/m-roger-dussault\/\">M. Roger Dussault<\/a><\/blockquote><iframe sandbox=\"allow-scripts\" security=\"restricted\" src=\"https:\/\/www.steveelkas.com\/en\/obituaries\/m-roger-dussault\/embed\/#?secret=WJ6NRqHNnU\" width=\"600\" height=\"338\" title=\"&#8220;M. Roger Dussault&#8221; &#8212; Steve L. Elkas Funeral Home\" data-secret=\"WJ6NRqHNnU\" frameborder=\"0\" marginwidth=\"0\" marginheight=\"0\" scrolling=\"no\" class=\"wp-embedded-content\"><\/iframe><script type=\"text\/javascript\">\n\/* <![CDATA[ *\/\n\/*! This file is auto-generated *\/\n!function(d,l){\"use strict\";l.querySelector&&d.addEventListener&&\"undefined\"!=typeof URL&&(d.wp=d.wp||{},d.wp.receiveEmbedMessage||(d.wp.receiveEmbedMessage=function(e){var t=e.data;if((t||t.secret||t.message||t.value)&&!\/[^a-zA-Z0-9]\/.test(t.secret)){for(var s,r,n,a=l.querySelectorAll('iframe[data-secret=\"'+t.secret+'\"]'),o=l.querySelectorAll('blockquote[data-secret=\"'+t.secret+'\"]'),c=new RegExp(\"^https?:$\",\"i\"),i=0;i<o.length;i++)o[i].style.display=\"none\";for(i=0;i<a.length;i++)s=a[i],e.source===s.contentWindow&&(s.removeAttribute(\"style\"),\"height\"===t.message?(1e3<(r=parseInt(t.value,10))?r=1e3:~~r<200&&(r=200),s.height=r):\"link\"===t.message&&(r=new URL(s.getAttribute(\"src\")),n=new URL(t.value),c.test(n.protocol))&&n.host===r.host&&l.activeElement===s&&(d.top.location.href=t.value))}},d.addEventListener(\"message\",d.wp.receiveEmbedMessage,!1),l.addEventListener(\"DOMContentLoaded\",function(){for(var e,t,s=l.querySelectorAll(\"iframe.wp-embedded-content\"),r=0;r<s.length;r++)(t=(e=s[r]).getAttribute(\"data-secret\"))||(t=Math.random().toString(36).substring(2,12),e.src+=\"#?secret=\"+t,e.setAttribute(\"data-secret\",t)),e.contentWindow.postMessage({message:\"ready\",secret:t},\"*\")},!1)))}(window,document);\n\/\/# sourceURL=https:\/\/www.steveelkas.com\/wp-includes\/js\/wp-embed.min.js\n\/* ]]> *\/\n<\/script>\n","thumbnail_url":"https:\/\/www.steveelkas.com\/wp-content\/uploads\/2025\/03\/Roger-Dussault.jpg","thumbnail_width":1080,"thumbnail_height":1573,"description":"Au CHUS-H\u00f4tel-Dieu de Sherbrooke, le 1er mars 2025, \u00e0 l\u2019\u00e2ge de 93 ans, est d\u00e9c\u00e9d\u00e9 M. Roger Dussault, \u00e9poux de Mme Sylvia Davignon. Il \u00e9tait le fils de feu Z\u00e9ph\u00e9rin Dussault et de feu Mme M\u00e9rilda Bois. Outre son \u00e9pouse, il laisse dans le deuil ses enfants\u00a0: feu Alain, Yves (Caroline), Jocelyn (Guylaine), Christian et [&hellip;]"}

Au CHUS-Hôtel-Dieu de Sherbrooke, le 1er mars 2025, à l’âge de 93 ans, est décédé M. Roger Dussault, époux de Mme Sylvia Davignon. Il était le fils de feu Zéphérin Dussault et de feu Mme Mérilda Bois. Outre son épouse, il laisse dans le deuil ses enfants : feu Alain, Yves (Caroline), Jocelyn (Guylaine), Christian et [&hellip;]
