{"version":"1.0","provider_name":"Steve L. Elkas Funeral Home","provider_url":"https:\/\/www.steveelkas.com\/en\/","title":"M. Ronald Fortier &#8212; Steve L. Elkas Funeral Home","type":"rich","width":600,"height":338,"html":"<blockquote class=\"wp-embedded-content\" data-secret=\"De4p2kMfRJ\"><a href=\"https:\/\/www.steveelkas.com\/en\/obituaries\/m-ronald-fortier\/\">M. Ronald Fortier<\/a><\/blockquote><iframe sandbox=\"allow-scripts\" security=\"restricted\" src=\"https:\/\/www.steveelkas.com\/en\/obituaries\/m-ronald-fortier\/embed\/#?secret=De4p2kMfRJ\" width=\"600\" height=\"338\" title=\"&#8220;M. Ronald Fortier&#8221; &#8212; Steve L. Elkas Funeral Home\" data-secret=\"De4p2kMfRJ\" frameborder=\"0\" marginwidth=\"0\" marginheight=\"0\" scrolling=\"no\" class=\"wp-embedded-content\"><\/iframe><script type=\"text\/javascript\">\n\/* <![CDATA[ *\/\n\/*! This file is auto-generated *\/\n!function(d,l){\"use strict\";l.querySelector&&d.addEventListener&&\"undefined\"!=typeof URL&&(d.wp=d.wp||{},d.wp.receiveEmbedMessage||(d.wp.receiveEmbedMessage=function(e){var t=e.data;if((t||t.secret||t.message||t.value)&&!\/[^a-zA-Z0-9]\/.test(t.secret)){for(var s,r,n,a=l.querySelectorAll('iframe[data-secret=\"'+t.secret+'\"]'),o=l.querySelectorAll('blockquote[data-secret=\"'+t.secret+'\"]'),c=new RegExp(\"^https?:$\",\"i\"),i=0;i<o.length;i++)o[i].style.display=\"none\";for(i=0;i<a.length;i++)s=a[i],e.source===s.contentWindow&&(s.removeAttribute(\"style\"),\"height\"===t.message?(1e3<(r=parseInt(t.value,10))?r=1e3:~~r<200&&(r=200),s.height=r):\"link\"===t.message&&(r=new URL(s.getAttribute(\"src\")),n=new URL(t.value),c.test(n.protocol))&&n.host===r.host&&l.activeElement===s&&(d.top.location.href=t.value))}},d.addEventListener(\"message\",d.wp.receiveEmbedMessage,!1),l.addEventListener(\"DOMContentLoaded\",function(){for(var e,t,s=l.querySelectorAll(\"iframe.wp-embedded-content\"),r=0;r<s.length;r++)(t=(e=s[r]).getAttribute(\"data-secret\"))||(t=Math.random().toString(36).substring(2,12),e.src+=\"#?secret=\"+t,e.setAttribute(\"data-secret\",t)),e.contentWindow.postMessage({message:\"ready\",secret:t},\"*\")},!1)))}(window,document);\n\/\/# sourceURL=https:\/\/www.steveelkas.com\/wp-includes\/js\/wp-embed.min.js\n\/* ]]> *\/\n<\/script>\n","thumbnail_url":"https:\/\/www.steveelkas.com\/wp-content\/uploads\/2020\/09\/Ronald-Fortier.jpg","thumbnail_width":465,"thumbnail_height":640,"description":"C\u2019est avec une grande tristesse que nous vous annon\u00e7ons le d\u00e9c\u00e8s de Ronald Fortier, \u00e0 Magog, le 11 septembre 2020 \u00e0 l\u2019\u00e2ge de 89 ans. Il \u00e9tait l\u2019\u00e9poux de feu Janine Gagnon. Il laisse dans le deuil ses 5 filles : Lucie, Sylvie (Pierre Blais), Mireille (Gilles Rouleau), H\u00e9l\u00e8ne et Denise; ses 5 petits-enfants\u00a0: M\u00e9lie-Anne, [&hellip;]"}

C’est avec une grande tristesse que nous vous annonçons le décès de Ronald Fortier, à Magog, le 11 septembre 2020 à l’âge de 89 ans. Il était l’époux de feu Janine Gagnon. Il laisse dans le deuil ses 5 filles : Lucie, Sylvie (Pierre Blais), Mireille (Gilles Rouleau), Hélène et Denise; ses 5 petits-enfants : Mélie-Anne, [&hellip;]
