{"version":"1.0","provider_name":"Steve L. Elkas Funeral Home","provider_url":"https:\/\/www.steveelkas.com\/en\/","title":"M. St\u00e9phane Labrecque &#8212; Steve L. Elkas Funeral Home","type":"rich","width":600,"height":338,"html":"<blockquote class=\"wp-embedded-content\" data-secret=\"oLqSwzCA13\"><a href=\"https:\/\/www.steveelkas.com\/en\/obituaries\/m-stephane-labrecque\/\">M. St\u00e9phane Labrecque<\/a><\/blockquote><iframe sandbox=\"allow-scripts\" security=\"restricted\" src=\"https:\/\/www.steveelkas.com\/en\/obituaries\/m-stephane-labrecque\/embed\/#?secret=oLqSwzCA13\" width=\"600\" height=\"338\" title=\"&#8220;M. St\u00e9phane Labrecque&#8221; &#8212; Steve L. Elkas Funeral Home\" data-secret=\"oLqSwzCA13\" frameborder=\"0\" marginwidth=\"0\" marginheight=\"0\" scrolling=\"no\" class=\"wp-embedded-content\"><\/iframe><script type=\"text\/javascript\">\n\/* <![CDATA[ *\/\n\/*! This file is auto-generated *\/\n!function(d,l){\"use strict\";l.querySelector&&d.addEventListener&&\"undefined\"!=typeof URL&&(d.wp=d.wp||{},d.wp.receiveEmbedMessage||(d.wp.receiveEmbedMessage=function(e){var t=e.data;if((t||t.secret||t.message||t.value)&&!\/[^a-zA-Z0-9]\/.test(t.secret)){for(var s,r,n,a=l.querySelectorAll('iframe[data-secret=\"'+t.secret+'\"]'),o=l.querySelectorAll('blockquote[data-secret=\"'+t.secret+'\"]'),c=new RegExp(\"^https?:$\",\"i\"),i=0;i<o.length;i++)o[i].style.display=\"none\";for(i=0;i<a.length;i++)s=a[i],e.source===s.contentWindow&&(s.removeAttribute(\"style\"),\"height\"===t.message?(1e3<(r=parseInt(t.value,10))?r=1e3:~~r<200&&(r=200),s.height=r):\"link\"===t.message&&(r=new URL(s.getAttribute(\"src\")),n=new URL(t.value),c.test(n.protocol))&&n.host===r.host&&l.activeElement===s&&(d.top.location.href=t.value))}},d.addEventListener(\"message\",d.wp.receiveEmbedMessage,!1),l.addEventListener(\"DOMContentLoaded\",function(){for(var e,t,s=l.querySelectorAll(\"iframe.wp-embedded-content\"),r=0;r<s.length;r++)(t=(e=s[r]).getAttribute(\"data-secret\"))||(t=Math.random().toString(36).substring(2,12),e.src+=\"#?secret=\"+t,e.setAttribute(\"data-secret\",t)),e.contentWindow.postMessage({message:\"ready\",secret:t},\"*\")},!1)))}(window,document);\n\/\/# sourceURL=https:\/\/www.steveelkas.com\/wp-includes\/js\/wp-embed.min.js\n\/* ]]> *\/\n<\/script>\n","thumbnail_url":"https:\/\/www.steveelkas.com\/wp-content\/uploads\/2020\/10\/Stephane-Labrecque.jpg","thumbnail_width":432,"thumbnail_height":432,"description":"Le 30 septembre 2020 au C.H.U.S-Fleurimont, entour\u00e9 des siens, est d\u00e9c\u00e9d\u00e9 monsieur St\u00e9phane Labrecque \u00e0 l\u2019\u00e2ge de 48 ans. Il \u00e9tait le fils de Madeleine Sinotte et de feu Donald Labrecque. Outre sa m\u00e8re, il laisse dans le deuil sa s\u0153ur Sophie (Martin Pr\u00e9vost), ses enfants : Jimmy et Sarah-Maude, son petit-fils Thomas, son ami [&hellip;]"}

M. Stéphane Labrecque &#8212; Steve L. Elkas Funeral Home

<blockquote class="wp-embedded-content" data-secret="oLqSwzCA13"><a href="https://www.steveelkas.com/en/obituaries/m-stephane-labrecque/">M. Stéphane Labrecque</a></blockquote><iframe sandbox="allow-scripts" security="restricted" src="https://www.steveelkas.com/en/obituaries/m-stephane-labrecque/embed/#?secret=oLqSwzCA13" width="600" height="338" title="&#8220;M. Stéphane Labrecque&#8221; &#8212; Steve L. Elkas Funeral Home" data-secret="oLqSwzCA13" frameborder="0" marginwidth="0" marginheight="0" scrolling="no" class="wp-embedded-content"></iframe><script type="text/javascript">
/* <![CDATA[ */
/*! This file is auto-generated */
!function(d,l){"use strict";l.querySelector&&d.addEventListener&&"undefined"!=typeof URL&&(d.wp=d.wp||{},d.wp.receiveEmbedMessage||(d.wp.receiveEmbedMessage=function(e){var t=e.data;if((t||t.secret||t.message||t.value)&&!/[^a-zA-Z0-9]/.test(t.secret)){for(var s,r,n,a=l.querySelectorAll('iframe[data-secret="'+t.secret+'"]'),o=l.querySelectorAll('blockquote[data-secret="'+t.secret+'"]'),c=new RegExp("^https?:$","i"),i=0;i<o.length;i++)o[i].style.display="none";for(i=0;i<a.length;i++)s=a[i],e.source===s.contentWindow&&(s.removeAttribute("style"),"height"===t.message?(1e3<(r=parseInt(t.value,10))?r=1e3:~~r<200&&(r=200),s.height=r):"link"===t.message&&(r=new URL(s.getAttribute("src")),n=new URL(t.value),c.test(n.protocol))&&n.host===r.host&&l.activeElement===s&&(d.top.location.href=t.value))}},d.addEventListener("message",d.wp.receiveEmbedMessage,!1),l.addEventListener("DOMContentLoaded",function(){for(var e,t,s=l.querySelectorAll("iframe.wp-embedded-content"),r=0;r<s.length;r++)(t=(e=s[r]).getAttribute("data-secret"))||(t=Math.random().toString(36).substring(2,12),e.src+="#?secret="+t,e.setAttribute("data-secret",t)),e.contentWindow.postMessage({message:"ready",secret:t},"*")},!1)))}(window,document);
//# sourceURL=https://www.steveelkas.com/wp-includes/js/wp-embed.min.js
/* ]]> */
</script>

Le 30 septembre 2020 au C.H.U.S-Fleurimont, entouré des siens, est décédé monsieur Stéphane Labrecque à l’âge de 48 ans. Il était le fils de Madeleine Sinotte et de feu Donald Labrecque. Outre sa mère, il laisse dans le deuil sa sœur Sophie (Martin Prévost), ses enfants : Jimmy et Sarah-Maude, son petit-fils Thomas, son ami [&hellip;]
