{"version":"1.0","provider_name":"Steve L. Elkas Funeral Home","provider_url":"https:\/\/www.steveelkas.com\/en\/","title":"M. Sylvio Delisle &#8212; Steve L. Elkas Funeral Home","type":"rich","width":600,"height":338,"html":"<blockquote class=\"wp-embedded-content\" data-secret=\"RXeFtSfVVq\"><a href=\"https:\/\/www.steveelkas.com\/en\/obituaries\/m-sylvio-delisle\/\">M. Sylvio Delisle<\/a><\/blockquote><iframe sandbox=\"allow-scripts\" security=\"restricted\" src=\"https:\/\/www.steveelkas.com\/en\/obituaries\/m-sylvio-delisle\/embed\/#?secret=RXeFtSfVVq\" width=\"600\" height=\"338\" title=\"&#8220;M. Sylvio Delisle&#8221; &#8212; Steve L. Elkas Funeral Home\" data-secret=\"RXeFtSfVVq\" frameborder=\"0\" marginwidth=\"0\" marginheight=\"0\" scrolling=\"no\" class=\"wp-embedded-content\"><\/iframe><script type=\"text\/javascript\">\n\/* <![CDATA[ *\/\n\/*! This file is auto-generated *\/\n!function(d,l){\"use strict\";l.querySelector&&d.addEventListener&&\"undefined\"!=typeof URL&&(d.wp=d.wp||{},d.wp.receiveEmbedMessage||(d.wp.receiveEmbedMessage=function(e){var t=e.data;if((t||t.secret||t.message||t.value)&&!\/[^a-zA-Z0-9]\/.test(t.secret)){for(var s,r,n,a=l.querySelectorAll('iframe[data-secret=\"'+t.secret+'\"]'),o=l.querySelectorAll('blockquote[data-secret=\"'+t.secret+'\"]'),c=new RegExp(\"^https?:$\",\"i\"),i=0;i<o.length;i++)o[i].style.display=\"none\";for(i=0;i<a.length;i++)s=a[i],e.source===s.contentWindow&&(s.removeAttribute(\"style\"),\"height\"===t.message?(1e3<(r=parseInt(t.value,10))?r=1e3:~~r<200&&(r=200),s.height=r):\"link\"===t.message&&(r=new URL(s.getAttribute(\"src\")),n=new URL(t.value),c.test(n.protocol))&&n.host===r.host&&l.activeElement===s&&(d.top.location.href=t.value))}},d.addEventListener(\"message\",d.wp.receiveEmbedMessage,!1),l.addEventListener(\"DOMContentLoaded\",function(){for(var e,t,s=l.querySelectorAll(\"iframe.wp-embedded-content\"),r=0;r<s.length;r++)(t=(e=s[r]).getAttribute(\"data-secret\"))||(t=Math.random().toString(36).substring(2,12),e.src+=\"#?secret=\"+t,e.setAttribute(\"data-secret\",t)),e.contentWindow.postMessage({message:\"ready\",secret:t},\"*\")},!1)))}(window,document);\n\/\/# sourceURL=https:\/\/www.steveelkas.com\/wp-includes\/js\/wp-embed.min.js\n\/* ]]> *\/\n<\/script>\n","thumbnail_url":"https:\/\/www.steveelkas.com\/wp-content\/uploads\/2023\/03\/Sylvio-Delisle-002.jpg","thumbnail_width":1623,"thumbnail_height":1858,"description":"&nbsp; Le 8 mars 2023 au CHUS Fleurimont est d\u00e9c\u00e9d\u00e9 Sylvio Delisle, fils de feu Estelle Simard et feu William Delisle, \u00e9poux de feu Michelle Vigneux. Il \u00e9tait l\u2019ami de c\u0153ur de C\u00e9cile Breton. Il laisse dans le deuil ses filles Sylvie (Jean Gagnon) et Marie-Line (Cl\u00e9ment Beno\u00eet), ses petites-filles Laurianne (Emmanuel Pomerleau) et Camille [&hellip;]"}

&nbsp; Le 8 mars 2023 au CHUS Fleurimont est décédé Sylvio Delisle, fils de feu Estelle Simard et feu William Delisle, époux de feu Michelle Vigneux. Il était l’ami de cœur de Cécile Breton. Il laisse dans le deuil ses filles Sylvie (Jean Gagnon) et Marie-Line (Clément Benoît), ses petites-filles Laurianne (Emmanuel Pomerleau) et Camille [&hellip;]
