{"version":"1.0","provider_name":"Steve L. Elkas Funeral Home","provider_url":"https:\/\/www.steveelkas.com\/en\/","title":"M. Ulric Lacasse &#8212; Steve L. Elkas Funeral Home","type":"rich","width":600,"height":338,"html":"<blockquote class=\"wp-embedded-content\" data-secret=\"VGoCj7pdkY\"><a href=\"https:\/\/www.steveelkas.com\/en\/obituaries\/m-ulric-lacasse\/\">M. Ulric Lacasse<\/a><\/blockquote><iframe sandbox=\"allow-scripts\" security=\"restricted\" src=\"https:\/\/www.steveelkas.com\/en\/obituaries\/m-ulric-lacasse\/embed\/#?secret=VGoCj7pdkY\" width=\"600\" height=\"338\" title=\"&#8220;M. Ulric Lacasse&#8221; &#8212; Steve L. Elkas Funeral Home\" data-secret=\"VGoCj7pdkY\" frameborder=\"0\" marginwidth=\"0\" marginheight=\"0\" scrolling=\"no\" class=\"wp-embedded-content\"><\/iframe><script type=\"text\/javascript\">\n\/* <![CDATA[ *\/\n\/*! This file is auto-generated *\/\n!function(d,l){\"use strict\";l.querySelector&&d.addEventListener&&\"undefined\"!=typeof URL&&(d.wp=d.wp||{},d.wp.receiveEmbedMessage||(d.wp.receiveEmbedMessage=function(e){var t=e.data;if((t||t.secret||t.message||t.value)&&!\/[^a-zA-Z0-9]\/.test(t.secret)){for(var s,r,n,a=l.querySelectorAll('iframe[data-secret=\"'+t.secret+'\"]'),o=l.querySelectorAll('blockquote[data-secret=\"'+t.secret+'\"]'),c=new RegExp(\"^https?:$\",\"i\"),i=0;i<o.length;i++)o[i].style.display=\"none\";for(i=0;i<a.length;i++)s=a[i],e.source===s.contentWindow&&(s.removeAttribute(\"style\"),\"height\"===t.message?(1e3<(r=parseInt(t.value,10))?r=1e3:~~r<200&&(r=200),s.height=r):\"link\"===t.message&&(r=new URL(s.getAttribute(\"src\")),n=new URL(t.value),c.test(n.protocol))&&n.host===r.host&&l.activeElement===s&&(d.top.location.href=t.value))}},d.addEventListener(\"message\",d.wp.receiveEmbedMessage,!1),l.addEventListener(\"DOMContentLoaded\",function(){for(var e,t,s=l.querySelectorAll(\"iframe.wp-embedded-content\"),r=0;r<s.length;r++)(t=(e=s[r]).getAttribute(\"data-secret\"))||(t=Math.random().toString(36).substring(2,12),e.src+=\"#?secret=\"+t,e.setAttribute(\"data-secret\",t)),e.contentWindow.postMessage({message:\"ready\",secret:t},\"*\")},!1)))}(window,document);\n\/\/# sourceURL=https:\/\/www.steveelkas.com\/wp-includes\/js\/wp-embed.min.js\n\/* ]]> *\/\n<\/script>\n","thumbnail_url":"https:\/\/www.steveelkas.com\/wp-content\/uploads\/2023\/03\/Ulric-Lacasse-2.jpg","thumbnail_width":480,"thumbnail_height":603,"description":"M. Ulric Lacasse\u00a0 \u00a0 ( 1932 \u2013 2023 ) Au CHUS-H\u00f4tel-Dieu de Sherbrooke, le 28 f\u00e9vrier 2023, \u00e0 l\u2019\u00e2ge de 90 ans s\u2019est \u00e9teint monsieur Ulric Lacasse \u00e9poux bien aim\u00e9 de madame Rachel Bolduc. Il \u00e9tait le fils de feu T\u00e9lesphore Lacasse et de feu Gertrude Raiche Outre son \u00e9pouse, il laisse dans le deuil [&hellip;]"}

M. Ulric Lacasse    ( 1932 – 2023 ) Au CHUS-Hôtel-Dieu de Sherbrooke, le 28 février 2023, à l’âge de 90 ans s’est éteint monsieur Ulric Lacasse époux bien aimé de madame Rachel Bolduc. Il était le fils de feu Télesphore Lacasse et de feu Gertrude Raiche Outre son épouse, il laisse dans le deuil [&hellip;]
