{"version":"1.0","provider_name":"Steve L. Elkas Funeral Home","provider_url":"https:\/\/www.steveelkas.com\/en\/","title":"M. Wilfrid Pomerleau &#8212; Steve L. Elkas Funeral Home","type":"rich","width":600,"height":338,"html":"<blockquote class=\"wp-embedded-content\" data-secret=\"YCH2CRcEIc\"><a href=\"https:\/\/www.steveelkas.com\/en\/obituaries\/m-wilfrid-pomerleau\/\">M. Wilfrid Pomerleau<\/a><\/blockquote><iframe sandbox=\"allow-scripts\" security=\"restricted\" src=\"https:\/\/www.steveelkas.com\/en\/obituaries\/m-wilfrid-pomerleau\/embed\/#?secret=YCH2CRcEIc\" width=\"600\" height=\"338\" title=\"&#8220;M. Wilfrid Pomerleau&#8221; &#8212; Steve L. Elkas Funeral Home\" data-secret=\"YCH2CRcEIc\" frameborder=\"0\" marginwidth=\"0\" marginheight=\"0\" scrolling=\"no\" class=\"wp-embedded-content\"><\/iframe><script type=\"text\/javascript\">\n\/* <![CDATA[ *\/\n\/*! This file is auto-generated *\/\n!function(d,l){\"use strict\";l.querySelector&&d.addEventListener&&\"undefined\"!=typeof URL&&(d.wp=d.wp||{},d.wp.receiveEmbedMessage||(d.wp.receiveEmbedMessage=function(e){var t=e.data;if((t||t.secret||t.message||t.value)&&!\/[^a-zA-Z0-9]\/.test(t.secret)){for(var s,r,n,a=l.querySelectorAll('iframe[data-secret=\"'+t.secret+'\"]'),o=l.querySelectorAll('blockquote[data-secret=\"'+t.secret+'\"]'),c=new RegExp(\"^https?:$\",\"i\"),i=0;i<o.length;i++)o[i].style.display=\"none\";for(i=0;i<a.length;i++)s=a[i],e.source===s.contentWindow&&(s.removeAttribute(\"style\"),\"height\"===t.message?(1e3<(r=parseInt(t.value,10))?r=1e3:~~r<200&&(r=200),s.height=r):\"link\"===t.message&&(r=new URL(s.getAttribute(\"src\")),n=new URL(t.value),c.test(n.protocol))&&n.host===r.host&&l.activeElement===s&&(d.top.location.href=t.value))}},d.addEventListener(\"message\",d.wp.receiveEmbedMessage,!1),l.addEventListener(\"DOMContentLoaded\",function(){for(var e,t,s=l.querySelectorAll(\"iframe.wp-embedded-content\"),r=0;r<s.length;r++)(t=(e=s[r]).getAttribute(\"data-secret\"))||(t=Math.random().toString(36).substring(2,12),e.src+=\"#?secret=\"+t,e.setAttribute(\"data-secret\",t)),e.contentWindow.postMessage({message:\"ready\",secret:t},\"*\")},!1)))}(window,document);\n\/\/# sourceURL=https:\/\/www.steveelkas.com\/wp-includes\/js\/wp-embed.min.js\n\/* ]]> *\/\n<\/script>\n","thumbnail_url":"https:\/\/www.steveelkas.com\/wp-content\/uploads\/2022\/09\/Wilfrid-Pomerleau.jpg","thumbnail_width":1501,"thumbnail_height":1126,"description":"M.\u00a0 Wilfrid Pomerleau\u00a0 \u00a0 (1919 &#8211; 2022 ) Au CHUS H\u00f4tel-Dieu de Sherbrooke, le 26 septembre 2022, \u00e0 l&#8217;\u00e2ge de 103 ans, est d\u00e9c\u00e9d\u00e9 M. Wilfrid Pomerleau, \u00e9poux de feu C\u00e9cile Bellerose. Il demeurait \u00e0 Sherbrooke. La famille recevra les condol\u00e9ances \u00e0 la R\u00e9sidence fun\u00e9raire Steve Elkas (601, rue du Conseil, Sherbrooke) le vendredi 7 [&hellip;]"}

M.  Wilfrid Pomerleau    (1919 &#8211; 2022 ) Au CHUS Hôtel-Dieu de Sherbrooke, le 26 septembre 2022, à l&#8217;âge de 103 ans, est décédé M. Wilfrid Pomerleau, époux de feu Cécile Bellerose. Il demeurait à Sherbrooke. La famille recevra les condoléances à la Résidence funéraire Steve Elkas (601, rue du Conseil, Sherbrooke) le vendredi 7 [&hellip;]
