{"version":"1.0","provider_name":"Steve L. Elkas Funeral Home","provider_url":"https:\/\/www.steveelkas.com\/en\/","title":"M. Yvon Thibodeau &#8212; Steve L. Elkas Funeral Home","type":"rich","width":600,"height":338,"html":"<blockquote class=\"wp-embedded-content\" data-secret=\"XO0LWHwSle\"><a href=\"https:\/\/www.steveelkas.com\/en\/obituaries\/m-yvon-thibodeau\/\">M. Yvon Thibodeau<\/a><\/blockquote><iframe sandbox=\"allow-scripts\" security=\"restricted\" src=\"https:\/\/www.steveelkas.com\/en\/obituaries\/m-yvon-thibodeau\/embed\/#?secret=XO0LWHwSle\" width=\"600\" height=\"338\" title=\"&#8220;M. Yvon Thibodeau&#8221; &#8212; Steve L. Elkas Funeral Home\" data-secret=\"XO0LWHwSle\" frameborder=\"0\" marginwidth=\"0\" marginheight=\"0\" scrolling=\"no\" class=\"wp-embedded-content\"><\/iframe><script type=\"text\/javascript\">\n\/* <![CDATA[ *\/\n\/*! This file is auto-generated *\/\n!function(d,l){\"use strict\";l.querySelector&&d.addEventListener&&\"undefined\"!=typeof URL&&(d.wp=d.wp||{},d.wp.receiveEmbedMessage||(d.wp.receiveEmbedMessage=function(e){var t=e.data;if((t||t.secret||t.message||t.value)&&!\/[^a-zA-Z0-9]\/.test(t.secret)){for(var s,r,n,a=l.querySelectorAll('iframe[data-secret=\"'+t.secret+'\"]'),o=l.querySelectorAll('blockquote[data-secret=\"'+t.secret+'\"]'),c=new RegExp(\"^https?:$\",\"i\"),i=0;i<o.length;i++)o[i].style.display=\"none\";for(i=0;i<a.length;i++)s=a[i],e.source===s.contentWindow&&(s.removeAttribute(\"style\"),\"height\"===t.message?(1e3<(r=parseInt(t.value,10))?r=1e3:~~r<200&&(r=200),s.height=r):\"link\"===t.message&&(r=new URL(s.getAttribute(\"src\")),n=new URL(t.value),c.test(n.protocol))&&n.host===r.host&&l.activeElement===s&&(d.top.location.href=t.value))}},d.addEventListener(\"message\",d.wp.receiveEmbedMessage,!1),l.addEventListener(\"DOMContentLoaded\",function(){for(var e,t,s=l.querySelectorAll(\"iframe.wp-embedded-content\"),r=0;r<s.length;r++)(t=(e=s[r]).getAttribute(\"data-secret\"))||(t=Math.random().toString(36).substring(2,12),e.src+=\"#?secret=\"+t,e.setAttribute(\"data-secret\",t)),e.contentWindow.postMessage({message:\"ready\",secret:t},\"*\")},!1)))}(window,document);\n\/\/# sourceURL=https:\/\/www.steveelkas.com\/wp-includes\/js\/wp-embed.min.js\n\/* ]]> *\/\n<\/script>\n","thumbnail_url":"https:\/\/www.steveelkas.com\/wp-content\/uploads\/2023\/05\/Yvon-Thibodeau-Avis-002.jpg","thumbnail_width":480,"thumbnail_height":560,"description":"1939-2023 Suite a un court s\u00e9jour hospitalier au CHUS Fleurimont au 6e C, est d\u00e9c\u00e9d\u00e9 aux soins palliatifs du CHUS H\u00f4tel-Dieu de Sherbrooke le 12 avril 2023 M. Yvon Thibodeau, il \u00e9tait le conjoint de C\u00e9line Constant depuis 35 ans et fils de feu Joseph Thibodeau et de feu Flora Cloutier. Il \u00e9tait le p\u00e8re [&hellip;]"}

1939-2023 Suite a un court séjour hospitalier au CHUS Fleurimont au 6e C, est décédé aux soins palliatifs du CHUS Hôtel-Dieu de Sherbrooke le 12 avril 2023 M. Yvon Thibodeau, il était le conjoint de Céline Constant depuis 35 ans et fils de feu Joseph Thibodeau et de feu Flora Cloutier. Il était le père [&hellip;]
