{"version":"1.0","provider_name":"Steve L. Elkas Funeral Home","provider_url":"https:\/\/www.steveelkas.com\/en\/","title":"Marcel Bergeron &#8212; Steve L. Elkas Funeral Home","type":"rich","width":600,"height":338,"html":"<blockquote class=\"wp-embedded-content\" data-secret=\"5cLoFsKd4J\"><a href=\"https:\/\/www.steveelkas.com\/en\/obituaries\/marcel-bergeron\/\">Marcel Bergeron<\/a><\/blockquote><iframe sandbox=\"allow-scripts\" security=\"restricted\" src=\"https:\/\/www.steveelkas.com\/en\/obituaries\/marcel-bergeron\/embed\/#?secret=5cLoFsKd4J\" width=\"600\" height=\"338\" title=\"&#8220;Marcel Bergeron&#8221; &#8212; Steve L. Elkas Funeral Home\" data-secret=\"5cLoFsKd4J\" frameborder=\"0\" marginwidth=\"0\" marginheight=\"0\" scrolling=\"no\" class=\"wp-embedded-content\"><\/iframe><script type=\"text\/javascript\">\n\/* <![CDATA[ *\/\n\/*! This file is auto-generated *\/\n!function(d,l){\"use strict\";l.querySelector&&d.addEventListener&&\"undefined\"!=typeof URL&&(d.wp=d.wp||{},d.wp.receiveEmbedMessage||(d.wp.receiveEmbedMessage=function(e){var t=e.data;if((t||t.secret||t.message||t.value)&&!\/[^a-zA-Z0-9]\/.test(t.secret)){for(var s,r,n,a=l.querySelectorAll('iframe[data-secret=\"'+t.secret+'\"]'),o=l.querySelectorAll('blockquote[data-secret=\"'+t.secret+'\"]'),c=new RegExp(\"^https?:$\",\"i\"),i=0;i<o.length;i++)o[i].style.display=\"none\";for(i=0;i<a.length;i++)s=a[i],e.source===s.contentWindow&&(s.removeAttribute(\"style\"),\"height\"===t.message?(1e3<(r=parseInt(t.value,10))?r=1e3:~~r<200&&(r=200),s.height=r):\"link\"===t.message&&(r=new URL(s.getAttribute(\"src\")),n=new URL(t.value),c.test(n.protocol))&&n.host===r.host&&l.activeElement===s&&(d.top.location.href=t.value))}},d.addEventListener(\"message\",d.wp.receiveEmbedMessage,!1),l.addEventListener(\"DOMContentLoaded\",function(){for(var e,t,s=l.querySelectorAll(\"iframe.wp-embedded-content\"),r=0;r<s.length;r++)(t=(e=s[r]).getAttribute(\"data-secret\"))||(t=Math.random().toString(36).substring(2,12),e.src+=\"#?secret=\"+t,e.setAttribute(\"data-secret\",t)),e.contentWindow.postMessage({message:\"ready\",secret:t},\"*\")},!1)))}(window,document);\n\/\/# sourceURL=https:\/\/www.steveelkas.com\/wp-includes\/js\/wp-embed.min.js\n\/* ]]> *\/\n<\/script>\n","thumbnail_url":"https:\/\/www.steveelkas.com\/wp-content\/uploads\/2023\/01\/Marcel-Bergeron215-scaled.jpg","thumbnail_width":1984,"thumbnail_height":2560,"description":"\u00c0 La Maison Aube-Lumi\u00e8re de Sherbrooke, le 28 d\u00e9cembre 2022 est d\u00e9c\u00e9d\u00e9 monsieur Marcel Bergeron \u00e0 l\u2019\u00e2ge de 81 ans. Il \u00e9tait le fils de feu Urbain Bergeron, feu Madeleine Morrissette et l\u2019\u00e9poux de madame Diane B\u00e9land. Outre son \u00e9pouse, il laisse dans le deuil ses enfants : Jean (Rena Bergeron), Michel, Brigitte (L\u00e9opold Rivet) [&hellip;]"}

À La Maison Aube-Lumière de Sherbrooke, le 28 décembre 2022 est décédé monsieur Marcel Bergeron à l’âge de 81 ans. Il était le fils de feu Urbain Bergeron, feu Madeleine Morrissette et l’époux de madame Diane Béland. Outre son épouse, il laisse dans le deuil ses enfants : Jean (Rena Bergeron), Michel, Brigitte (Léopold Rivet) [&hellip;]
