{"version":"1.0","provider_name":"Steve L. Elkas Funeral Home","provider_url":"https:\/\/www.steveelkas.com\/en\/","title":"Marcel Bourassa &#8212; Steve L. Elkas Funeral Home","type":"rich","width":600,"height":338,"html":"<blockquote class=\"wp-embedded-content\" data-secret=\"LWsHcR0WrC\"><a href=\"https:\/\/www.steveelkas.com\/en\/obituaries\/marcel-bourassa\/\">Marcel Bourassa<\/a><\/blockquote><iframe sandbox=\"allow-scripts\" security=\"restricted\" src=\"https:\/\/www.steveelkas.com\/en\/obituaries\/marcel-bourassa\/embed\/#?secret=LWsHcR0WrC\" width=\"600\" height=\"338\" title=\"&#8220;Marcel Bourassa&#8221; &#8212; Steve L. Elkas Funeral Home\" data-secret=\"LWsHcR0WrC\" frameborder=\"0\" marginwidth=\"0\" marginheight=\"0\" scrolling=\"no\" class=\"wp-embedded-content\"><\/iframe><script type=\"text\/javascript\">\n\/* <![CDATA[ *\/\n\/*! This file is auto-generated *\/\n!function(d,l){\"use strict\";l.querySelector&&d.addEventListener&&\"undefined\"!=typeof URL&&(d.wp=d.wp||{},d.wp.receiveEmbedMessage||(d.wp.receiveEmbedMessage=function(e){var t=e.data;if((t||t.secret||t.message||t.value)&&!\/[^a-zA-Z0-9]\/.test(t.secret)){for(var s,r,n,a=l.querySelectorAll('iframe[data-secret=\"'+t.secret+'\"]'),o=l.querySelectorAll('blockquote[data-secret=\"'+t.secret+'\"]'),c=new RegExp(\"^https?:$\",\"i\"),i=0;i<o.length;i++)o[i].style.display=\"none\";for(i=0;i<a.length;i++)s=a[i],e.source===s.contentWindow&&(s.removeAttribute(\"style\"),\"height\"===t.message?(1e3<(r=parseInt(t.value,10))?r=1e3:~~r<200&&(r=200),s.height=r):\"link\"===t.message&&(r=new URL(s.getAttribute(\"src\")),n=new URL(t.value),c.test(n.protocol))&&n.host===r.host&&l.activeElement===s&&(d.top.location.href=t.value))}},d.addEventListener(\"message\",d.wp.receiveEmbedMessage,!1),l.addEventListener(\"DOMContentLoaded\",function(){for(var e,t,s=l.querySelectorAll(\"iframe.wp-embedded-content\"),r=0;r<s.length;r++)(t=(e=s[r]).getAttribute(\"data-secret\"))||(t=Math.random().toString(36).substring(2,12),e.src+=\"#?secret=\"+t,e.setAttribute(\"data-secret\",t)),e.contentWindow.postMessage({message:\"ready\",secret:t},\"*\")},!1)))}(window,document);\n\/\/# sourceURL=https:\/\/www.steveelkas.com\/wp-includes\/js\/wp-embed.min.js\n\/* ]]> *\/\n<\/script>\n","thumbnail_url":"https:\/\/www.steveelkas.com\/wp-content\/uploads\/2023\/11\/Marcel-Bourassa-1.jpg","thumbnail_width":260,"thumbnail_height":368,"description":"1935 &#8211; 2023 C\u2019est avec une grande tristesse que nous vous annon\u00e7ons le d\u00e9c\u00e8s de monsieur Marcel Bourassa d\u00e9c\u00e9d\u00e9 le 6 novembre 2023 \u00e0 l\u2019\u00e2ge de 88 ans. Il \u00e9tait l\u2019\u00e9poux des 49 derni\u00e8res ann\u00e9es de madame Monique Auger. Outre son \u00e9pouse, monsieur Bourassa laisse dans le deuil ses fils Dominique (Marie-Jos\u00e9e) et Jean-Philippe (Sophie); [&hellip;]"}

1935 &#8211; 2023 C’est avec une grande tristesse que nous vous annonçons le décès de monsieur Marcel Bourassa décédé le 6 novembre 2023 à l’âge de 88 ans. Il était l’époux des 49 dernières années de madame Monique Auger. Outre son épouse, monsieur Bourassa laisse dans le deuil ses fils Dominique (Marie-Josée) et Jean-Philippe (Sophie); [&hellip;]
