{"version":"1.0","provider_name":"Steve L. Elkas Funeral Home","provider_url":"https:\/\/www.steveelkas.com\/en\/","title":"MARQUIS BOLDUC - SHERBROOKE - Avis de d\u00e9c\u00e8s &#8212; Steve L. Elkas Funeral Home","type":"rich","width":600,"height":338,"html":"<blockquote class=\"wp-embedded-content\" data-secret=\"XUDhzvFqfX\"><a href=\"https:\/\/www.steveelkas.com\/en\/obituaries\/marquis-bolduc-sherbrooke-avis-de-deces\/\">MARQUIS BOLDUC &#8211; SHERBROOKE &#8211; Avis de d\u00e9c\u00e8s<\/a><\/blockquote><iframe sandbox=\"allow-scripts\" security=\"restricted\" src=\"https:\/\/www.steveelkas.com\/en\/obituaries\/marquis-bolduc-sherbrooke-avis-de-deces\/embed\/#?secret=XUDhzvFqfX\" width=\"600\" height=\"338\" title=\"&#8220;MARQUIS BOLDUC &#8211; SHERBROOKE &#8211; Avis de d\u00e9c\u00e8s&#8221; &#8212; Steve L. Elkas Funeral Home\" data-secret=\"XUDhzvFqfX\" frameborder=\"0\" marginwidth=\"0\" marginheight=\"0\" scrolling=\"no\" class=\"wp-embedded-content\"><\/iframe><script type=\"text\/javascript\">\n\/* <![CDATA[ *\/\n\/*! This file is auto-generated *\/\n!function(d,l){\"use strict\";l.querySelector&&d.addEventListener&&\"undefined\"!=typeof URL&&(d.wp=d.wp||{},d.wp.receiveEmbedMessage||(d.wp.receiveEmbedMessage=function(e){var t=e.data;if((t||t.secret||t.message||t.value)&&!\/[^a-zA-Z0-9]\/.test(t.secret)){for(var s,r,n,a=l.querySelectorAll('iframe[data-secret=\"'+t.secret+'\"]'),o=l.querySelectorAll('blockquote[data-secret=\"'+t.secret+'\"]'),c=new RegExp(\"^https?:$\",\"i\"),i=0;i<o.length;i++)o[i].style.display=\"none\";for(i=0;i<a.length;i++)s=a[i],e.source===s.contentWindow&&(s.removeAttribute(\"style\"),\"height\"===t.message?(1e3<(r=parseInt(t.value,10))?r=1e3:~~r<200&&(r=200),s.height=r):\"link\"===t.message&&(r=new URL(s.getAttribute(\"src\")),n=new URL(t.value),c.test(n.protocol))&&n.host===r.host&&l.activeElement===s&&(d.top.location.href=t.value))}},d.addEventListener(\"message\",d.wp.receiveEmbedMessage,!1),l.addEventListener(\"DOMContentLoaded\",function(){for(var e,t,s=l.querySelectorAll(\"iframe.wp-embedded-content\"),r=0;r<s.length;r++)(t=(e=s[r]).getAttribute(\"data-secret\"))||(t=Math.random().toString(36).substring(2,12),e.src+=\"#?secret=\"+t,e.setAttribute(\"data-secret\",t)),e.contentWindow.postMessage({message:\"ready\",secret:t},\"*\")},!1)))}(window,document);\n\/\/# sourceURL=https:\/\/www.steveelkas.com\/wp-includes\/js\/wp-embed.min.js\n\/* ]]> *\/\n<\/script>\n","thumbnail_url":"https:\/\/www.steveelkas.com\/wp-content\/uploads\/2018\/08\/marquis-bolduc-aout-2018.jpg","thumbnail_width":750,"thumbnail_height":1050,"description":"Au CHUS Fleurimont, entour\u00e9 de l\u2019amour des siens, le 14 ao\u00fbt 2018, \u00e0 l\u2019\u00e2ge de 70 ans, est d\u00e9c\u00e9d\u00e9 M. Marquis Bolduc, \u00e9poux de dame Madeleine Boily, fils de feu Florida Jacques et de feu Rom\u00e9o Bolduc. Il demeurait \u00e0 Sherbrooke. Outre son \u00e9pouse, M. Bolduc laisse dans le deuil ses enfants : Martine (S\u00e9bastien), [&hellip;]"}

MARQUIS BOLDUC - SHERBROOKE - Avis de décès &#8212; Steve L. Elkas Funeral Home

<blockquote class="wp-embedded-content" data-secret="XUDhzvFqfX"><a href="https://www.steveelkas.com/en/obituaries/marquis-bolduc-sherbrooke-avis-de-deces/">MARQUIS BOLDUC &#8211; SHERBROOKE &#8211; Avis de décès</a></blockquote><iframe sandbox="allow-scripts" security="restricted" src="https://www.steveelkas.com/en/obituaries/marquis-bolduc-sherbrooke-avis-de-deces/embed/#?secret=XUDhzvFqfX" width="600" height="338" title="&#8220;MARQUIS BOLDUC &#8211; SHERBROOKE &#8211; Avis de décès&#8221; &#8212; Steve L. Elkas Funeral Home" data-secret="XUDhzvFqfX" frameborder="0" marginwidth="0" marginheight="0" scrolling="no" class="wp-embedded-content"></iframe><script type="text/javascript">
/* <![CDATA[ */
/*! This file is auto-generated */
!function(d,l){"use strict";l.querySelector&&d.addEventListener&&"undefined"!=typeof URL&&(d.wp=d.wp||{},d.wp.receiveEmbedMessage||(d.wp.receiveEmbedMessage=function(e){var t=e.data;if((t||t.secret||t.message||t.value)&&!/[^a-zA-Z0-9]/.test(t.secret)){for(var s,r,n,a=l.querySelectorAll('iframe[data-secret="'+t.secret+'"]'),o=l.querySelectorAll('blockquote[data-secret="'+t.secret+'"]'),c=new RegExp("^https?:$","i"),i=0;i<o.length;i++)o[i].style.display="none";for(i=0;i<a.length;i++)s=a[i],e.source===s.contentWindow&&(s.removeAttribute("style"),"height"===t.message?(1e3<(r=parseInt(t.value,10))?r=1e3:~~r<200&&(r=200),s.height=r):"link"===t.message&&(r=new URL(s.getAttribute("src")),n=new URL(t.value),c.test(n.protocol))&&n.host===r.host&&l.activeElement===s&&(d.top.location.href=t.value))}},d.addEventListener("message",d.wp.receiveEmbedMessage,!1),l.addEventListener("DOMContentLoaded",function(){for(var e,t,s=l.querySelectorAll("iframe.wp-embedded-content"),r=0;r<s.length;r++)(t=(e=s[r]).getAttribute("data-secret"))||(t=Math.random().toString(36).substring(2,12),e.src+="#?secret="+t,e.setAttribute("data-secret",t)),e.contentWindow.postMessage({message:"ready",secret:t},"*")},!1)))}(window,document);
//# sourceURL=https://www.steveelkas.com/wp-includes/js/wp-embed.min.js
/* ]]> */
</script>

Au CHUS Fleurimont, entouré de l’amour des siens, le 14 août 2018, à l’âge de 70 ans, est décédé M. Marquis Bolduc, époux de dame Madeleine Boily, fils de feu Florida Jacques et de feu Roméo Bolduc. Il demeurait à Sherbrooke. Outre son épouse, M. Bolduc laisse dans le deuil ses enfants : Martine (Sébastien), [&hellip;]
