{"version":"1.0","provider_name":"Steve L. Elkas Funeral Home","provider_url":"https:\/\/www.steveelkas.com\/en\/","title":"Mme Aline Beaucaire &#8212; Steve L. Elkas Funeral Home","type":"rich","width":600,"height":338,"html":"<blockquote class=\"wp-embedded-content\" data-secret=\"6A7uuiyiLO\"><a href=\"https:\/\/www.steveelkas.com\/en\/obituaries\/mme-aline-beaucaire\/\">Mme Aline Beaucaire<\/a><\/blockquote><iframe sandbox=\"allow-scripts\" security=\"restricted\" src=\"https:\/\/www.steveelkas.com\/en\/obituaries\/mme-aline-beaucaire\/embed\/#?secret=6A7uuiyiLO\" width=\"600\" height=\"338\" title=\"&#8220;Mme Aline Beaucaire&#8221; &#8212; Steve L. Elkas Funeral Home\" data-secret=\"6A7uuiyiLO\" frameborder=\"0\" marginwidth=\"0\" marginheight=\"0\" scrolling=\"no\" class=\"wp-embedded-content\"><\/iframe><script type=\"text\/javascript\">\n\/* <![CDATA[ *\/\n\/*! This file is auto-generated *\/\n!function(d,l){\"use strict\";l.querySelector&&d.addEventListener&&\"undefined\"!=typeof URL&&(d.wp=d.wp||{},d.wp.receiveEmbedMessage||(d.wp.receiveEmbedMessage=function(e){var t=e.data;if((t||t.secret||t.message||t.value)&&!\/[^a-zA-Z0-9]\/.test(t.secret)){for(var s,r,n,a=l.querySelectorAll('iframe[data-secret=\"'+t.secret+'\"]'),o=l.querySelectorAll('blockquote[data-secret=\"'+t.secret+'\"]'),c=new RegExp(\"^https?:$\",\"i\"),i=0;i<o.length;i++)o[i].style.display=\"none\";for(i=0;i<a.length;i++)s=a[i],e.source===s.contentWindow&&(s.removeAttribute(\"style\"),\"height\"===t.message?(1e3<(r=parseInt(t.value,10))?r=1e3:~~r<200&&(r=200),s.height=r):\"link\"===t.message&&(r=new URL(s.getAttribute(\"src\")),n=new URL(t.value),c.test(n.protocol))&&n.host===r.host&&l.activeElement===s&&(d.top.location.href=t.value))}},d.addEventListener(\"message\",d.wp.receiveEmbedMessage,!1),l.addEventListener(\"DOMContentLoaded\",function(){for(var e,t,s=l.querySelectorAll(\"iframe.wp-embedded-content\"),r=0;r<s.length;r++)(t=(e=s[r]).getAttribute(\"data-secret\"))||(t=Math.random().toString(36).substring(2,12),e.src+=\"#?secret=\"+t,e.setAttribute(\"data-secret\",t)),e.contentWindow.postMessage({message:\"ready\",secret:t},\"*\")},!1)))}(window,document);\n\/\/# sourceURL=https:\/\/www.steveelkas.com\/wp-includes\/js\/wp-embed.min.js\n\/* ]]> *\/\n<\/script>\n","thumbnail_url":"https:\/\/www.steveelkas.com\/wp-content\/uploads\/2023\/04\/Photo-1-002.jpg","thumbnail_width":471,"thumbnail_height":525,"description":"1931 \u2013 2023 \u00c0 l\u2019h\u00f4tel-Dieu de Sherbrooke, le 21 avril 2023, s\u2019est \u00e9teinte madame Aline Beaucaire \u00e0 l\u2019\u00e2ge de 92 ans.\u00a0 Elle \u00e9tait la fille de feu Joseph Beaucaire et de feu Jos\u00e9phine Duval ainsi que l\u2019\u00e9pouse bien-aim\u00e9e de feu Andr\u00e9 Landry. Madame Beaucaire laisse dans le deuil ses enfants\u00a0: Louise (Sylvain Forgues) et Michel [&hellip;]"}

1931 – 2023 À l’hôtel-Dieu de Sherbrooke, le 21 avril 2023, s’est éteinte madame Aline Beaucaire à l’âge de 92 ans.  Elle était la fille de feu Joseph Beaucaire et de feu Joséphine Duval ainsi que l’épouse bien-aimée de feu André Landry. Madame Beaucaire laisse dans le deuil ses enfants : Louise (Sylvain Forgues) et Michel [&hellip;]
