{"version":"1.0","provider_name":"Steve L. Elkas Funeral Home","provider_url":"https:\/\/www.steveelkas.com\/en\/","title":"Mme Alma Lambert &#8212; Steve L. Elkas Funeral Home","type":"rich","width":600,"height":338,"html":"<blockquote class=\"wp-embedded-content\" data-secret=\"SFX66kyoun\"><a href=\"https:\/\/www.steveelkas.com\/en\/obituaries\/mme-alma-lambert\/\">Mme Alma Lambert<\/a><\/blockquote><iframe sandbox=\"allow-scripts\" security=\"restricted\" src=\"https:\/\/www.steveelkas.com\/en\/obituaries\/mme-alma-lambert\/embed\/#?secret=SFX66kyoun\" width=\"600\" height=\"338\" title=\"&#8220;Mme Alma Lambert&#8221; &#8212; Steve L. Elkas Funeral Home\" data-secret=\"SFX66kyoun\" frameborder=\"0\" marginwidth=\"0\" marginheight=\"0\" scrolling=\"no\" class=\"wp-embedded-content\"><\/iframe><script type=\"text\/javascript\">\n\/* <![CDATA[ *\/\n\/*! This file is auto-generated *\/\n!function(d,l){\"use strict\";l.querySelector&&d.addEventListener&&\"undefined\"!=typeof URL&&(d.wp=d.wp||{},d.wp.receiveEmbedMessage||(d.wp.receiveEmbedMessage=function(e){var t=e.data;if((t||t.secret||t.message||t.value)&&!\/[^a-zA-Z0-9]\/.test(t.secret)){for(var s,r,n,a=l.querySelectorAll('iframe[data-secret=\"'+t.secret+'\"]'),o=l.querySelectorAll('blockquote[data-secret=\"'+t.secret+'\"]'),c=new RegExp(\"^https?:$\",\"i\"),i=0;i<o.length;i++)o[i].style.display=\"none\";for(i=0;i<a.length;i++)s=a[i],e.source===s.contentWindow&&(s.removeAttribute(\"style\"),\"height\"===t.message?(1e3<(r=parseInt(t.value,10))?r=1e3:~~r<200&&(r=200),s.height=r):\"link\"===t.message&&(r=new URL(s.getAttribute(\"src\")),n=new URL(t.value),c.test(n.protocol))&&n.host===r.host&&l.activeElement===s&&(d.top.location.href=t.value))}},d.addEventListener(\"message\",d.wp.receiveEmbedMessage,!1),l.addEventListener(\"DOMContentLoaded\",function(){for(var e,t,s=l.querySelectorAll(\"iframe.wp-embedded-content\"),r=0;r<s.length;r++)(t=(e=s[r]).getAttribute(\"data-secret\"))||(t=Math.random().toString(36).substring(2,12),e.src+=\"#?secret=\"+t,e.setAttribute(\"data-secret\",t)),e.contentWindow.postMessage({message:\"ready\",secret:t},\"*\")},!1)))}(window,document);\n\/\/# sourceURL=https:\/\/www.steveelkas.com\/wp-includes\/js\/wp-embed.min.js\n\/* ]]> *\/\n<\/script>\n","thumbnail_url":"https:\/\/www.steveelkas.com\/wp-content\/uploads\/2023\/02\/Alma-Lambert-002.jpg","thumbnail_width":927,"thumbnail_height":923,"description":"\u00c0 Sherbrooke, le 3 f\u00e9vrier 2023, \u00e0 l\u2019\u00e2ge de 87 ans, est d\u00e9c\u00e9d\u00e9e Mme Alma Lambert. Elle \u00e9tait l\u2019\u00e9pouse de feu Fernand Turgeon et la fille de feu On\u00e9sime Lambert et de feu Maria Delage. Mme Lambert laisse dans le deuil 4 belles g\u00e9n\u00e9rations\u00a0: ses enfants\u00a0: Nicole (Jean Guy), Gilles (Jocelyne), Raymond (Jeanne), Suzanne, Albert [&hellip;]"}

À Sherbrooke, le 3 février 2023, à l’âge de 87 ans, est décédée Mme Alma Lambert. Elle était l’épouse de feu Fernand Turgeon et la fille de feu Onésime Lambert et de feu Maria Delage. Mme Lambert laisse dans le deuil 4 belles générations : ses enfants : Nicole (Jean Guy), Gilles (Jocelyne), Raymond (Jeanne), Suzanne, Albert [&hellip;]
