{"version":"1.0","provider_name":"Steve L. Elkas Funeral Home","provider_url":"https:\/\/www.steveelkas.com\/en\/","title":"Mme Carole Boucher &#8212; Steve L. Elkas Funeral Home","type":"rich","width":600,"height":338,"html":"<blockquote class=\"wp-embedded-content\" data-secret=\"u9d0GmM0VH\"><a href=\"https:\/\/www.steveelkas.com\/en\/obituaries\/mme-carole-boucher\/\">Mme Carole Boucher<\/a><\/blockquote><iframe sandbox=\"allow-scripts\" security=\"restricted\" src=\"https:\/\/www.steveelkas.com\/en\/obituaries\/mme-carole-boucher\/embed\/#?secret=u9d0GmM0VH\" width=\"600\" height=\"338\" title=\"&#8220;Mme Carole Boucher&#8221; &#8212; Steve L. Elkas Funeral Home\" data-secret=\"u9d0GmM0VH\" frameborder=\"0\" marginwidth=\"0\" marginheight=\"0\" scrolling=\"no\" class=\"wp-embedded-content\"><\/iframe><script type=\"text\/javascript\">\n\/* <![CDATA[ *\/\n\/*! This file is auto-generated *\/\n!function(d,l){\"use strict\";l.querySelector&&d.addEventListener&&\"undefined\"!=typeof URL&&(d.wp=d.wp||{},d.wp.receiveEmbedMessage||(d.wp.receiveEmbedMessage=function(e){var t=e.data;if((t||t.secret||t.message||t.value)&&!\/[^a-zA-Z0-9]\/.test(t.secret)){for(var s,r,n,a=l.querySelectorAll('iframe[data-secret=\"'+t.secret+'\"]'),o=l.querySelectorAll('blockquote[data-secret=\"'+t.secret+'\"]'),c=new RegExp(\"^https?:$\",\"i\"),i=0;i<o.length;i++)o[i].style.display=\"none\";for(i=0;i<a.length;i++)s=a[i],e.source===s.contentWindow&&(s.removeAttribute(\"style\"),\"height\"===t.message?(1e3<(r=parseInt(t.value,10))?r=1e3:~~r<200&&(r=200),s.height=r):\"link\"===t.message&&(r=new URL(s.getAttribute(\"src\")),n=new URL(t.value),c.test(n.protocol))&&n.host===r.host&&l.activeElement===s&&(d.top.location.href=t.value))}},d.addEventListener(\"message\",d.wp.receiveEmbedMessage,!1),l.addEventListener(\"DOMContentLoaded\",function(){for(var e,t,s=l.querySelectorAll(\"iframe.wp-embedded-content\"),r=0;r<s.length;r++)(t=(e=s[r]).getAttribute(\"data-secret\"))||(t=Math.random().toString(36).substring(2,12),e.src+=\"#?secret=\"+t,e.setAttribute(\"data-secret\",t)),e.contentWindow.postMessage({message:\"ready\",secret:t},\"*\")},!1)))}(window,document);\n\/\/# sourceURL=https:\/\/www.steveelkas.com\/wp-includes\/js\/wp-embed.min.js\n\/* ]]> *\/\n<\/script>\n","thumbnail_url":"https:\/\/www.steveelkas.com\/wp-content\/uploads\/2023\/03\/Carole-Boucher249-002.jpg","thumbnail_width":377,"thumbnail_height":453,"description":"\u00c0 Sherbrooke, le 10 mars 2023, \u00e0 l&#8217;\u00e2ge de 72 ans, est d\u00e9c\u00e9d\u00e9 Mme Carole Boucher, \u00e9pouse de feu Bernard Laram\u00e9e et fille de feu Madeleine Jutras et de feu Emery Boucher. La famille recevra les condol\u00e9ances en pr\u00e9sence des cendres au Complexe fun\u00e9raire Steve Elkas (4230, rue Bertrand-Fabi, Sherbrooke) samedi le 25 mars 2023 [&hellip;]"}

À Sherbrooke, le 10 mars 2023, à l&#8217;âge de 72 ans, est décédé Mme Carole Boucher, épouse de feu Bernard Laramée et fille de feu Madeleine Jutras et de feu Emery Boucher. La famille recevra les condoléances en présence des cendres au Complexe funéraire Steve Elkas (4230, rue Bertrand-Fabi, Sherbrooke) samedi le 25 mars 2023 [&hellip;]
