{"version":"1.0","provider_name":"Steve L. Elkas Funeral Home","provider_url":"https:\/\/www.steveelkas.com\/en\/","title":"Mme C\u00e9line Plante &#8212; Steve L. Elkas Funeral Home","type":"rich","width":600,"height":338,"html":"<blockquote class=\"wp-embedded-content\" data-secret=\"8OQvbCvX1y\"><a href=\"https:\/\/www.steveelkas.com\/en\/obituaries\/mme-celine-plante\/\">Mme C\u00e9line Plante<\/a><\/blockquote><iframe sandbox=\"allow-scripts\" security=\"restricted\" src=\"https:\/\/www.steveelkas.com\/en\/obituaries\/mme-celine-plante\/embed\/#?secret=8OQvbCvX1y\" width=\"600\" height=\"338\" title=\"&#8220;Mme C\u00e9line Plante&#8221; &#8212; Steve L. Elkas Funeral Home\" data-secret=\"8OQvbCvX1y\" frameborder=\"0\" marginwidth=\"0\" marginheight=\"0\" scrolling=\"no\" class=\"wp-embedded-content\"><\/iframe><script type=\"text\/javascript\">\n\/* <![CDATA[ *\/\n\/*! This file is auto-generated *\/\n!function(d,l){\"use strict\";l.querySelector&&d.addEventListener&&\"undefined\"!=typeof URL&&(d.wp=d.wp||{},d.wp.receiveEmbedMessage||(d.wp.receiveEmbedMessage=function(e){var t=e.data;if((t||t.secret||t.message||t.value)&&!\/[^a-zA-Z0-9]\/.test(t.secret)){for(var s,r,n,a=l.querySelectorAll('iframe[data-secret=\"'+t.secret+'\"]'),o=l.querySelectorAll('blockquote[data-secret=\"'+t.secret+'\"]'),c=new RegExp(\"^https?:$\",\"i\"),i=0;i<o.length;i++)o[i].style.display=\"none\";for(i=0;i<a.length;i++)s=a[i],e.source===s.contentWindow&&(s.removeAttribute(\"style\"),\"height\"===t.message?(1e3<(r=parseInt(t.value,10))?r=1e3:~~r<200&&(r=200),s.height=r):\"link\"===t.message&&(r=new URL(s.getAttribute(\"src\")),n=new URL(t.value),c.test(n.protocol))&&n.host===r.host&&l.activeElement===s&&(d.top.location.href=t.value))}},d.addEventListener(\"message\",d.wp.receiveEmbedMessage,!1),l.addEventListener(\"DOMContentLoaded\",function(){for(var e,t,s=l.querySelectorAll(\"iframe.wp-embedded-content\"),r=0;r<s.length;r++)(t=(e=s[r]).getAttribute(\"data-secret\"))||(t=Math.random().toString(36).substring(2,12),e.src+=\"#?secret=\"+t,e.setAttribute(\"data-secret\",t)),e.contentWindow.postMessage({message:\"ready\",secret:t},\"*\")},!1)))}(window,document);\n\/\/# sourceURL=https:\/\/www.steveelkas.com\/wp-includes\/js\/wp-embed.min.js\n\/* ]]> *\/\n<\/script>\n","thumbnail_url":"https:\/\/www.steveelkas.com\/wp-content\/uploads\/2022\/11\/Celine-Plante-002-222.jpg","thumbnail_width":480,"thumbnail_height":511,"description":"\u00c0 l\u2019Hotel-Dieu de Sherbrooke, le 28 novembre 2022, s\u2019est \u00e9teinte Madame C\u00e9line Plante \u00e0 l\u2019\u00e2ge de 65 ans.\u00a0 Elle \u00e9tait la fille de feu Ren\u00e9 Plante et de feu Roberte Poirier. Madame Plante laisse dans le deuil ses enfants\u00a0: Jonathan et Karine Plante (Jean-S\u00e9bastien Charette); ses petits-enfants\u00a0: Jayden Plante, Elliot et Zo\u00e9 Charette. Son d\u00e9part [&hellip;]"}

Mme Céline Plante &#8212; Steve L. Elkas Funeral Home

<blockquote class="wp-embedded-content" data-secret="8OQvbCvX1y"><a href="https://www.steveelkas.com/en/obituaries/mme-celine-plante/">Mme Céline Plante</a></blockquote><iframe sandbox="allow-scripts" security="restricted" src="https://www.steveelkas.com/en/obituaries/mme-celine-plante/embed/#?secret=8OQvbCvX1y" width="600" height="338" title="&#8220;Mme Céline Plante&#8221; &#8212; Steve L. Elkas Funeral Home" data-secret="8OQvbCvX1y" frameborder="0" marginwidth="0" marginheight="0" scrolling="no" class="wp-embedded-content"></iframe><script type="text/javascript">
/* <![CDATA[ */
/*! This file is auto-generated */
!function(d,l){"use strict";l.querySelector&&d.addEventListener&&"undefined"!=typeof URL&&(d.wp=d.wp||{},d.wp.receiveEmbedMessage||(d.wp.receiveEmbedMessage=function(e){var t=e.data;if((t||t.secret||t.message||t.value)&&!/[^a-zA-Z0-9]/.test(t.secret)){for(var s,r,n,a=l.querySelectorAll('iframe[data-secret="'+t.secret+'"]'),o=l.querySelectorAll('blockquote[data-secret="'+t.secret+'"]'),c=new RegExp("^https?:$","i"),i=0;i<o.length;i++)o[i].style.display="none";for(i=0;i<a.length;i++)s=a[i],e.source===s.contentWindow&&(s.removeAttribute("style"),"height"===t.message?(1e3<(r=parseInt(t.value,10))?r=1e3:~~r<200&&(r=200),s.height=r):"link"===t.message&&(r=new URL(s.getAttribute("src")),n=new URL(t.value),c.test(n.protocol))&&n.host===r.host&&l.activeElement===s&&(d.top.location.href=t.value))}},d.addEventListener("message",d.wp.receiveEmbedMessage,!1),l.addEventListener("DOMContentLoaded",function(){for(var e,t,s=l.querySelectorAll("iframe.wp-embedded-content"),r=0;r<s.length;r++)(t=(e=s[r]).getAttribute("data-secret"))||(t=Math.random().toString(36).substring(2,12),e.src+="#?secret="+t,e.setAttribute("data-secret",t)),e.contentWindow.postMessage({message:"ready",secret:t},"*")},!1)))}(window,document);
//# sourceURL=https://www.steveelkas.com/wp-includes/js/wp-embed.min.js
/* ]]> */
</script>

À l’Hotel-Dieu de Sherbrooke, le 28 novembre 2022, s’est éteinte Madame Céline Plante à l’âge de 65 ans.  Elle était la fille de feu René Plante et de feu Roberte Poirier. Madame Plante laisse dans le deuil ses enfants : Jonathan et Karine Plante (Jean-Sébastien Charette); ses petits-enfants : Jayden Plante, Elliot et Zoé Charette. Son départ [&hellip;]
