{"version":"1.0","provider_name":"Steve L. Elkas Funeral Home","provider_url":"https:\/\/www.steveelkas.com\/en\/","title":"Mme Claire Baillargeon &#8212; Steve L. Elkas Funeral Home","type":"rich","width":600,"height":338,"html":"<blockquote class=\"wp-embedded-content\" data-secret=\"3wqYjaevoq\"><a href=\"https:\/\/www.steveelkas.com\/en\/obituaries\/mme-claire-baillargeon\/\">Mme Claire Baillargeon<\/a><\/blockquote><iframe sandbox=\"allow-scripts\" security=\"restricted\" src=\"https:\/\/www.steveelkas.com\/en\/obituaries\/mme-claire-baillargeon\/embed\/#?secret=3wqYjaevoq\" width=\"600\" height=\"338\" title=\"&#8220;Mme Claire Baillargeon&#8221; &#8212; Steve L. Elkas Funeral Home\" data-secret=\"3wqYjaevoq\" frameborder=\"0\" marginwidth=\"0\" marginheight=\"0\" scrolling=\"no\" class=\"wp-embedded-content\"><\/iframe><script type=\"text\/javascript\">\n\/* <![CDATA[ *\/\n\/*! This file is auto-generated *\/\n!function(d,l){\"use strict\";l.querySelector&&d.addEventListener&&\"undefined\"!=typeof URL&&(d.wp=d.wp||{},d.wp.receiveEmbedMessage||(d.wp.receiveEmbedMessage=function(e){var t=e.data;if((t||t.secret||t.message||t.value)&&!\/[^a-zA-Z0-9]\/.test(t.secret)){for(var s,r,n,a=l.querySelectorAll('iframe[data-secret=\"'+t.secret+'\"]'),o=l.querySelectorAll('blockquote[data-secret=\"'+t.secret+'\"]'),c=new RegExp(\"^https?:$\",\"i\"),i=0;i<o.length;i++)o[i].style.display=\"none\";for(i=0;i<a.length;i++)s=a[i],e.source===s.contentWindow&&(s.removeAttribute(\"style\"),\"height\"===t.message?(1e3<(r=parseInt(t.value,10))?r=1e3:~~r<200&&(r=200),s.height=r):\"link\"===t.message&&(r=new URL(s.getAttribute(\"src\")),n=new URL(t.value),c.test(n.protocol))&&n.host===r.host&&l.activeElement===s&&(d.top.location.href=t.value))}},d.addEventListener(\"message\",d.wp.receiveEmbedMessage,!1),l.addEventListener(\"DOMContentLoaded\",function(){for(var e,t,s=l.querySelectorAll(\"iframe.wp-embedded-content\"),r=0;r<s.length;r++)(t=(e=s[r]).getAttribute(\"data-secret\"))||(t=Math.random().toString(36).substring(2,12),e.src+=\"#?secret=\"+t,e.setAttribute(\"data-secret\",t)),e.contentWindow.postMessage({message:\"ready\",secret:t},\"*\")},!1)))}(window,document);\n\/\/# sourceURL=https:\/\/www.steveelkas.com\/wp-includes\/js\/wp-embed.min.js\n\/* ]]> *\/\n<\/script>\n","thumbnail_url":"https:\/\/www.steveelkas.com\/wp-content\/uploads\/2023\/02\/Photo-1-002.jpg","thumbnail_width":542,"thumbnail_height":691,"description":"Au CHUS-Fleurimont de Sherbrooke, le 11 f\u00e9vrier 2023, \u00e0 l\u2019\u00e2ge de 70 ans s\u2019est \u00e9teinte madame Claire Baillargeon.\u00a0 Elle \u00e9tait la fille de feu No\u00ebl Baillargeon et de feu Marguerite Gauthier ainsi que la conjointe bien-aim\u00e9e de monsieur Ga\u00ebtan Bourget. Outre son conjoint, elle laisse dans le deuil ses enfants\u00a0: Nathalie (Danny Marchand), Marie-Anne (Ludovic [&hellip;]"}

Au CHUS-Fleurimont de Sherbrooke, le 11 février 2023, à l’âge de 70 ans s’est éteinte madame Claire Baillargeon.  Elle était la fille de feu Noël Baillargeon et de feu Marguerite Gauthier ainsi que la conjointe bien-aimée de monsieur Gaëtan Bourget. Outre son conjoint, elle laisse dans le deuil ses enfants : Nathalie (Danny Marchand), Marie-Anne (Ludovic [&hellip;]
