{"version":"1.0","provider_name":"Steve L. Elkas Funeral Home","provider_url":"https:\/\/www.steveelkas.com\/en\/","title":"Mme Claire Duval Cloutier &#8212; Steve L. Elkas Funeral Home","type":"rich","width":600,"height":338,"html":"<blockquote class=\"wp-embedded-content\" data-secret=\"xCTBGogbfr\"><a href=\"https:\/\/www.steveelkas.com\/en\/obituaries\/mme-claire-duval-cloutier\/\">Mme Claire Duval Cloutier<\/a><\/blockquote><iframe sandbox=\"allow-scripts\" security=\"restricted\" src=\"https:\/\/www.steveelkas.com\/en\/obituaries\/mme-claire-duval-cloutier\/embed\/#?secret=xCTBGogbfr\" width=\"600\" height=\"338\" title=\"&#8220;Mme Claire Duval Cloutier&#8221; &#8212; Steve L. Elkas Funeral Home\" data-secret=\"xCTBGogbfr\" frameborder=\"0\" marginwidth=\"0\" marginheight=\"0\" scrolling=\"no\" class=\"wp-embedded-content\"><\/iframe><script type=\"text\/javascript\">\n\/* <![CDATA[ *\/\n\/*! This file is auto-generated *\/\n!function(d,l){\"use strict\";l.querySelector&&d.addEventListener&&\"undefined\"!=typeof URL&&(d.wp=d.wp||{},d.wp.receiveEmbedMessage||(d.wp.receiveEmbedMessage=function(e){var t=e.data;if((t||t.secret||t.message||t.value)&&!\/[^a-zA-Z0-9]\/.test(t.secret)){for(var s,r,n,a=l.querySelectorAll('iframe[data-secret=\"'+t.secret+'\"]'),o=l.querySelectorAll('blockquote[data-secret=\"'+t.secret+'\"]'),c=new RegExp(\"^https?:$\",\"i\"),i=0;i<o.length;i++)o[i].style.display=\"none\";for(i=0;i<a.length;i++)s=a[i],e.source===s.contentWindow&&(s.removeAttribute(\"style\"),\"height\"===t.message?(1e3<(r=parseInt(t.value,10))?r=1e3:~~r<200&&(r=200),s.height=r):\"link\"===t.message&&(r=new URL(s.getAttribute(\"src\")),n=new URL(t.value),c.test(n.protocol))&&n.host===r.host&&l.activeElement===s&&(d.top.location.href=t.value))}},d.addEventListener(\"message\",d.wp.receiveEmbedMessage,!1),l.addEventListener(\"DOMContentLoaded\",function(){for(var e,t,s=l.querySelectorAll(\"iframe.wp-embedded-content\"),r=0;r<s.length;r++)(t=(e=s[r]).getAttribute(\"data-secret\"))||(t=Math.random().toString(36).substring(2,12),e.src+=\"#?secret=\"+t,e.setAttribute(\"data-secret\",t)),e.contentWindow.postMessage({message:\"ready\",secret:t},\"*\")},!1)))}(window,document);\n\/\/# sourceURL=https:\/\/www.steveelkas.com\/wp-includes\/js\/wp-embed.min.js\n\/* ]]> *\/\n<\/script>\n","thumbnail_url":"https:\/\/www.steveelkas.com\/wp-content\/uploads\/2023\/01\/Claire-Duval-Cloutier-2.jpg","thumbnail_width":506,"thumbnail_height":833,"description":"Mme Claire Duval Cloutier\u00a0 (1944 \u2013 2022) Le 28 d\u00e9cembre 2022 \u00e0 la Maison Aube-Lumi\u00e8re de Sherbrooke, s\u2019est \u00e9teinte Madame Claire Duval Cloutier \u00e0 l\u2019\u00e2ge de 78 ans.\u00a0 Elle \u00e9tait l\u2019\u00e9pouse de Monsieur Laurent Cloutier demeurant \u00e0 Sherbrooke. Elle \u00e9tait \u00e9galement la fille de feu Alfred et Yvonne Duval ainsi que la s\u0153ur de feu [&hellip;]"}

Mme Claire Duval Cloutier  (1944 – 2022) Le 28 décembre 2022 à la Maison Aube-Lumière de Sherbrooke, s’est éteinte Madame Claire Duval Cloutier à l’âge de 78 ans.  Elle était l’épouse de Monsieur Laurent Cloutier demeurant à Sherbrooke. Elle était également la fille de feu Alfred et Yvonne Duval ainsi que la sœur de feu [&hellip;]
