{"version":"1.0","provider_name":"Steve L. Elkas Funeral Home","provider_url":"https:\/\/www.steveelkas.com\/en\/","title":"Mme Claire Lavoie &#8212; Steve L. Elkas Funeral Home","type":"rich","width":600,"height":338,"html":"<blockquote class=\"wp-embedded-content\" data-secret=\"meZXcKlUAr\"><a href=\"https:\/\/www.steveelkas.com\/en\/obituaries\/mme-claire-lavoie\/\">Mme Claire Lavoie<\/a><\/blockquote><iframe sandbox=\"allow-scripts\" security=\"restricted\" src=\"https:\/\/www.steveelkas.com\/en\/obituaries\/mme-claire-lavoie\/embed\/#?secret=meZXcKlUAr\" width=\"600\" height=\"338\" title=\"&#8220;Mme Claire Lavoie&#8221; &#8212; Steve L. Elkas Funeral Home\" data-secret=\"meZXcKlUAr\" frameborder=\"0\" marginwidth=\"0\" marginheight=\"0\" scrolling=\"no\" class=\"wp-embedded-content\"><\/iframe><script type=\"text\/javascript\">\n\/* <![CDATA[ *\/\n\/*! This file is auto-generated *\/\n!function(d,l){\"use strict\";l.querySelector&&d.addEventListener&&\"undefined\"!=typeof URL&&(d.wp=d.wp||{},d.wp.receiveEmbedMessage||(d.wp.receiveEmbedMessage=function(e){var t=e.data;if((t||t.secret||t.message||t.value)&&!\/[^a-zA-Z0-9]\/.test(t.secret)){for(var s,r,n,a=l.querySelectorAll('iframe[data-secret=\"'+t.secret+'\"]'),o=l.querySelectorAll('blockquote[data-secret=\"'+t.secret+'\"]'),c=new RegExp(\"^https?:$\",\"i\"),i=0;i<o.length;i++)o[i].style.display=\"none\";for(i=0;i<a.length;i++)s=a[i],e.source===s.contentWindow&&(s.removeAttribute(\"style\"),\"height\"===t.message?(1e3<(r=parseInt(t.value,10))?r=1e3:~~r<200&&(r=200),s.height=r):\"link\"===t.message&&(r=new URL(s.getAttribute(\"src\")),n=new URL(t.value),c.test(n.protocol))&&n.host===r.host&&l.activeElement===s&&(d.top.location.href=t.value))}},d.addEventListener(\"message\",d.wp.receiveEmbedMessage,!1),l.addEventListener(\"DOMContentLoaded\",function(){for(var e,t,s=l.querySelectorAll(\"iframe.wp-embedded-content\"),r=0;r<s.length;r++)(t=(e=s[r]).getAttribute(\"data-secret\"))||(t=Math.random().toString(36).substring(2,12),e.src+=\"#?secret=\"+t,e.setAttribute(\"data-secret\",t)),e.contentWindow.postMessage({message:\"ready\",secret:t},\"*\")},!1)))}(window,document);\n\/\/# sourceURL=https:\/\/www.steveelkas.com\/wp-includes\/js\/wp-embed.min.js\n\/* ]]> *\/\n<\/script>\n","thumbnail_url":"https:\/\/www.steveelkas.com\/wp-content\/uploads\/2026\/03\/Claire-Lavoie-1.jpg","thumbnail_width":408,"thumbnail_height":550,"description":"Madame Claire Lavoie s\u2019est \u00e9teinte paisiblement entour\u00e9e de ses proches, le 16 f\u00e9vrier 2026 au CHUS Fleurimont de Sherbrooke, \u00e0 l\u2019\u00e2ge de 95 ans. Elle \u00e9tait la fille de feu Laur\u00e9at Lavoie et de feu Charlotte Dub\u00e9. Elle repose d\u00e9sormais aupr\u00e8s de ses parents, ses fr\u00e8res et s\u0153urs : feu Jacques (feu Pauleen McNamara), feu [&hellip;]"}

Madame Claire Lavoie s’est éteinte paisiblement entourée de ses proches, le 16 février 2026 au CHUS Fleurimont de Sherbrooke, à l’âge de 95 ans. Elle était la fille de feu Lauréat Lavoie et de feu Charlotte Dubé. Elle repose désormais auprès de ses parents, ses frères et sœurs : feu Jacques (feu Pauleen McNamara), feu [&hellip;]
