{"version":"1.0","provider_name":"Steve L. Elkas Funeral Home","provider_url":"https:\/\/www.steveelkas.com\/en\/","title":"Mme Colette Chartier Francoeur &#8212; Steve L. Elkas Funeral Home","type":"rich","width":600,"height":338,"html":"<blockquote class=\"wp-embedded-content\" data-secret=\"gi5BTpWe87\"><a href=\"https:\/\/www.steveelkas.com\/en\/obituaries\/mme-colette-chartier-francoeur\/\">Mme Colette Chartier Francoeur<\/a><\/blockquote><iframe sandbox=\"allow-scripts\" security=\"restricted\" src=\"https:\/\/www.steveelkas.com\/en\/obituaries\/mme-colette-chartier-francoeur\/embed\/#?secret=gi5BTpWe87\" width=\"600\" height=\"338\" title=\"&#8220;Mme Colette Chartier Francoeur&#8221; &#8212; Steve L. Elkas Funeral Home\" data-secret=\"gi5BTpWe87\" frameborder=\"0\" marginwidth=\"0\" marginheight=\"0\" scrolling=\"no\" class=\"wp-embedded-content\"><\/iframe><script type=\"text\/javascript\">\n\/* <![CDATA[ *\/\n\/*! This file is auto-generated *\/\n!function(d,l){\"use strict\";l.querySelector&&d.addEventListener&&\"undefined\"!=typeof URL&&(d.wp=d.wp||{},d.wp.receiveEmbedMessage||(d.wp.receiveEmbedMessage=function(e){var t=e.data;if((t||t.secret||t.message||t.value)&&!\/[^a-zA-Z0-9]\/.test(t.secret)){for(var s,r,n,a=l.querySelectorAll('iframe[data-secret=\"'+t.secret+'\"]'),o=l.querySelectorAll('blockquote[data-secret=\"'+t.secret+'\"]'),c=new RegExp(\"^https?:$\",\"i\"),i=0;i<o.length;i++)o[i].style.display=\"none\";for(i=0;i<a.length;i++)s=a[i],e.source===s.contentWindow&&(s.removeAttribute(\"style\"),\"height\"===t.message?(1e3<(r=parseInt(t.value,10))?r=1e3:~~r<200&&(r=200),s.height=r):\"link\"===t.message&&(r=new URL(s.getAttribute(\"src\")),n=new URL(t.value),c.test(n.protocol))&&n.host===r.host&&l.activeElement===s&&(d.top.location.href=t.value))}},d.addEventListener(\"message\",d.wp.receiveEmbedMessage,!1),l.addEventListener(\"DOMContentLoaded\",function(){for(var e,t,s=l.querySelectorAll(\"iframe.wp-embedded-content\"),r=0;r<s.length;r++)(t=(e=s[r]).getAttribute(\"data-secret\"))||(t=Math.random().toString(36).substring(2,12),e.src+=\"#?secret=\"+t,e.setAttribute(\"data-secret\",t)),e.contentWindow.postMessage({message:\"ready\",secret:t},\"*\")},!1)))}(window,document);\n\/\/# sourceURL=https:\/\/www.steveelkas.com\/wp-includes\/js\/wp-embed.min.js\n\/* ]]> *\/\n<\/script>\n","thumbnail_url":"https:\/\/www.steveelkas.com\/wp-content\/uploads\/2023\/03\/Colette-Chartier247-002.jpg","thumbnail_width":1562,"thumbnail_height":1564,"description":"\u00c0 Sherbrooke, le 1er mars 2023, \u00e0 l\u2019\u00e2ge de 94 ans et 11 mois, est d\u00e9c\u00e9d\u00e9e Mme Colette Chartier, \u00e9pouse de feu M. Jacques Francoeur, demeurant \u00e0 Sherbrooke. Elle \u00e9tait la fille de feu M. Joseph Ovila Chartier et de feu Mme Marie-Antoinette Francoeur. Elle laisse dans le deuil ses trois filles ; H\u00e9l\u00e8ne (Michel [&hellip;]"}

À Sherbrooke, le 1er mars 2023, à l’âge de 94 ans et 11 mois, est décédée Mme Colette Chartier, épouse de feu M. Jacques Francoeur, demeurant à Sherbrooke. Elle était la fille de feu M. Joseph Ovila Chartier et de feu Mme Marie-Antoinette Francoeur. Elle laisse dans le deuil ses trois filles ; Hélène (Michel [&hellip;]
