{"version":"1.0","provider_name":"Steve L. Elkas Funeral Home","provider_url":"https:\/\/www.steveelkas.com\/en\/","title":"Mme Colette Lavoie &#8212; Steve L. Elkas Funeral Home","type":"rich","width":600,"height":338,"html":"<blockquote class=\"wp-embedded-content\" data-secret=\"dPreSOXAM8\"><a href=\"https:\/\/www.steveelkas.com\/en\/obituaries\/mme-colette-lavoie\/\">Mme Colette Lavoie<\/a><\/blockquote><iframe sandbox=\"allow-scripts\" security=\"restricted\" src=\"https:\/\/www.steveelkas.com\/en\/obituaries\/mme-colette-lavoie\/embed\/#?secret=dPreSOXAM8\" width=\"600\" height=\"338\" title=\"&#8220;Mme Colette Lavoie&#8221; &#8212; Steve L. Elkas Funeral Home\" data-secret=\"dPreSOXAM8\" frameborder=\"0\" marginwidth=\"0\" marginheight=\"0\" scrolling=\"no\" class=\"wp-embedded-content\"><\/iframe><script type=\"text\/javascript\">\n\/* <![CDATA[ *\/\n\/*! This file is auto-generated *\/\n!function(d,l){\"use strict\";l.querySelector&&d.addEventListener&&\"undefined\"!=typeof URL&&(d.wp=d.wp||{},d.wp.receiveEmbedMessage||(d.wp.receiveEmbedMessage=function(e){var t=e.data;if((t||t.secret||t.message||t.value)&&!\/[^a-zA-Z0-9]\/.test(t.secret)){for(var s,r,n,a=l.querySelectorAll('iframe[data-secret=\"'+t.secret+'\"]'),o=l.querySelectorAll('blockquote[data-secret=\"'+t.secret+'\"]'),c=new RegExp(\"^https?:$\",\"i\"),i=0;i<o.length;i++)o[i].style.display=\"none\";for(i=0;i<a.length;i++)s=a[i],e.source===s.contentWindow&&(s.removeAttribute(\"style\"),\"height\"===t.message?(1e3<(r=parseInt(t.value,10))?r=1e3:~~r<200&&(r=200),s.height=r):\"link\"===t.message&&(r=new URL(s.getAttribute(\"src\")),n=new URL(t.value),c.test(n.protocol))&&n.host===r.host&&l.activeElement===s&&(d.top.location.href=t.value))}},d.addEventListener(\"message\",d.wp.receiveEmbedMessage,!1),l.addEventListener(\"DOMContentLoaded\",function(){for(var e,t,s=l.querySelectorAll(\"iframe.wp-embedded-content\"),r=0;r<s.length;r++)(t=(e=s[r]).getAttribute(\"data-secret\"))||(t=Math.random().toString(36).substring(2,12),e.src+=\"#?secret=\"+t,e.setAttribute(\"data-secret\",t)),e.contentWindow.postMessage({message:\"ready\",secret:t},\"*\")},!1)))}(window,document);\n\/\/# sourceURL=https:\/\/www.steveelkas.com\/wp-includes\/js\/wp-embed.min.js\n\/* ]]> *\/\n<\/script>\n","thumbnail_url":"https:\/\/www.steveelkas.com\/wp-content\/uploads\/2020\/04\/Colette-Lavoie042.jpg","thumbnail_width":1102,"thumbnail_height":1333,"description":"\u00c0 Sherbrooke, au centre d\u2019h\u00e9bergement Youville, le 15 avril 2020, est d\u00e9c\u00e9d\u00e9e Mme Colette Lavoie, fille de feu Rosanna Lajoie et de feu Z\u00e9phirin Lavoie. Mme Lavoie laisse dans le deuil ses fr\u00e8res et s\u0153urs : feu Marie-Paule (feu G\u00e9rard), feu Gertrude (feu Fernand), feu Jeannine (feu Gilbert), Maria, feu Huguette, feu Jeanne (feu Rivard), [&hellip;]"}

À Sherbrooke, au centre d’hébergement Youville, le 15 avril 2020, est décédée Mme Colette Lavoie, fille de feu Rosanna Lajoie et de feu Zéphirin Lavoie. Mme Lavoie laisse dans le deuil ses frères et sœurs : feu Marie-Paule (feu Gérard), feu Gertrude (feu Fernand), feu Jeannine (feu Gilbert), Maria, feu Huguette, feu Jeanne (feu Rivard), [&hellip;]
