{"version":"1.0","provider_name":"Steve L. Elkas Funeral Home","provider_url":"https:\/\/www.steveelkas.com\/en\/","title":"Mme Denise Duval &#8212; Steve L. Elkas Funeral Home","type":"rich","width":600,"height":338,"html":"<blockquote class=\"wp-embedded-content\" data-secret=\"REzNRjj2tq\"><a href=\"https:\/\/www.steveelkas.com\/en\/obituaries\/mme-denise-duval\/\">Mme Denise Duval<\/a><\/blockquote><iframe sandbox=\"allow-scripts\" security=\"restricted\" src=\"https:\/\/www.steveelkas.com\/en\/obituaries\/mme-denise-duval\/embed\/#?secret=REzNRjj2tq\" width=\"600\" height=\"338\" title=\"&#8220;Mme Denise Duval&#8221; &#8212; Steve L. Elkas Funeral Home\" data-secret=\"REzNRjj2tq\" frameborder=\"0\" marginwidth=\"0\" marginheight=\"0\" scrolling=\"no\" class=\"wp-embedded-content\"><\/iframe><script type=\"text\/javascript\">\n\/* <![CDATA[ *\/\n\/*! This file is auto-generated *\/\n!function(d,l){\"use strict\";l.querySelector&&d.addEventListener&&\"undefined\"!=typeof URL&&(d.wp=d.wp||{},d.wp.receiveEmbedMessage||(d.wp.receiveEmbedMessage=function(e){var t=e.data;if((t||t.secret||t.message||t.value)&&!\/[^a-zA-Z0-9]\/.test(t.secret)){for(var s,r,n,a=l.querySelectorAll('iframe[data-secret=\"'+t.secret+'\"]'),o=l.querySelectorAll('blockquote[data-secret=\"'+t.secret+'\"]'),c=new RegExp(\"^https?:$\",\"i\"),i=0;i<o.length;i++)o[i].style.display=\"none\";for(i=0;i<a.length;i++)s=a[i],e.source===s.contentWindow&&(s.removeAttribute(\"style\"),\"height\"===t.message?(1e3<(r=parseInt(t.value,10))?r=1e3:~~r<200&&(r=200),s.height=r):\"link\"===t.message&&(r=new URL(s.getAttribute(\"src\")),n=new URL(t.value),c.test(n.protocol))&&n.host===r.host&&l.activeElement===s&&(d.top.location.href=t.value))}},d.addEventListener(\"message\",d.wp.receiveEmbedMessage,!1),l.addEventListener(\"DOMContentLoaded\",function(){for(var e,t,s=l.querySelectorAll(\"iframe.wp-embedded-content\"),r=0;r<s.length;r++)(t=(e=s[r]).getAttribute(\"data-secret\"))||(t=Math.random().toString(36).substring(2,12),e.src+=\"#?secret=\"+t,e.setAttribute(\"data-secret\",t)),e.contentWindow.postMessage({message:\"ready\",secret:t},\"*\")},!1)))}(window,document);\n\/\/# sourceURL=https:\/\/www.steveelkas.com\/wp-includes\/js\/wp-embed.min.js\n\/* ]]> *\/\n<\/script>\n","thumbnail_url":"https:\/\/www.steveelkas.com\/wp-content\/uploads\/2021\/01\/Denise-Duval-2015.jpg","thumbnail_width":1167,"thumbnail_height":1558,"description":"\u00c0 Sherbrooke, le 24 d\u00e9cembre 2020, \u00e0 l&#8217;\u00e2ge de 85 ans, est d\u00e9c\u00e9d\u00e9e Mme Denise Duval, fille de feu Albert Duval et de feu Laurence \u00c9mond, demeurant \u00e0 Sherbrooke, autrefois de Windsor, Qu\u00e9bec. Mme Denise Duval laisse dans le deuil ses fr\u00e8res et soeurs : Jean-Paul Duval (Gis\u00e8le Riendeau), Robert Duval, pr\u00eatre, Fran\u00e7oise Duval (Henri [&hellip;]"}

À Sherbrooke, le 24 décembre 2020, à l&#8217;âge de 85 ans, est décédée Mme Denise Duval, fille de feu Albert Duval et de feu Laurence Émond, demeurant à Sherbrooke, autrefois de Windsor, Québec. Mme Denise Duval laisse dans le deuil ses frères et soeurs : Jean-Paul Duval (Gisèle Riendeau), Robert Duval, prêtre, Françoise Duval (Henri [&hellip;]
