{"version":"1.0","provider_name":"Steve L. Elkas Funeral Home","provider_url":"https:\/\/www.steveelkas.com\/en\/","title":"Mme Denise Gosselin &#8212; Steve L. Elkas Funeral Home","type":"rich","width":600,"height":338,"html":"<blockquote class=\"wp-embedded-content\" data-secret=\"HxuG9DzUsu\"><a href=\"https:\/\/www.steveelkas.com\/en\/obituaries\/mme-denise-gosselin-2\/\">Mme Denise Gosselin<\/a><\/blockquote><iframe sandbox=\"allow-scripts\" security=\"restricted\" src=\"https:\/\/www.steveelkas.com\/en\/obituaries\/mme-denise-gosselin-2\/embed\/#?secret=HxuG9DzUsu\" width=\"600\" height=\"338\" title=\"&#8220;Mme Denise Gosselin&#8221; &#8212; Steve L. Elkas Funeral Home\" data-secret=\"HxuG9DzUsu\" frameborder=\"0\" marginwidth=\"0\" marginheight=\"0\" scrolling=\"no\" class=\"wp-embedded-content\"><\/iframe><script type=\"text\/javascript\">\n\/* <![CDATA[ *\/\n\/*! This file is auto-generated *\/\n!function(d,l){\"use strict\";l.querySelector&&d.addEventListener&&\"undefined\"!=typeof URL&&(d.wp=d.wp||{},d.wp.receiveEmbedMessage||(d.wp.receiveEmbedMessage=function(e){var t=e.data;if((t||t.secret||t.message||t.value)&&!\/[^a-zA-Z0-9]\/.test(t.secret)){for(var s,r,n,a=l.querySelectorAll('iframe[data-secret=\"'+t.secret+'\"]'),o=l.querySelectorAll('blockquote[data-secret=\"'+t.secret+'\"]'),c=new RegExp(\"^https?:$\",\"i\"),i=0;i<o.length;i++)o[i].style.display=\"none\";for(i=0;i<a.length;i++)s=a[i],e.source===s.contentWindow&&(s.removeAttribute(\"style\"),\"height\"===t.message?(1e3<(r=parseInt(t.value,10))?r=1e3:~~r<200&&(r=200),s.height=r):\"link\"===t.message&&(r=new URL(s.getAttribute(\"src\")),n=new URL(t.value),c.test(n.protocol))&&n.host===r.host&&l.activeElement===s&&(d.top.location.href=t.value))}},d.addEventListener(\"message\",d.wp.receiveEmbedMessage,!1),l.addEventListener(\"DOMContentLoaded\",function(){for(var e,t,s=l.querySelectorAll(\"iframe.wp-embedded-content\"),r=0;r<s.length;r++)(t=(e=s[r]).getAttribute(\"data-secret\"))||(t=Math.random().toString(36).substring(2,12),e.src+=\"#?secret=\"+t,e.setAttribute(\"data-secret\",t)),e.contentWindow.postMessage({message:\"ready\",secret:t},\"*\")},!1)))}(window,document);\n\/\/# sourceURL=https:\/\/www.steveelkas.com\/wp-includes\/js\/wp-embed.min.js\n\/* ]]> *\/\n<\/script>\n","thumbnail_url":"https:\/\/www.steveelkas.com\/wp-content\/uploads\/2023\/11\/Denise-Gosselin359.jpg","thumbnail_width":1230,"thumbnail_height":1362,"description":"1943 &#8211; 2023 \u00c0 Magog, le 10 novembre 2023 est d\u00e9c\u00e9d\u00e9e madame Denise Gosseline \u00e0 l\u2019\u00e2ge de 80 ans. Elle \u00e9tait la fille de feu Denis Gosselin et feu Fernande Marquis. Madame Gosselin laisse dans le deuil ses fr\u00e8res et s\u0153urs : Fernand, Daniel, C\u00e9line (Jean-Pierre M\u00e9nard) et Sylvie (feu Albert Brochu). Elle \u00e9tait aussi [&hellip;]"}

1943 &#8211; 2023 À Magog, le 10 novembre 2023 est décédée madame Denise Gosseline à l’âge de 80 ans. Elle était la fille de feu Denis Gosselin et feu Fernande Marquis. Madame Gosselin laisse dans le deuil ses frères et sœurs : Fernand, Daniel, Céline (Jean-Pierre Ménard) et Sylvie (feu Albert Brochu). Elle était aussi [&hellip;]
