{"version":"1.0","provider_name":"Steve L. Elkas Funeral Home","provider_url":"https:\/\/www.steveelkas.com\/en\/","title":"Mme Fernande Allard &#8212; Steve L. Elkas Funeral Home","type":"rich","width":600,"height":338,"html":"<blockquote class=\"wp-embedded-content\" data-secret=\"SstHRrUlQa\"><a href=\"https:\/\/www.steveelkas.com\/en\/obituaries\/mme-fernande-allard\/\">Mme Fernande Allard<\/a><\/blockquote><iframe sandbox=\"allow-scripts\" security=\"restricted\" src=\"https:\/\/www.steveelkas.com\/en\/obituaries\/mme-fernande-allard\/embed\/#?secret=SstHRrUlQa\" width=\"600\" height=\"338\" title=\"&#8220;Mme Fernande Allard&#8221; &#8212; Steve L. Elkas Funeral Home\" data-secret=\"SstHRrUlQa\" frameborder=\"0\" marginwidth=\"0\" marginheight=\"0\" scrolling=\"no\" class=\"wp-embedded-content\"><\/iframe><script type=\"text\/javascript\">\n\/* <![CDATA[ *\/\n\/*! This file is auto-generated *\/\n!function(d,l){\"use strict\";l.querySelector&&d.addEventListener&&\"undefined\"!=typeof URL&&(d.wp=d.wp||{},d.wp.receiveEmbedMessage||(d.wp.receiveEmbedMessage=function(e){var t=e.data;if((t||t.secret||t.message||t.value)&&!\/[^a-zA-Z0-9]\/.test(t.secret)){for(var s,r,n,a=l.querySelectorAll('iframe[data-secret=\"'+t.secret+'\"]'),o=l.querySelectorAll('blockquote[data-secret=\"'+t.secret+'\"]'),c=new RegExp(\"^https?:$\",\"i\"),i=0;i<o.length;i++)o[i].style.display=\"none\";for(i=0;i<a.length;i++)s=a[i],e.source===s.contentWindow&&(s.removeAttribute(\"style\"),\"height\"===t.message?(1e3<(r=parseInt(t.value,10))?r=1e3:~~r<200&&(r=200),s.height=r):\"link\"===t.message&&(r=new URL(s.getAttribute(\"src\")),n=new URL(t.value),c.test(n.protocol))&&n.host===r.host&&l.activeElement===s&&(d.top.location.href=t.value))}},d.addEventListener(\"message\",d.wp.receiveEmbedMessage,!1),l.addEventListener(\"DOMContentLoaded\",function(){for(var e,t,s=l.querySelectorAll(\"iframe.wp-embedded-content\"),r=0;r<s.length;r++)(t=(e=s[r]).getAttribute(\"data-secret\"))||(t=Math.random().toString(36).substring(2,12),e.src+=\"#?secret=\"+t,e.setAttribute(\"data-secret\",t)),e.contentWindow.postMessage({message:\"ready\",secret:t},\"*\")},!1)))}(window,document);\n\/\/# sourceURL=https:\/\/www.steveelkas.com\/wp-includes\/js\/wp-embed.min.js\n\/* ]]> *\/\n<\/script>\n","thumbnail_url":"https:\/\/www.steveelkas.com\/wp-content\/uploads\/2023\/01\/Fernande-Allard-Tribune.jpg","thumbnail_width":636,"thumbnail_height":861,"description":"\u00c0 Sherbrooke, le 26 d\u00e9cembre 2022 est d\u00e9c\u00e9d\u00e9e madame Fernande Allard \u00e0 l\u2019\u00e2ge de 87 ans. Elle \u00e9tait la fille de feu Hector Allard et feu Aurore Martel. Madame Allard laisse dans le deuil son conjoint monsieur Richard Genest. Elle \u00e9tait la s\u0153ur de feu Jean-Paul, feu Rosaire, feu Gratien (feu Pauline), feu Justin, feu [&hellip;]"}

À Sherbrooke, le 26 décembre 2022 est décédée madame Fernande Allard à l’âge de 87 ans. Elle était la fille de feu Hector Allard et feu Aurore Martel. Madame Allard laisse dans le deuil son conjoint monsieur Richard Genest. Elle était la sœur de feu Jean-Paul, feu Rosaire, feu Gratien (feu Pauline), feu Justin, feu [&hellip;]
