{"version":"1.0","provider_name":"Steve L. Elkas Funeral Home","provider_url":"https:\/\/www.steveelkas.com\/en\/","title":"Mme France Martineau &#8212; Steve L. Elkas Funeral Home","type":"rich","width":600,"height":338,"html":"<blockquote class=\"wp-embedded-content\" data-secret=\"UMXJGCpoL5\"><a href=\"https:\/\/www.steveelkas.com\/en\/obituaries\/mme-france-martineau\/\">Mme France Martineau<\/a><\/blockquote><iframe sandbox=\"allow-scripts\" security=\"restricted\" src=\"https:\/\/www.steveelkas.com\/en\/obituaries\/mme-france-martineau\/embed\/#?secret=UMXJGCpoL5\" width=\"600\" height=\"338\" title=\"&#8220;Mme France Martineau&#8221; &#8212; Steve L. Elkas Funeral Home\" data-secret=\"UMXJGCpoL5\" frameborder=\"0\" marginwidth=\"0\" marginheight=\"0\" scrolling=\"no\" class=\"wp-embedded-content\"><\/iframe><script type=\"text\/javascript\">\n\/* <![CDATA[ *\/\n\/*! This file is auto-generated *\/\n!function(d,l){\"use strict\";l.querySelector&&d.addEventListener&&\"undefined\"!=typeof URL&&(d.wp=d.wp||{},d.wp.receiveEmbedMessage||(d.wp.receiveEmbedMessage=function(e){var t=e.data;if((t||t.secret||t.message||t.value)&&!\/[^a-zA-Z0-9]\/.test(t.secret)){for(var s,r,n,a=l.querySelectorAll('iframe[data-secret=\"'+t.secret+'\"]'),o=l.querySelectorAll('blockquote[data-secret=\"'+t.secret+'\"]'),c=new RegExp(\"^https?:$\",\"i\"),i=0;i<o.length;i++)o[i].style.display=\"none\";for(i=0;i<a.length;i++)s=a[i],e.source===s.contentWindow&&(s.removeAttribute(\"style\"),\"height\"===t.message?(1e3<(r=parseInt(t.value,10))?r=1e3:~~r<200&&(r=200),s.height=r):\"link\"===t.message&&(r=new URL(s.getAttribute(\"src\")),n=new URL(t.value),c.test(n.protocol))&&n.host===r.host&&l.activeElement===s&&(d.top.location.href=t.value))}},d.addEventListener(\"message\",d.wp.receiveEmbedMessage,!1),l.addEventListener(\"DOMContentLoaded\",function(){for(var e,t,s=l.querySelectorAll(\"iframe.wp-embedded-content\"),r=0;r<s.length;r++)(t=(e=s[r]).getAttribute(\"data-secret\"))||(t=Math.random().toString(36).substring(2,12),e.src+=\"#?secret=\"+t,e.setAttribute(\"data-secret\",t)),e.contentWindow.postMessage({message:\"ready\",secret:t},\"*\")},!1)))}(window,document);\n\/\/# sourceURL=https:\/\/www.steveelkas.com\/wp-includes\/js\/wp-embed.min.js\n\/* ]]> *\/\n<\/script>\n","thumbnail_url":"https:\/\/www.steveelkas.com\/wp-content\/uploads\/2023\/03\/France-Martineau.png","thumbnail_width":345,"thumbnail_height":432,"description":"\u00c0 Sherbrooke, le 24 f\u00e9vrier 2023, \u00e0 l&#8217;\u00e2ge de 67 ans, est d\u00e9c\u00e9d\u00e9e Mme France Martineau, conjointe de Denis Drouin et fille de feu Hercule Martineau et de feu Carmen Genesse. La famille recevra les condol\u00e9ances \u00e0 la R\u00e9sidence fun\u00e9raire Steve Elkas (601, rue du Conseil, Sherbrooke) vendredi le 3 mars de 19h00 \u00e0 21h00 [&hellip;]"}

À Sherbrooke, le 24 février 2023, à l&#8217;âge de 67 ans, est décédée Mme France Martineau, conjointe de Denis Drouin et fille de feu Hercule Martineau et de feu Carmen Genesse. La famille recevra les condoléances à la Résidence funéraire Steve Elkas (601, rue du Conseil, Sherbrooke) vendredi le 3 mars de 19h00 à 21h00 [&hellip;]
