{"version":"1.0","provider_name":"Steve L. Elkas Funeral Home","provider_url":"https:\/\/www.steveelkas.com\/en\/","title":"Mme Francine Roy &#8212; Steve L. Elkas Funeral Home","type":"rich","width":600,"height":338,"html":"<blockquote class=\"wp-embedded-content\" data-secret=\"CwWvBS0I17\"><a href=\"https:\/\/www.steveelkas.com\/en\/obituaries\/mme-francine-roy-2\/\">Mme Francine Roy<\/a><\/blockquote><iframe sandbox=\"allow-scripts\" security=\"restricted\" src=\"https:\/\/www.steveelkas.com\/en\/obituaries\/mme-francine-roy-2\/embed\/#?secret=CwWvBS0I17\" width=\"600\" height=\"338\" title=\"&#8220;Mme Francine Roy&#8221; &#8212; Steve L. Elkas Funeral Home\" data-secret=\"CwWvBS0I17\" frameborder=\"0\" marginwidth=\"0\" marginheight=\"0\" scrolling=\"no\" class=\"wp-embedded-content\"><\/iframe><script type=\"text\/javascript\">\n\/* <![CDATA[ *\/\n\/*! This file is auto-generated *\/\n!function(d,l){\"use strict\";l.querySelector&&d.addEventListener&&\"undefined\"!=typeof URL&&(d.wp=d.wp||{},d.wp.receiveEmbedMessage||(d.wp.receiveEmbedMessage=function(e){var t=e.data;if((t||t.secret||t.message||t.value)&&!\/[^a-zA-Z0-9]\/.test(t.secret)){for(var s,r,n,a=l.querySelectorAll('iframe[data-secret=\"'+t.secret+'\"]'),o=l.querySelectorAll('blockquote[data-secret=\"'+t.secret+'\"]'),c=new RegExp(\"^https?:$\",\"i\"),i=0;i<o.length;i++)o[i].style.display=\"none\";for(i=0;i<a.length;i++)s=a[i],e.source===s.contentWindow&&(s.removeAttribute(\"style\"),\"height\"===t.message?(1e3<(r=parseInt(t.value,10))?r=1e3:~~r<200&&(r=200),s.height=r):\"link\"===t.message&&(r=new URL(s.getAttribute(\"src\")),n=new URL(t.value),c.test(n.protocol))&&n.host===r.host&&l.activeElement===s&&(d.top.location.href=t.value))}},d.addEventListener(\"message\",d.wp.receiveEmbedMessage,!1),l.addEventListener(\"DOMContentLoaded\",function(){for(var e,t,s=l.querySelectorAll(\"iframe.wp-embedded-content\"),r=0;r<s.length;r++)(t=(e=s[r]).getAttribute(\"data-secret\"))||(t=Math.random().toString(36).substring(2,12),e.src+=\"#?secret=\"+t,e.setAttribute(\"data-secret\",t)),e.contentWindow.postMessage({message:\"ready\",secret:t},\"*\")},!1)))}(window,document);\n\/\/# sourceURL=https:\/\/www.steveelkas.com\/wp-includes\/js\/wp-embed.min.js\n\/* ]]> *\/\n<\/script>\n","thumbnail_url":"https:\/\/www.steveelkas.com\/wp-content\/uploads\/2022\/05\/Francine-Roy-2-1.jpg","thumbnail_width":486,"thumbnail_height":552,"description":"C\u2019est avec une tristesse infinie que nous vous annon\u00e7ons le d\u00e9c\u00e8s de Madame Fran\u00e7ine Roy. Elle s\u2019est \u00e9teinte toute en douceur, entour\u00e9e de sa famille, \u00e0 Sherbrooke le 28 Avril 2022 \u00e0 l\u2019\u00e2ge de 73 ans.\u00a0 Elle \u00e9tait la fille de feu Barth\u00e9l\u00e9my Roy et de feu Th\u00e9r\u00e8se Robert. Madame Roy laisse dans le deuil [&hellip;]"}

C’est avec une tristesse infinie que nous vous annonçons le décès de Madame Françine Roy. Elle s’est éteinte toute en douceur, entourée de sa famille, à Sherbrooke le 28 Avril 2022 à l’âge de 73 ans.  Elle était la fille de feu Barthélémy Roy et de feu Thérèse Robert. Madame Roy laisse dans le deuil [&hellip;]
