{"version":"1.0","provider_name":"Steve L. Elkas Funeral Home","provider_url":"https:\/\/www.steveelkas.com\/en\/","title":"Mme Fran\u00e7oise Bergeron &#8212; Steve L. Elkas Funeral Home","type":"rich","width":600,"height":338,"html":"<blockquote class=\"wp-embedded-content\" data-secret=\"7WrqlzhR7j\"><a href=\"https:\/\/www.steveelkas.com\/en\/obituaries\/mme-francoise-bergeron\/\">Mme Fran\u00e7oise Bergeron<\/a><\/blockquote><iframe sandbox=\"allow-scripts\" security=\"restricted\" src=\"https:\/\/www.steveelkas.com\/en\/obituaries\/mme-francoise-bergeron\/embed\/#?secret=7WrqlzhR7j\" width=\"600\" height=\"338\" title=\"&#8220;Mme Fran\u00e7oise Bergeron&#8221; &#8212; Steve L. Elkas Funeral Home\" data-secret=\"7WrqlzhR7j\" frameborder=\"0\" marginwidth=\"0\" marginheight=\"0\" scrolling=\"no\" class=\"wp-embedded-content\"><\/iframe><script type=\"text\/javascript\">\n\/* <![CDATA[ *\/\n\/*! This file is auto-generated *\/\n!function(d,l){\"use strict\";l.querySelector&&d.addEventListener&&\"undefined\"!=typeof URL&&(d.wp=d.wp||{},d.wp.receiveEmbedMessage||(d.wp.receiveEmbedMessage=function(e){var t=e.data;if((t||t.secret||t.message||t.value)&&!\/[^a-zA-Z0-9]\/.test(t.secret)){for(var s,r,n,a=l.querySelectorAll('iframe[data-secret=\"'+t.secret+'\"]'),o=l.querySelectorAll('blockquote[data-secret=\"'+t.secret+'\"]'),c=new RegExp(\"^https?:$\",\"i\"),i=0;i<o.length;i++)o[i].style.display=\"none\";for(i=0;i<a.length;i++)s=a[i],e.source===s.contentWindow&&(s.removeAttribute(\"style\"),\"height\"===t.message?(1e3<(r=parseInt(t.value,10))?r=1e3:~~r<200&&(r=200),s.height=r):\"link\"===t.message&&(r=new URL(s.getAttribute(\"src\")),n=new URL(t.value),c.test(n.protocol))&&n.host===r.host&&l.activeElement===s&&(d.top.location.href=t.value))}},d.addEventListener(\"message\",d.wp.receiveEmbedMessage,!1),l.addEventListener(\"DOMContentLoaded\",function(){for(var e,t,s=l.querySelectorAll(\"iframe.wp-embedded-content\"),r=0;r<s.length;r++)(t=(e=s[r]).getAttribute(\"data-secret\"))||(t=Math.random().toString(36).substring(2,12),e.src+=\"#?secret=\"+t,e.setAttribute(\"data-secret\",t)),e.contentWindow.postMessage({message:\"ready\",secret:t},\"*\")},!1)))}(window,document);\n\/\/# sourceURL=https:\/\/www.steveelkas.com\/wp-includes\/js\/wp-embed.min.js\n\/* ]]> *\/\n<\/script>\n","thumbnail_url":"https:\/\/www.steveelkas.com\/wp-content\/uploads\/2022\/08\/Francoise-Bergeron105.jpg","thumbnail_width":1535,"thumbnail_height":2162,"description":"Mme Fran\u00e7oise Bergeron\u00a0 \u00a0 \u00a0 \u00a0( 1949 \u2013 2022 ) Le 3 juin 2022 au centre d\u2019h\u00e9bergement Youville de Sherbrooke, s\u2019est \u00e9teinte Madame Fran\u00e7oise Bergeron \u00e2g\u00e9e de 73 ans. Elle \u00e9tait la fille de\u00a0 Alphonse Bergeron et de feu Th\u00e9r\u00e8se Cliche. Madame Bergeron laisse dans le deuil sa fille Annie St-Hilaire (Patrick Wolff); ses petits-enfants [&hellip;]"}

Mme Françoise Bergeron &#8212; Steve L. Elkas Funeral Home

<blockquote class="wp-embedded-content" data-secret="7WrqlzhR7j"><a href="https://www.steveelkas.com/en/obituaries/mme-francoise-bergeron/">Mme Françoise Bergeron</a></blockquote><iframe sandbox="allow-scripts" security="restricted" src="https://www.steveelkas.com/en/obituaries/mme-francoise-bergeron/embed/#?secret=7WrqlzhR7j" width="600" height="338" title="&#8220;Mme Françoise Bergeron&#8221; &#8212; Steve L. Elkas Funeral Home" data-secret="7WrqlzhR7j" frameborder="0" marginwidth="0" marginheight="0" scrolling="no" class="wp-embedded-content"></iframe><script type="text/javascript">
/* <![CDATA[ */
/*! This file is auto-generated */
!function(d,l){"use strict";l.querySelector&&d.addEventListener&&"undefined"!=typeof URL&&(d.wp=d.wp||{},d.wp.receiveEmbedMessage||(d.wp.receiveEmbedMessage=function(e){var t=e.data;if((t||t.secret||t.message||t.value)&&!/[^a-zA-Z0-9]/.test(t.secret)){for(var s,r,n,a=l.querySelectorAll('iframe[data-secret="'+t.secret+'"]'),o=l.querySelectorAll('blockquote[data-secret="'+t.secret+'"]'),c=new RegExp("^https?:$","i"),i=0;i<o.length;i++)o[i].style.display="none";for(i=0;i<a.length;i++)s=a[i],e.source===s.contentWindow&&(s.removeAttribute("style"),"height"===t.message?(1e3<(r=parseInt(t.value,10))?r=1e3:~~r<200&&(r=200),s.height=r):"link"===t.message&&(r=new URL(s.getAttribute("src")),n=new URL(t.value),c.test(n.protocol))&&n.host===r.host&&l.activeElement===s&&(d.top.location.href=t.value))}},d.addEventListener("message",d.wp.receiveEmbedMessage,!1),l.addEventListener("DOMContentLoaded",function(){for(var e,t,s=l.querySelectorAll("iframe.wp-embedded-content"),r=0;r<s.length;r++)(t=(e=s[r]).getAttribute("data-secret"))||(t=Math.random().toString(36).substring(2,12),e.src+="#?secret="+t,e.setAttribute("data-secret",t)),e.contentWindow.postMessage({message:"ready",secret:t},"*")},!1)))}(window,document);
//# sourceURL=https://www.steveelkas.com/wp-includes/js/wp-embed.min.js
/* ]]> */
</script>

Mme Françoise Bergeron       ( 1949 – 2022 ) Le 3 juin 2022 au centre d’hébergement Youville de Sherbrooke, s’est éteinte Madame Françoise Bergeron âgée de 73 ans. Elle était la fille de  Alphonse Bergeron et de feu Thérèse Cliche. Madame Bergeron laisse dans le deuil sa fille Annie St-Hilaire (Patrick Wolff); ses petits-enfants [&hellip;]
