{"version":"1.0","provider_name":"Steve L. Elkas Funeral Home","provider_url":"https:\/\/www.steveelkas.com\/en\/","title":"Mme Ghislaine Fortin Grenier &#8212; Steve L. Elkas Funeral Home","type":"rich","width":600,"height":338,"html":"<blockquote class=\"wp-embedded-content\" data-secret=\"ReVM4iidzZ\"><a href=\"https:\/\/www.steveelkas.com\/en\/obituaries\/mme-ghislaine-fortin-grenier\/\">Mme Ghislaine Fortin Grenier<\/a><\/blockquote><iframe sandbox=\"allow-scripts\" security=\"restricted\" src=\"https:\/\/www.steveelkas.com\/en\/obituaries\/mme-ghislaine-fortin-grenier\/embed\/#?secret=ReVM4iidzZ\" width=\"600\" height=\"338\" title=\"&#8220;Mme Ghislaine Fortin Grenier&#8221; &#8212; Steve L. Elkas Funeral Home\" data-secret=\"ReVM4iidzZ\" frameborder=\"0\" marginwidth=\"0\" marginheight=\"0\" scrolling=\"no\" class=\"wp-embedded-content\"><\/iframe><script type=\"text\/javascript\">\n\/* <![CDATA[ *\/\n\/*! This file is auto-generated *\/\n!function(d,l){\"use strict\";l.querySelector&&d.addEventListener&&\"undefined\"!=typeof URL&&(d.wp=d.wp||{},d.wp.receiveEmbedMessage||(d.wp.receiveEmbedMessage=function(e){var t=e.data;if((t||t.secret||t.message||t.value)&&!\/[^a-zA-Z0-9]\/.test(t.secret)){for(var s,r,n,a=l.querySelectorAll('iframe[data-secret=\"'+t.secret+'\"]'),o=l.querySelectorAll('blockquote[data-secret=\"'+t.secret+'\"]'),c=new RegExp(\"^https?:$\",\"i\"),i=0;i<o.length;i++)o[i].style.display=\"none\";for(i=0;i<a.length;i++)s=a[i],e.source===s.contentWindow&&(s.removeAttribute(\"style\"),\"height\"===t.message?(1e3<(r=parseInt(t.value,10))?r=1e3:~~r<200&&(r=200),s.height=r):\"link\"===t.message&&(r=new URL(s.getAttribute(\"src\")),n=new URL(t.value),c.test(n.protocol))&&n.host===r.host&&l.activeElement===s&&(d.top.location.href=t.value))}},d.addEventListener(\"message\",d.wp.receiveEmbedMessage,!1),l.addEventListener(\"DOMContentLoaded\",function(){for(var e,t,s=l.querySelectorAll(\"iframe.wp-embedded-content\"),r=0;r<s.length;r++)(t=(e=s[r]).getAttribute(\"data-secret\"))||(t=Math.random().toString(36).substring(2,12),e.src+=\"#?secret=\"+t,e.setAttribute(\"data-secret\",t)),e.contentWindow.postMessage({message:\"ready\",secret:t},\"*\")},!1)))}(window,document);\n\/\/# sourceURL=https:\/\/www.steveelkas.com\/wp-includes\/js\/wp-embed.min.js\n\/* ]]> *\/\n<\/script>\n","thumbnail_url":"https:\/\/www.steveelkas.com\/wp-content\/uploads\/2022\/08\/ghislaine-fortin-2153-scaled.jpg","thumbnail_width":1904,"thumbnail_height":2560,"description":"Mme\u00a0 Ghislaine \u00a0Fortin Grenier ( 1941 \u2013 2022 ) Au CHUS Fleurimont de Sherbrooke, le 9 ao\u00fbt 2022, est d\u00e9c\u00e9d\u00e9e Mme Ghislaine Fortin, \u00e9pouse de Gaston Grenier.\u00a0 Elle demeurait \u00e0 Sherbrooke. Outre son \u00e9poux, elle laisse dans le deuil ses enfants Patrick (France) \u00a0et Eric (Isabelle), ses petits-enfants\u00a0: Samuel, Mathieu,\u00a0 F\u00e9lix, Cassiop\u00e9e, Gabriel et Ludovic, [&hellip;]"}

Mme  Ghislaine  Fortin Grenier ( 1941 – 2022 ) Au CHUS Fleurimont de Sherbrooke, le 9 août 2022, est décédée Mme Ghislaine Fortin, épouse de Gaston Grenier.  Elle demeurait à Sherbrooke. Outre son époux, elle laisse dans le deuil ses enfants Patrick (France)  et Eric (Isabelle), ses petits-enfants : Samuel, Mathieu,  Félix, Cassiopée, Gabriel et Ludovic, [&hellip;]
