{"version":"1.0","provider_name":"Steve L. Elkas Funeral Home","provider_url":"https:\/\/www.steveelkas.com\/en\/","title":"Mme Ginette Bra\u00fcn Charest &#8212; Steve L. Elkas Funeral Home","type":"rich","width":600,"height":338,"html":"<blockquote class=\"wp-embedded-content\" data-secret=\"nwtgZqHt7M\"><a href=\"https:\/\/www.steveelkas.com\/en\/obituaries\/mme-ginette-braun-charetst\/\">Mme Ginette Bra\u00fcn Charest<\/a><\/blockquote><iframe sandbox=\"allow-scripts\" security=\"restricted\" src=\"https:\/\/www.steveelkas.com\/en\/obituaries\/mme-ginette-braun-charetst\/embed\/#?secret=nwtgZqHt7M\" width=\"600\" height=\"338\" title=\"&#8220;Mme Ginette Bra\u00fcn Charest&#8221; &#8212; Steve L. Elkas Funeral Home\" data-secret=\"nwtgZqHt7M\" frameborder=\"0\" marginwidth=\"0\" marginheight=\"0\" scrolling=\"no\" class=\"wp-embedded-content\"><\/iframe><script type=\"text\/javascript\">\n\/* <![CDATA[ *\/\n\/*! This file is auto-generated *\/\n!function(d,l){\"use strict\";l.querySelector&&d.addEventListener&&\"undefined\"!=typeof URL&&(d.wp=d.wp||{},d.wp.receiveEmbedMessage||(d.wp.receiveEmbedMessage=function(e){var t=e.data;if((t||t.secret||t.message||t.value)&&!\/[^a-zA-Z0-9]\/.test(t.secret)){for(var s,r,n,a=l.querySelectorAll('iframe[data-secret=\"'+t.secret+'\"]'),o=l.querySelectorAll('blockquote[data-secret=\"'+t.secret+'\"]'),c=new RegExp(\"^https?:$\",\"i\"),i=0;i<o.length;i++)o[i].style.display=\"none\";for(i=0;i<a.length;i++)s=a[i],e.source===s.contentWindow&&(s.removeAttribute(\"style\"),\"height\"===t.message?(1e3<(r=parseInt(t.value,10))?r=1e3:~~r<200&&(r=200),s.height=r):\"link\"===t.message&&(r=new URL(s.getAttribute(\"src\")),n=new URL(t.value),c.test(n.protocol))&&n.host===r.host&&l.activeElement===s&&(d.top.location.href=t.value))}},d.addEventListener(\"message\",d.wp.receiveEmbedMessage,!1),l.addEventListener(\"DOMContentLoaded\",function(){for(var e,t,s=l.querySelectorAll(\"iframe.wp-embedded-content\"),r=0;r<s.length;r++)(t=(e=s[r]).getAttribute(\"data-secret\"))||(t=Math.random().toString(36).substring(2,12),e.src+=\"#?secret=\"+t,e.setAttribute(\"data-secret\",t)),e.contentWindow.postMessage({message:\"ready\",secret:t},\"*\")},!1)))}(window,document);\n\/\/# sourceURL=https:\/\/www.steveelkas.com\/wp-includes\/js\/wp-embed.min.js\n\/* ]]> *\/\n<\/script>\n","thumbnail_url":"https:\/\/www.steveelkas.com\/wp-content\/uploads\/2023\/02\/Ginette-Braun.jpg","thumbnail_width":1186,"thumbnail_height":1483,"description":"Au Centre hospitalier H\u00f4tel-Dieu de Sherbrooke, \u00e0 l\u2019\u00e2ge de 93 ans, est d\u00e9c\u00e9d\u00e9e notre ch\u00e8re maman Ginette, conjointe de feu Maurice R. Charest. La famille recevra les condol\u00e9ances au Complexe fun\u00e9raire Steve Elkas (4230, rue Bertrand-Fabi, Sherbrooke) le samedi 13 mai 2023 \u00e0 compter de 10 h. Une c\u00e9r\u00e9monie religieuse suivra \u00e0 12 h \u00e0 [&hellip;]"}

Mme Ginette Braün Charest &#8212; Steve L. Elkas Funeral Home

<blockquote class="wp-embedded-content" data-secret="nwtgZqHt7M"><a href="https://www.steveelkas.com/en/obituaries/mme-ginette-braun-charetst/">Mme Ginette Braün Charest</a></blockquote><iframe sandbox="allow-scripts" security="restricted" src="https://www.steveelkas.com/en/obituaries/mme-ginette-braun-charetst/embed/#?secret=nwtgZqHt7M" width="600" height="338" title="&#8220;Mme Ginette Braün Charest&#8221; &#8212; Steve L. Elkas Funeral Home" data-secret="nwtgZqHt7M" frameborder="0" marginwidth="0" marginheight="0" scrolling="no" class="wp-embedded-content"></iframe><script type="text/javascript">
/* <![CDATA[ */
/*! This file is auto-generated */
!function(d,l){"use strict";l.querySelector&&d.addEventListener&&"undefined"!=typeof URL&&(d.wp=d.wp||{},d.wp.receiveEmbedMessage||(d.wp.receiveEmbedMessage=function(e){var t=e.data;if((t||t.secret||t.message||t.value)&&!/[^a-zA-Z0-9]/.test(t.secret)){for(var s,r,n,a=l.querySelectorAll('iframe[data-secret="'+t.secret+'"]'),o=l.querySelectorAll('blockquote[data-secret="'+t.secret+'"]'),c=new RegExp("^https?:$","i"),i=0;i<o.length;i++)o[i].style.display="none";for(i=0;i<a.length;i++)s=a[i],e.source===s.contentWindow&&(s.removeAttribute("style"),"height"===t.message?(1e3<(r=parseInt(t.value,10))?r=1e3:~~r<200&&(r=200),s.height=r):"link"===t.message&&(r=new URL(s.getAttribute("src")),n=new URL(t.value),c.test(n.protocol))&&n.host===r.host&&l.activeElement===s&&(d.top.location.href=t.value))}},d.addEventListener("message",d.wp.receiveEmbedMessage,!1),l.addEventListener("DOMContentLoaded",function(){for(var e,t,s=l.querySelectorAll("iframe.wp-embedded-content"),r=0;r<s.length;r++)(t=(e=s[r]).getAttribute("data-secret"))||(t=Math.random().toString(36).substring(2,12),e.src+="#?secret="+t,e.setAttribute("data-secret",t)),e.contentWindow.postMessage({message:"ready",secret:t},"*")},!1)))}(window,document);
//# sourceURL=https://www.steveelkas.com/wp-includes/js/wp-embed.min.js
/* ]]> */
</script>

Au Centre hospitalier Hôtel-Dieu de Sherbrooke, à l’âge de 93 ans, est décédée notre chère maman Ginette, conjointe de feu Maurice R. Charest. La famille recevra les condoléances au Complexe funéraire Steve Elkas (4230, rue Bertrand-Fabi, Sherbrooke) le samedi 13 mai 2023 à compter de 10 h. Une cérémonie religieuse suivra à 12 h à [&hellip;]
