{"version":"1.0","provider_name":"Steve L. Elkas Funeral Home","provider_url":"https:\/\/www.steveelkas.com\/en\/","title":"Mme Gys\u00e8le Tardif Lachapelle &#8212; Steve L. Elkas Funeral Home","type":"rich","width":600,"height":338,"html":"<blockquote class=\"wp-embedded-content\" data-secret=\"fxhYuBqGdu\"><a href=\"https:\/\/www.steveelkas.com\/en\/obituaries\/mme-gysele-tardif-lachapelle\/\">Mme Gys\u00e8le Tardif Lachapelle<\/a><\/blockquote><iframe sandbox=\"allow-scripts\" security=\"restricted\" src=\"https:\/\/www.steveelkas.com\/en\/obituaries\/mme-gysele-tardif-lachapelle\/embed\/#?secret=fxhYuBqGdu\" width=\"600\" height=\"338\" title=\"&#8220;Mme Gys\u00e8le Tardif Lachapelle&#8221; &#8212; Steve L. Elkas Funeral Home\" data-secret=\"fxhYuBqGdu\" frameborder=\"0\" marginwidth=\"0\" marginheight=\"0\" scrolling=\"no\" class=\"wp-embedded-content\"><\/iframe><script type=\"text\/javascript\">\n\/* <![CDATA[ *\/\n\/*! This file is auto-generated *\/\n!function(d,l){\"use strict\";l.querySelector&&d.addEventListener&&\"undefined\"!=typeof URL&&(d.wp=d.wp||{},d.wp.receiveEmbedMessage||(d.wp.receiveEmbedMessage=function(e){var t=e.data;if((t||t.secret||t.message||t.value)&&!\/[^a-zA-Z0-9]\/.test(t.secret)){for(var s,r,n,a=l.querySelectorAll('iframe[data-secret=\"'+t.secret+'\"]'),o=l.querySelectorAll('blockquote[data-secret=\"'+t.secret+'\"]'),c=new RegExp(\"^https?:$\",\"i\"),i=0;i<o.length;i++)o[i].style.display=\"none\";for(i=0;i<a.length;i++)s=a[i],e.source===s.contentWindow&&(s.removeAttribute(\"style\"),\"height\"===t.message?(1e3<(r=parseInt(t.value,10))?r=1e3:~~r<200&&(r=200),s.height=r):\"link\"===t.message&&(r=new URL(s.getAttribute(\"src\")),n=new URL(t.value),c.test(n.protocol))&&n.host===r.host&&l.activeElement===s&&(d.top.location.href=t.value))}},d.addEventListener(\"message\",d.wp.receiveEmbedMessage,!1),l.addEventListener(\"DOMContentLoaded\",function(){for(var e,t,s=l.querySelectorAll(\"iframe.wp-embedded-content\"),r=0;r<s.length;r++)(t=(e=s[r]).getAttribute(\"data-secret\"))||(t=Math.random().toString(36).substring(2,12),e.src+=\"#?secret=\"+t,e.setAttribute(\"data-secret\",t)),e.contentWindow.postMessage({message:\"ready\",secret:t},\"*\")},!1)))}(window,document);\n\/\/# sourceURL=https:\/\/www.steveelkas.com\/wp-includes\/js\/wp-embed.min.js\n\/* ]]> *\/\n<\/script>\n","thumbnail_url":"https:\/\/www.steveelkas.com\/wp-content\/uploads\/2026\/04\/Gisele-Tardif.jpg","thumbnail_width":408,"thumbnail_height":550,"description":"C\u2019est avec beaucoup d\u2019\u00e9motion que nous vous annon\u00e7ons le d\u00e9c\u00e8s de Gys\u00e8le Tardif Lachapelle. Elle s\u2019est \u00e9teinte paisiblement le 21 avril 2026 \u00e0 l\u2019\u00e2ge de 82 ans. Elle \u00e9tait la fille de feu Laurent Tardif et de feu Lucienne Dargie. Elle laisse dans le deuil son mari Raymond Lachapelle; ses enfants\u00a0: \u00c9ric (Yanet Attara), Julie [&hellip;]"}

Mme Gysèle Tardif Lachapelle &#8212; Steve L. Elkas Funeral Home

<blockquote class="wp-embedded-content" data-secret="fxhYuBqGdu"><a href="https://www.steveelkas.com/en/obituaries/mme-gysele-tardif-lachapelle/">Mme Gysèle Tardif Lachapelle</a></blockquote><iframe sandbox="allow-scripts" security="restricted" src="https://www.steveelkas.com/en/obituaries/mme-gysele-tardif-lachapelle/embed/#?secret=fxhYuBqGdu" width="600" height="338" title="&#8220;Mme Gysèle Tardif Lachapelle&#8221; &#8212; Steve L. Elkas Funeral Home" data-secret="fxhYuBqGdu" frameborder="0" marginwidth="0" marginheight="0" scrolling="no" class="wp-embedded-content"></iframe><script type="text/javascript">
/* <![CDATA[ */
/*! This file is auto-generated */
!function(d,l){"use strict";l.querySelector&&d.addEventListener&&"undefined"!=typeof URL&&(d.wp=d.wp||{},d.wp.receiveEmbedMessage||(d.wp.receiveEmbedMessage=function(e){var t=e.data;if((t||t.secret||t.message||t.value)&&!/[^a-zA-Z0-9]/.test(t.secret)){for(var s,r,n,a=l.querySelectorAll('iframe[data-secret="'+t.secret+'"]'),o=l.querySelectorAll('blockquote[data-secret="'+t.secret+'"]'),c=new RegExp("^https?:$","i"),i=0;i<o.length;i++)o[i].style.display="none";for(i=0;i<a.length;i++)s=a[i],e.source===s.contentWindow&&(s.removeAttribute("style"),"height"===t.message?(1e3<(r=parseInt(t.value,10))?r=1e3:~~r<200&&(r=200),s.height=r):"link"===t.message&&(r=new URL(s.getAttribute("src")),n=new URL(t.value),c.test(n.protocol))&&n.host===r.host&&l.activeElement===s&&(d.top.location.href=t.value))}},d.addEventListener("message",d.wp.receiveEmbedMessage,!1),l.addEventListener("DOMContentLoaded",function(){for(var e,t,s=l.querySelectorAll("iframe.wp-embedded-content"),r=0;r<s.length;r++)(t=(e=s[r]).getAttribute("data-secret"))||(t=Math.random().toString(36).substring(2,12),e.src+="#?secret="+t,e.setAttribute("data-secret",t)),e.contentWindow.postMessage({message:"ready",secret:t},"*")},!1)))}(window,document);
//# sourceURL=https://www.steveelkas.com/wp-includes/js/wp-embed.min.js
/* ]]> */
</script>

C’est avec beaucoup d’émotion que nous vous annonçons le décès de Gysèle Tardif Lachapelle. Elle s’est éteinte paisiblement le 21 avril 2026 à l’âge de 82 ans. Elle était la fille de feu Laurent Tardif et de feu Lucienne Dargie. Elle laisse dans le deuil son mari Raymond Lachapelle; ses enfants : Éric (Yanet Attara), Julie [&hellip;]
