{"version":"1.0","provider_name":"Steve L. Elkas Funeral Home","provider_url":"https:\/\/www.steveelkas.com\/en\/","title":"Mme H\u00e9l\u00e8ne Fortier Charlebois &#8212; Steve L. Elkas Funeral Home","type":"rich","width":600,"height":338,"html":"<blockquote class=\"wp-embedded-content\" data-secret=\"cGUpHyLGOG\"><a href=\"https:\/\/www.steveelkas.com\/en\/obituaries\/mme-helene-fortier-charlevoix\/\">Mme H\u00e9l\u00e8ne Fortier Charlebois<\/a><\/blockquote><iframe sandbox=\"allow-scripts\" security=\"restricted\" src=\"https:\/\/www.steveelkas.com\/en\/obituaries\/mme-helene-fortier-charlevoix\/embed\/#?secret=cGUpHyLGOG\" width=\"600\" height=\"338\" title=\"&#8220;Mme H\u00e9l\u00e8ne Fortier Charlebois&#8221; &#8212; Steve L. Elkas Funeral Home\" data-secret=\"cGUpHyLGOG\" frameborder=\"0\" marginwidth=\"0\" marginheight=\"0\" scrolling=\"no\" class=\"wp-embedded-content\"><\/iframe><script type=\"text\/javascript\">\n\/* <![CDATA[ *\/\n\/*! This file is auto-generated *\/\n!function(d,l){\"use strict\";l.querySelector&&d.addEventListener&&\"undefined\"!=typeof URL&&(d.wp=d.wp||{},d.wp.receiveEmbedMessage||(d.wp.receiveEmbedMessage=function(e){var t=e.data;if((t||t.secret||t.message||t.value)&&!\/[^a-zA-Z0-9]\/.test(t.secret)){for(var s,r,n,a=l.querySelectorAll('iframe[data-secret=\"'+t.secret+'\"]'),o=l.querySelectorAll('blockquote[data-secret=\"'+t.secret+'\"]'),c=new RegExp(\"^https?:$\",\"i\"),i=0;i<o.length;i++)o[i].style.display=\"none\";for(i=0;i<a.length;i++)s=a[i],e.source===s.contentWindow&&(s.removeAttribute(\"style\"),\"height\"===t.message?(1e3<(r=parseInt(t.value,10))?r=1e3:~~r<200&&(r=200),s.height=r):\"link\"===t.message&&(r=new URL(s.getAttribute(\"src\")),n=new URL(t.value),c.test(n.protocol))&&n.host===r.host&&l.activeElement===s&&(d.top.location.href=t.value))}},d.addEventListener(\"message\",d.wp.receiveEmbedMessage,!1),l.addEventListener(\"DOMContentLoaded\",function(){for(var e,t,s=l.querySelectorAll(\"iframe.wp-embedded-content\"),r=0;r<s.length;r++)(t=(e=s[r]).getAttribute(\"data-secret\"))||(t=Math.random().toString(36).substring(2,12),e.src+=\"#?secret=\"+t,e.setAttribute(\"data-secret\",t)),e.contentWindow.postMessage({message:\"ready\",secret:t},\"*\")},!1)))}(window,document);\n\/\/# sourceURL=https:\/\/www.steveelkas.com\/wp-includes\/js\/wp-embed.min.js\n\/* ]]> *\/\n<\/script>\n","thumbnail_url":"https:\/\/www.steveelkas.com\/wp-content\/uploads\/2023\/03\/Heleene-Fortier250-002.jpg","thumbnail_width":770,"thumbnail_height":863,"description":"A Sherbrooke, le 11 mars 2023 \u00e0 l\u2019Age de 90 est d\u00e9c\u00e9d\u00e9e H\u00e9l\u00e8ne Fortier \u00e9pouse de feu Roger Charlebois demeurant \u00e0 Sherbrooke. Elle \u00e9tait la fille de feu Wilfrid Fortier et de Feu Annette Savoie. Elle est partie rejoindre son \u00e9poux. Elle laisse dans le deuil ses trois fils ; Daniel Gaudette (feu Lucie Dolbec), [&hellip;]"}

Mme Hélène Fortier Charlebois &#8212; Steve L. Elkas Funeral Home

<blockquote class="wp-embedded-content" data-secret="cGUpHyLGOG"><a href="https://www.steveelkas.com/en/obituaries/mme-helene-fortier-charlevoix/">Mme Hélène Fortier Charlebois</a></blockquote><iframe sandbox="allow-scripts" security="restricted" src="https://www.steveelkas.com/en/obituaries/mme-helene-fortier-charlevoix/embed/#?secret=cGUpHyLGOG" width="600" height="338" title="&#8220;Mme Hélène Fortier Charlebois&#8221; &#8212; Steve L. Elkas Funeral Home" data-secret="cGUpHyLGOG" frameborder="0" marginwidth="0" marginheight="0" scrolling="no" class="wp-embedded-content"></iframe><script type="text/javascript">
/* <![CDATA[ */
/*! This file is auto-generated */
!function(d,l){"use strict";l.querySelector&&d.addEventListener&&"undefined"!=typeof URL&&(d.wp=d.wp||{},d.wp.receiveEmbedMessage||(d.wp.receiveEmbedMessage=function(e){var t=e.data;if((t||t.secret||t.message||t.value)&&!/[^a-zA-Z0-9]/.test(t.secret)){for(var s,r,n,a=l.querySelectorAll('iframe[data-secret="'+t.secret+'"]'),o=l.querySelectorAll('blockquote[data-secret="'+t.secret+'"]'),c=new RegExp("^https?:$","i"),i=0;i<o.length;i++)o[i].style.display="none";for(i=0;i<a.length;i++)s=a[i],e.source===s.contentWindow&&(s.removeAttribute("style"),"height"===t.message?(1e3<(r=parseInt(t.value,10))?r=1e3:~~r<200&&(r=200),s.height=r):"link"===t.message&&(r=new URL(s.getAttribute("src")),n=new URL(t.value),c.test(n.protocol))&&n.host===r.host&&l.activeElement===s&&(d.top.location.href=t.value))}},d.addEventListener("message",d.wp.receiveEmbedMessage,!1),l.addEventListener("DOMContentLoaded",function(){for(var e,t,s=l.querySelectorAll("iframe.wp-embedded-content"),r=0;r<s.length;r++)(t=(e=s[r]).getAttribute("data-secret"))||(t=Math.random().toString(36).substring(2,12),e.src+="#?secret="+t,e.setAttribute("data-secret",t)),e.contentWindow.postMessage({message:"ready",secret:t},"*")},!1)))}(window,document);
//# sourceURL=https://www.steveelkas.com/wp-includes/js/wp-embed.min.js
/* ]]> */
</script>

A Sherbrooke, le 11 mars 2023 à l’Age de 90 est décédée Hélène Fortier épouse de feu Roger Charlebois demeurant à Sherbrooke. Elle était la fille de feu Wilfrid Fortier et de Feu Annette Savoie. Elle est partie rejoindre son époux. Elle laisse dans le deuil ses trois fils ; Daniel Gaudette (feu Lucie Dolbec), [&hellip;]
