{"version":"1.0","provider_name":"Steve L. Elkas Funeral Home","provider_url":"https:\/\/www.steveelkas.com\/en\/","title":"Mme Huguette (M\u00e9m\u00e9) Pellerin &#8212; Steve L. Elkas Funeral Home","type":"rich","width":600,"height":338,"html":"<blockquote class=\"wp-embedded-content\" data-secret=\"cZem4dH9tx\"><a href=\"https:\/\/www.steveelkas.com\/en\/obituaries\/mme-huguette-meme-pellerin\/\">Mme Huguette (M\u00e9m\u00e9) Pellerin<\/a><\/blockquote><iframe sandbox=\"allow-scripts\" security=\"restricted\" src=\"https:\/\/www.steveelkas.com\/en\/obituaries\/mme-huguette-meme-pellerin\/embed\/#?secret=cZem4dH9tx\" width=\"600\" height=\"338\" title=\"&#8220;Mme Huguette (M\u00e9m\u00e9) Pellerin&#8221; &#8212; Steve L. Elkas Funeral Home\" data-secret=\"cZem4dH9tx\" frameborder=\"0\" marginwidth=\"0\" marginheight=\"0\" scrolling=\"no\" class=\"wp-embedded-content\"><\/iframe><script type=\"text\/javascript\">\n\/* <![CDATA[ *\/\n\/*! This file is auto-generated *\/\n!function(d,l){\"use strict\";l.querySelector&&d.addEventListener&&\"undefined\"!=typeof URL&&(d.wp=d.wp||{},d.wp.receiveEmbedMessage||(d.wp.receiveEmbedMessage=function(e){var t=e.data;if((t||t.secret||t.message||t.value)&&!\/[^a-zA-Z0-9]\/.test(t.secret)){for(var s,r,n,a=l.querySelectorAll('iframe[data-secret=\"'+t.secret+'\"]'),o=l.querySelectorAll('blockquote[data-secret=\"'+t.secret+'\"]'),c=new RegExp(\"^https?:$\",\"i\"),i=0;i<o.length;i++)o[i].style.display=\"none\";for(i=0;i<a.length;i++)s=a[i],e.source===s.contentWindow&&(s.removeAttribute(\"style\"),\"height\"===t.message?(1e3<(r=parseInt(t.value,10))?r=1e3:~~r<200&&(r=200),s.height=r):\"link\"===t.message&&(r=new URL(s.getAttribute(\"src\")),n=new URL(t.value),c.test(n.protocol))&&n.host===r.host&&l.activeElement===s&&(d.top.location.href=t.value))}},d.addEventListener(\"message\",d.wp.receiveEmbedMessage,!1),l.addEventListener(\"DOMContentLoaded\",function(){for(var e,t,s=l.querySelectorAll(\"iframe.wp-embedded-content\"),r=0;r<s.length;r++)(t=(e=s[r]).getAttribute(\"data-secret\"))||(t=Math.random().toString(36).substring(2,12),e.src+=\"#?secret=\"+t,e.setAttribute(\"data-secret\",t)),e.contentWindow.postMessage({message:\"ready\",secret:t},\"*\")},!1)))}(window,document);\n\/\/# sourceURL=https:\/\/www.steveelkas.com\/wp-includes\/js\/wp-embed.min.js\n\/* ]]> *\/\n<\/script>\n","thumbnail_url":"https:\/\/www.steveelkas.com\/wp-content\/uploads\/2020\/02\/Huguette-Pellerin-f\u00e9vrier-2020.jpeg","thumbnail_width":369,"thumbnail_height":527,"description":"Paisiblement et entour\u00e9e des siens, au CHUS H\u00f4tel-Dieu de Sherbrooke, le 19 f\u00e9vrier 2020, \u00e0 l\u2019\u00e2ge de 73 ans, s\u2019est \u00e9teinte Mme Huguette Pellerin, \u00e9pouse d\u2019une premi\u00e8re union de feu R\u00e9al Dubois et d\u2019une deuxi\u00e8me union de feu Michel Gagnon. Elle \u00e9tait la fille de feu Raoul Pellerin et de feu Simone Forgues, ainsi que [&hellip;]"}

Mme Huguette (Mémé) Pellerin &#8212; Steve L. Elkas Funeral Home

<blockquote class="wp-embedded-content" data-secret="cZem4dH9tx"><a href="https://www.steveelkas.com/en/obituaries/mme-huguette-meme-pellerin/">Mme Huguette (Mémé) Pellerin</a></blockquote><iframe sandbox="allow-scripts" security="restricted" src="https://www.steveelkas.com/en/obituaries/mme-huguette-meme-pellerin/embed/#?secret=cZem4dH9tx" width="600" height="338" title="&#8220;Mme Huguette (Mémé) Pellerin&#8221; &#8212; Steve L. Elkas Funeral Home" data-secret="cZem4dH9tx" frameborder="0" marginwidth="0" marginheight="0" scrolling="no" class="wp-embedded-content"></iframe><script type="text/javascript">
/* <![CDATA[ */
/*! This file is auto-generated */
!function(d,l){"use strict";l.querySelector&&d.addEventListener&&"undefined"!=typeof URL&&(d.wp=d.wp||{},d.wp.receiveEmbedMessage||(d.wp.receiveEmbedMessage=function(e){var t=e.data;if((t||t.secret||t.message||t.value)&&!/[^a-zA-Z0-9]/.test(t.secret)){for(var s,r,n,a=l.querySelectorAll('iframe[data-secret="'+t.secret+'"]'),o=l.querySelectorAll('blockquote[data-secret="'+t.secret+'"]'),c=new RegExp("^https?:$","i"),i=0;i<o.length;i++)o[i].style.display="none";for(i=0;i<a.length;i++)s=a[i],e.source===s.contentWindow&&(s.removeAttribute("style"),"height"===t.message?(1e3<(r=parseInt(t.value,10))?r=1e3:~~r<200&&(r=200),s.height=r):"link"===t.message&&(r=new URL(s.getAttribute("src")),n=new URL(t.value),c.test(n.protocol))&&n.host===r.host&&l.activeElement===s&&(d.top.location.href=t.value))}},d.addEventListener("message",d.wp.receiveEmbedMessage,!1),l.addEventListener("DOMContentLoaded",function(){for(var e,t,s=l.querySelectorAll("iframe.wp-embedded-content"),r=0;r<s.length;r++)(t=(e=s[r]).getAttribute("data-secret"))||(t=Math.random().toString(36).substring(2,12),e.src+="#?secret="+t,e.setAttribute("data-secret",t)),e.contentWindow.postMessage({message:"ready",secret:t},"*")},!1)))}(window,document);
//# sourceURL=https://www.steveelkas.com/wp-includes/js/wp-embed.min.js
/* ]]> */
</script>

https://www.steveelkas.com/wp-content/uploads/2020/02/Huguette-Pellerin-février-2020.jpeg

Paisiblement et entourée des siens, au CHUS Hôtel-Dieu de Sherbrooke, le 19 février 2020, à l’âge de 73 ans, s’est éteinte Mme Huguette Pellerin, épouse d’une première union de feu Réal Dubois et d’une deuxième union de feu Michel Gagnon. Elle était la fille de feu Raoul Pellerin et de feu Simone Forgues, ainsi que [&hellip;]
