{"version":"1.0","provider_name":"Steve L. Elkas Funeral Home","provider_url":"https:\/\/www.steveelkas.com\/en\/","title":"Mme Jacqueline Allard &#8212; Steve L. Elkas Funeral Home","type":"rich","width":600,"height":338,"html":"<blockquote class=\"wp-embedded-content\" data-secret=\"anZfSs4D12\"><a href=\"https:\/\/www.steveelkas.com\/en\/obituaries\/mme-jacqueline-allard\/\">Mme Jacqueline Allard<\/a><\/blockquote><iframe sandbox=\"allow-scripts\" security=\"restricted\" src=\"https:\/\/www.steveelkas.com\/en\/obituaries\/mme-jacqueline-allard\/embed\/#?secret=anZfSs4D12\" width=\"600\" height=\"338\" title=\"&#8220;Mme Jacqueline Allard&#8221; &#8212; Steve L. Elkas Funeral Home\" data-secret=\"anZfSs4D12\" frameborder=\"0\" marginwidth=\"0\" marginheight=\"0\" scrolling=\"no\" class=\"wp-embedded-content\"><\/iframe><script type=\"text\/javascript\">\n\/* <![CDATA[ *\/\n\/*! This file is auto-generated *\/\n!function(d,l){\"use strict\";l.querySelector&&d.addEventListener&&\"undefined\"!=typeof URL&&(d.wp=d.wp||{},d.wp.receiveEmbedMessage||(d.wp.receiveEmbedMessage=function(e){var t=e.data;if((t||t.secret||t.message||t.value)&&!\/[^a-zA-Z0-9]\/.test(t.secret)){for(var s,r,n,a=l.querySelectorAll('iframe[data-secret=\"'+t.secret+'\"]'),o=l.querySelectorAll('blockquote[data-secret=\"'+t.secret+'\"]'),c=new RegExp(\"^https?:$\",\"i\"),i=0;i<o.length;i++)o[i].style.display=\"none\";for(i=0;i<a.length;i++)s=a[i],e.source===s.contentWindow&&(s.removeAttribute(\"style\"),\"height\"===t.message?(1e3<(r=parseInt(t.value,10))?r=1e3:~~r<200&&(r=200),s.height=r):\"link\"===t.message&&(r=new URL(s.getAttribute(\"src\")),n=new URL(t.value),c.test(n.protocol))&&n.host===r.host&&l.activeElement===s&&(d.top.location.href=t.value))}},d.addEventListener(\"message\",d.wp.receiveEmbedMessage,!1),l.addEventListener(\"DOMContentLoaded\",function(){for(var e,t,s=l.querySelectorAll(\"iframe.wp-embedded-content\"),r=0;r<s.length;r++)(t=(e=s[r]).getAttribute(\"data-secret\"))||(t=Math.random().toString(36).substring(2,12),e.src+=\"#?secret=\"+t,e.setAttribute(\"data-secret\",t)),e.contentWindow.postMessage({message:\"ready\",secret:t},\"*\")},!1)))}(window,document);\n\/\/# sourceURL=https:\/\/www.steveelkas.com\/wp-includes\/js\/wp-embed.min.js\n\/* ]]> *\/\n<\/script>\n","thumbnail_url":"https:\/\/www.steveelkas.com\/wp-content\/uploads\/2021\/09\/22Jacqueline-Allard106-scaled.jpg","thumbnail_width":2133,"thumbnail_height":2560,"description":"\u00c0 Johnville, le 2 septembre 2021 est d\u00e9c\u00e9d\u00e9e madame Jacqueline Allard \u00e0 l\u2019\u00e2ge de 83 ans. Elle \u00e9tait la fille de feu Ulric Allard, de feu C\u00e9cile Fr\u00e9chette et l\u2019\u00e9pouse de feu Yvon Leblanc. Elle laisse dans le deuil ses deux fils : Jasmin (Sonya Veilleux) et Beno\u00eet (Carole Rodrigue); ses petits-enfants : Olivier (Ariane [&hellip;]"}

À Johnville, le 2 septembre 2021 est décédée madame Jacqueline Allard à l’âge de 83 ans. Elle était la fille de feu Ulric Allard, de feu Cécile Fréchette et l’épouse de feu Yvon Leblanc. Elle laisse dans le deuil ses deux fils : Jasmin (Sonya Veilleux) et Benoît (Carole Rodrigue); ses petits-enfants : Olivier (Ariane [&hellip;]
