{"version":"1.0","provider_name":"Steve L. Elkas Funeral Home","provider_url":"https:\/\/www.steveelkas.com\/en\/","title":"Mme Janine Boisvert (1930-2020) &#8212; Steve L. Elkas Funeral Home","type":"rich","width":600,"height":338,"html":"<blockquote class=\"wp-embedded-content\" data-secret=\"MLQjSDCTwT\"><a href=\"https:\/\/www.steveelkas.com\/en\/obituaries\/mme-janine-boisvert-1930-2020\/\">Mme Janine Boisvert (1930-2020)<\/a><\/blockquote><iframe sandbox=\"allow-scripts\" security=\"restricted\" src=\"https:\/\/www.steveelkas.com\/en\/obituaries\/mme-janine-boisvert-1930-2020\/embed\/#?secret=MLQjSDCTwT\" width=\"600\" height=\"338\" title=\"&#8220;Mme Janine Boisvert (1930-2020)&#8221; &#8212; Steve L. Elkas Funeral Home\" data-secret=\"MLQjSDCTwT\" frameborder=\"0\" marginwidth=\"0\" marginheight=\"0\" scrolling=\"no\" class=\"wp-embedded-content\"><\/iframe><script type=\"text\/javascript\">\n\/* <![CDATA[ *\/\n\/*! This file is auto-generated *\/\n!function(d,l){\"use strict\";l.querySelector&&d.addEventListener&&\"undefined\"!=typeof URL&&(d.wp=d.wp||{},d.wp.receiveEmbedMessage||(d.wp.receiveEmbedMessage=function(e){var t=e.data;if((t||t.secret||t.message||t.value)&&!\/[^a-zA-Z0-9]\/.test(t.secret)){for(var s,r,n,a=l.querySelectorAll('iframe[data-secret=\"'+t.secret+'\"]'),o=l.querySelectorAll('blockquote[data-secret=\"'+t.secret+'\"]'),c=new RegExp(\"^https?:$\",\"i\"),i=0;i<o.length;i++)o[i].style.display=\"none\";for(i=0;i<a.length;i++)s=a[i],e.source===s.contentWindow&&(s.removeAttribute(\"style\"),\"height\"===t.message?(1e3<(r=parseInt(t.value,10))?r=1e3:~~r<200&&(r=200),s.height=r):\"link\"===t.message&&(r=new URL(s.getAttribute(\"src\")),n=new URL(t.value),c.test(n.protocol))&&n.host===r.host&&l.activeElement===s&&(d.top.location.href=t.value))}},d.addEventListener(\"message\",d.wp.receiveEmbedMessage,!1),l.addEventListener(\"DOMContentLoaded\",function(){for(var e,t,s=l.querySelectorAll(\"iframe.wp-embedded-content\"),r=0;r<s.length;r++)(t=(e=s[r]).getAttribute(\"data-secret\"))||(t=Math.random().toString(36).substring(2,12),e.src+=\"#?secret=\"+t,e.setAttribute(\"data-secret\",t)),e.contentWindow.postMessage({message:\"ready\",secret:t},\"*\")},!1)))}(window,document);\n\/\/# sourceURL=https:\/\/www.steveelkas.com\/wp-includes\/js\/wp-embed.min.js\n\/* ]]> *\/\n<\/script>\n","thumbnail_url":"https:\/\/www.steveelkas.com\/wp-content\/uploads\/2020\/03\/janine-boisvert023.jpg","thumbnail_width":1482,"thumbnail_height":2022,"description":"\u00c0 Sherbrooke, paisiblement dans son sommeil, le 11 mars dernier, est d\u00e9c\u00e9d\u00e9e \u00e0 l\u2019\u00e2ge de 89 ans, Janine Boisvert. Fille de feu Ernest Boisvert et de feu Franciella Boisvert, elle laisse dans le deuil ses soeurs :Lise (feu Denis Proteau) et Carmen (feu Eddy Gr\u00e9goire); son fr\u00e8re Albert (Lisette Laverdi\u00e8re); ses neveux et ni\u00e8ces, ainsi [&hellip;]"}

À Sherbrooke, paisiblement dans son sommeil, le 11 mars dernier, est décédée à l’âge de 89 ans, Janine Boisvert. Fille de feu Ernest Boisvert et de feu Franciella Boisvert, elle laisse dans le deuil ses soeurs :Lise (feu Denis Proteau) et Carmen (feu Eddy Grégoire); son frère Albert (Lisette Laverdière); ses neveux et nièces, ainsi [&hellip;]
