{"version":"1.0","provider_name":"Steve L. Elkas Funeral Home","provider_url":"https:\/\/www.steveelkas.com\/en\/","title":"Mme Jeannine Bolduc &#8212; Steve L. Elkas Funeral Home","type":"rich","width":600,"height":338,"html":"<blockquote class=\"wp-embedded-content\" data-secret=\"EVRsh0RorF\"><a href=\"https:\/\/www.steveelkas.com\/en\/obituaries\/mme-jeannine-bolduc\/\">Mme Jeannine Bolduc<\/a><\/blockquote><iframe sandbox=\"allow-scripts\" security=\"restricted\" src=\"https:\/\/www.steveelkas.com\/en\/obituaries\/mme-jeannine-bolduc\/embed\/#?secret=EVRsh0RorF\" width=\"600\" height=\"338\" title=\"&#8220;Mme Jeannine Bolduc&#8221; &#8212; Steve L. Elkas Funeral Home\" data-secret=\"EVRsh0RorF\" frameborder=\"0\" marginwidth=\"0\" marginheight=\"0\" scrolling=\"no\" class=\"wp-embedded-content\"><\/iframe><script type=\"text\/javascript\">\n\/* <![CDATA[ *\/\n\/*! This file is auto-generated *\/\n!function(d,l){\"use strict\";l.querySelector&&d.addEventListener&&\"undefined\"!=typeof URL&&(d.wp=d.wp||{},d.wp.receiveEmbedMessage||(d.wp.receiveEmbedMessage=function(e){var t=e.data;if((t||t.secret||t.message||t.value)&&!\/[^a-zA-Z0-9]\/.test(t.secret)){for(var s,r,n,a=l.querySelectorAll('iframe[data-secret=\"'+t.secret+'\"]'),o=l.querySelectorAll('blockquote[data-secret=\"'+t.secret+'\"]'),c=new RegExp(\"^https?:$\",\"i\"),i=0;i<o.length;i++)o[i].style.display=\"none\";for(i=0;i<a.length;i++)s=a[i],e.source===s.contentWindow&&(s.removeAttribute(\"style\"),\"height\"===t.message?(1e3<(r=parseInt(t.value,10))?r=1e3:~~r<200&&(r=200),s.height=r):\"link\"===t.message&&(r=new URL(s.getAttribute(\"src\")),n=new URL(t.value),c.test(n.protocol))&&n.host===r.host&&l.activeElement===s&&(d.top.location.href=t.value))}},d.addEventListener(\"message\",d.wp.receiveEmbedMessage,!1),l.addEventListener(\"DOMContentLoaded\",function(){for(var e,t,s=l.querySelectorAll(\"iframe.wp-embedded-content\"),r=0;r<s.length;r++)(t=(e=s[r]).getAttribute(\"data-secret\"))||(t=Math.random().toString(36).substring(2,12),e.src+=\"#?secret=\"+t,e.setAttribute(\"data-secret\",t)),e.contentWindow.postMessage({message:\"ready\",secret:t},\"*\")},!1)))}(window,document);\n\/\/# sourceURL=https:\/\/www.steveelkas.com\/wp-includes\/js\/wp-embed.min.js\n\/* ]]> *\/\n<\/script>\n","thumbnail_url":"https:\/\/www.steveelkas.com\/wp-content\/uploads\/2022\/01\/Jeannine-Bolduc-Francouer.jpg","thumbnail_width":1917,"thumbnail_height":2396,"description":"\u00c0 l\u2019h\u00f4pital H\u00f4tel-Dieu de Sherbrooke, le 31 d\u00e9cembre 2021 \u00e0 l\u2019\u00e2ge de 78 ans, est d\u00e9c\u00e9d\u00e9e Mme Jeannine Bolduc, \u00e9pouse de M. Guy Francoeur, demeurant \u00e0 Sherbrooke. La famille vous accueillera au Complexe fun\u00e9raire Steve L. Elkas inc, 4230 Bertrand-Fabi, Sherbrooke, le samedi 15 janvier 2022 de 9h \u00e0 11h15. Prenez note\u00a0: En raison de [&hellip;]"}

À l’hôpital Hôtel-Dieu de Sherbrooke, le 31 décembre 2021 à l’âge de 78 ans, est décédée Mme Jeannine Bolduc, épouse de M. Guy Francoeur, demeurant à Sherbrooke. La famille vous accueillera au Complexe funéraire Steve L. Elkas inc, 4230 Bertrand-Fabi, Sherbrooke, le samedi 15 janvier 2022 de 9h à 11h15. Prenez note : En raison de [&hellip;]
