{"version":"1.0","provider_name":"Steve L. Elkas Funeral Home","provider_url":"https:\/\/www.steveelkas.com\/en\/","title":"Mme Jeannine Cabana Aub\u00e9 &#8212; Steve L. Elkas Funeral Home","type":"rich","width":600,"height":338,"html":"<blockquote class=\"wp-embedded-content\" data-secret=\"DW7qV1mEQQ\"><a href=\"https:\/\/www.steveelkas.com\/en\/obituaries\/mme-jeannine-cabana-aube\/\">Mme Jeannine Cabana Aub\u00e9<\/a><\/blockquote><iframe sandbox=\"allow-scripts\" security=\"restricted\" src=\"https:\/\/www.steveelkas.com\/en\/obituaries\/mme-jeannine-cabana-aube\/embed\/#?secret=DW7qV1mEQQ\" width=\"600\" height=\"338\" title=\"&#8220;Mme Jeannine Cabana Aub\u00e9&#8221; &#8212; Steve L. Elkas Funeral Home\" data-secret=\"DW7qV1mEQQ\" frameborder=\"0\" marginwidth=\"0\" marginheight=\"0\" scrolling=\"no\" class=\"wp-embedded-content\"><\/iframe><script type=\"text\/javascript\">\n\/* <![CDATA[ *\/\n\/*! This file is auto-generated *\/\n!function(d,l){\"use strict\";l.querySelector&&d.addEventListener&&\"undefined\"!=typeof URL&&(d.wp=d.wp||{},d.wp.receiveEmbedMessage||(d.wp.receiveEmbedMessage=function(e){var t=e.data;if((t||t.secret||t.message||t.value)&&!\/[^a-zA-Z0-9]\/.test(t.secret)){for(var s,r,n,a=l.querySelectorAll('iframe[data-secret=\"'+t.secret+'\"]'),o=l.querySelectorAll('blockquote[data-secret=\"'+t.secret+'\"]'),c=new RegExp(\"^https?:$\",\"i\"),i=0;i<o.length;i++)o[i].style.display=\"none\";for(i=0;i<a.length;i++)s=a[i],e.source===s.contentWindow&&(s.removeAttribute(\"style\"),\"height\"===t.message?(1e3<(r=parseInt(t.value,10))?r=1e3:~~r<200&&(r=200),s.height=r):\"link\"===t.message&&(r=new URL(s.getAttribute(\"src\")),n=new URL(t.value),c.test(n.protocol))&&n.host===r.host&&l.activeElement===s&&(d.top.location.href=t.value))}},d.addEventListener(\"message\",d.wp.receiveEmbedMessage,!1),l.addEventListener(\"DOMContentLoaded\",function(){for(var e,t,s=l.querySelectorAll(\"iframe.wp-embedded-content\"),r=0;r<s.length;r++)(t=(e=s[r]).getAttribute(\"data-secret\"))||(t=Math.random().toString(36).substring(2,12),e.src+=\"#?secret=\"+t,e.setAttribute(\"data-secret\",t)),e.contentWindow.postMessage({message:\"ready\",secret:t},\"*\")},!1)))}(window,document);\n\/\/# sourceURL=https:\/\/www.steveelkas.com\/wp-includes\/js\/wp-embed.min.js\n\/* ]]> *\/\n<\/script>\n","thumbnail_url":"https:\/\/www.steveelkas.com\/wp-content\/uploads\/2022\/05\/Photo.jpg","thumbnail_width":498,"thumbnail_height":531,"description":"Le dimanche 21 mai 2022, \u00e0 l\u2019\u00e2ge de 91 ans est d\u00e9c\u00e9d\u00e9e au CHUS-H\u00f4tel-Dieu, Madame Jeannine Cabana Aub\u00e9.\u00a0 Elle \u00e9tait la fille de feu Oliva Cabana et de feu Laura Cardinal ainsi que l\u2019\u00e9pouse de feu Claude Aub\u00e9. Elle laisse dans le deuil ses deux filles\u00a0: Andr\u00e9e (Nil Tr\u00e9panier) et Diane (feu Claude Bolduc).\u00a0 Ses [&hellip;]"}

Mme Jeannine Cabana Aubé &#8212; Steve L. Elkas Funeral Home

<blockquote class="wp-embedded-content" data-secret="DW7qV1mEQQ"><a href="https://www.steveelkas.com/en/obituaries/mme-jeannine-cabana-aube/">Mme Jeannine Cabana Aubé</a></blockquote><iframe sandbox="allow-scripts" security="restricted" src="https://www.steveelkas.com/en/obituaries/mme-jeannine-cabana-aube/embed/#?secret=DW7qV1mEQQ" width="600" height="338" title="&#8220;Mme Jeannine Cabana Aubé&#8221; &#8212; Steve L. Elkas Funeral Home" data-secret="DW7qV1mEQQ" frameborder="0" marginwidth="0" marginheight="0" scrolling="no" class="wp-embedded-content"></iframe><script type="text/javascript">
/* <![CDATA[ */
/*! This file is auto-generated */
!function(d,l){"use strict";l.querySelector&&d.addEventListener&&"undefined"!=typeof URL&&(d.wp=d.wp||{},d.wp.receiveEmbedMessage||(d.wp.receiveEmbedMessage=function(e){var t=e.data;if((t||t.secret||t.message||t.value)&&!/[^a-zA-Z0-9]/.test(t.secret)){for(var s,r,n,a=l.querySelectorAll('iframe[data-secret="'+t.secret+'"]'),o=l.querySelectorAll('blockquote[data-secret="'+t.secret+'"]'),c=new RegExp("^https?:$","i"),i=0;i<o.length;i++)o[i].style.display="none";for(i=0;i<a.length;i++)s=a[i],e.source===s.contentWindow&&(s.removeAttribute("style"),"height"===t.message?(1e3<(r=parseInt(t.value,10))?r=1e3:~~r<200&&(r=200),s.height=r):"link"===t.message&&(r=new URL(s.getAttribute("src")),n=new URL(t.value),c.test(n.protocol))&&n.host===r.host&&l.activeElement===s&&(d.top.location.href=t.value))}},d.addEventListener("message",d.wp.receiveEmbedMessage,!1),l.addEventListener("DOMContentLoaded",function(){for(var e,t,s=l.querySelectorAll("iframe.wp-embedded-content"),r=0;r<s.length;r++)(t=(e=s[r]).getAttribute("data-secret"))||(t=Math.random().toString(36).substring(2,12),e.src+="#?secret="+t,e.setAttribute("data-secret",t)),e.contentWindow.postMessage({message:"ready",secret:t},"*")},!1)))}(window,document);
//# sourceURL=https://www.steveelkas.com/wp-includes/js/wp-embed.min.js
/* ]]> */
</script>

Le dimanche 21 mai 2022, à l’âge de 91 ans est décédée au CHUS-Hôtel-Dieu, Madame Jeannine Cabana Aubé.  Elle était la fille de feu Oliva Cabana et de feu Laura Cardinal ainsi que l’épouse de feu Claude Aubé. Elle laisse dans le deuil ses deux filles : Andrée (Nil Trépanier) et Diane (feu Claude Bolduc).  Ses [&hellip;]
