{"version":"1.0","provider_name":"Steve L. Elkas Funeral Home","provider_url":"https:\/\/www.steveelkas.com\/en\/","title":"Mme Laurence (Laurentia) Fr\u00e9chette &#8212; Steve L. Elkas Funeral Home","type":"rich","width":600,"height":338,"html":"<blockquote class=\"wp-embedded-content\" data-secret=\"cMRIbC6K42\"><a href=\"https:\/\/www.steveelkas.com\/en\/obituaries\/mme-laurence-laurentia-frechette\/\">Mme Laurence (Laurentia) Fr\u00e9chette<\/a><\/blockquote><iframe sandbox=\"allow-scripts\" security=\"restricted\" src=\"https:\/\/www.steveelkas.com\/en\/obituaries\/mme-laurence-laurentia-frechette\/embed\/#?secret=cMRIbC6K42\" width=\"600\" height=\"338\" title=\"&#8220;Mme Laurence (Laurentia) Fr\u00e9chette&#8221; &#8212; Steve L. Elkas Funeral Home\" data-secret=\"cMRIbC6K42\" frameborder=\"0\" marginwidth=\"0\" marginheight=\"0\" scrolling=\"no\" class=\"wp-embedded-content\"><\/iframe><script type=\"text\/javascript\">\n\/* <![CDATA[ *\/\n\/*! This file is auto-generated *\/\n!function(d,l){\"use strict\";l.querySelector&&d.addEventListener&&\"undefined\"!=typeof URL&&(d.wp=d.wp||{},d.wp.receiveEmbedMessage||(d.wp.receiveEmbedMessage=function(e){var t=e.data;if((t||t.secret||t.message||t.value)&&!\/[^a-zA-Z0-9]\/.test(t.secret)){for(var s,r,n,a=l.querySelectorAll('iframe[data-secret=\"'+t.secret+'\"]'),o=l.querySelectorAll('blockquote[data-secret=\"'+t.secret+'\"]'),c=new RegExp(\"^https?:$\",\"i\"),i=0;i<o.length;i++)o[i].style.display=\"none\";for(i=0;i<a.length;i++)s=a[i],e.source===s.contentWindow&&(s.removeAttribute(\"style\"),\"height\"===t.message?(1e3<(r=parseInt(t.value,10))?r=1e3:~~r<200&&(r=200),s.height=r):\"link\"===t.message&&(r=new URL(s.getAttribute(\"src\")),n=new URL(t.value),c.test(n.protocol))&&n.host===r.host&&l.activeElement===s&&(d.top.location.href=t.value))}},d.addEventListener(\"message\",d.wp.receiveEmbedMessage,!1),l.addEventListener(\"DOMContentLoaded\",function(){for(var e,t,s=l.querySelectorAll(\"iframe.wp-embedded-content\"),r=0;r<s.length;r++)(t=(e=s[r]).getAttribute(\"data-secret\"))||(t=Math.random().toString(36).substring(2,12),e.src+=\"#?secret=\"+t,e.setAttribute(\"data-secret\",t)),e.contentWindow.postMessage({message:\"ready\",secret:t},\"*\")},!1)))}(window,document);\n\/\/# sourceURL=https:\/\/www.steveelkas.com\/wp-includes\/js\/wp-embed.min.js\n\/* ]]> *\/\n<\/script>\n","thumbnail_url":"https:\/\/www.steveelkas.com\/wp-content\/uploads\/2022\/05\/Laurentia-Frechette-2-scaled.jpg","thumbnail_width":1819,"thumbnail_height":2560,"description":"C\u2019est avec tristesse que nous vous annon\u00e7ons le d\u00e9c\u00e8s subi de madame Laurence (Laurentia) Fr\u00e9chette.\u00a0 Elle s\u2019est \u00e9teinte \u00e0 son domicile de Sherbrooke le 26 avril 2022 \u00e0 l\u2019\u00e2ge de 85 ans.\u00a0 Elle \u00e9tait la fille de feu Edmond Fr\u00e9chette et de feu Laurianne Turcotte. Madame Fr\u00e9chette laisse dans le deuil ses enfants: Yves et [&hellip;]"}

Mme Laurence (Laurentia) Fréchette &#8212; Steve L. Elkas Funeral Home

<blockquote class="wp-embedded-content" data-secret="cMRIbC6K42"><a href="https://www.steveelkas.com/en/obituaries/mme-laurence-laurentia-frechette/">Mme Laurence (Laurentia) Fréchette</a></blockquote><iframe sandbox="allow-scripts" security="restricted" src="https://www.steveelkas.com/en/obituaries/mme-laurence-laurentia-frechette/embed/#?secret=cMRIbC6K42" width="600" height="338" title="&#8220;Mme Laurence (Laurentia) Fréchette&#8221; &#8212; Steve L. Elkas Funeral Home" data-secret="cMRIbC6K42" frameborder="0" marginwidth="0" marginheight="0" scrolling="no" class="wp-embedded-content"></iframe><script type="text/javascript">
/* <![CDATA[ */
/*! This file is auto-generated */
!function(d,l){"use strict";l.querySelector&&d.addEventListener&&"undefined"!=typeof URL&&(d.wp=d.wp||{},d.wp.receiveEmbedMessage||(d.wp.receiveEmbedMessage=function(e){var t=e.data;if((t||t.secret||t.message||t.value)&&!/[^a-zA-Z0-9]/.test(t.secret)){for(var s,r,n,a=l.querySelectorAll('iframe[data-secret="'+t.secret+'"]'),o=l.querySelectorAll('blockquote[data-secret="'+t.secret+'"]'),c=new RegExp("^https?:$","i"),i=0;i<o.length;i++)o[i].style.display="none";for(i=0;i<a.length;i++)s=a[i],e.source===s.contentWindow&&(s.removeAttribute("style"),"height"===t.message?(1e3<(r=parseInt(t.value,10))?r=1e3:~~r<200&&(r=200),s.height=r):"link"===t.message&&(r=new URL(s.getAttribute("src")),n=new URL(t.value),c.test(n.protocol))&&n.host===r.host&&l.activeElement===s&&(d.top.location.href=t.value))}},d.addEventListener("message",d.wp.receiveEmbedMessage,!1),l.addEventListener("DOMContentLoaded",function(){for(var e,t,s=l.querySelectorAll("iframe.wp-embedded-content"),r=0;r<s.length;r++)(t=(e=s[r]).getAttribute("data-secret"))||(t=Math.random().toString(36).substring(2,12),e.src+="#?secret="+t,e.setAttribute("data-secret",t)),e.contentWindow.postMessage({message:"ready",secret:t},"*")},!1)))}(window,document);
//# sourceURL=https://www.steveelkas.com/wp-includes/js/wp-embed.min.js
/* ]]> */
</script>

C’est avec tristesse que nous vous annonçons le décès subi de madame Laurence (Laurentia) Fréchette.  Elle s’est éteinte à son domicile de Sherbrooke le 26 avril 2022 à l’âge de 85 ans.  Elle était la fille de feu Edmond Fréchette et de feu Laurianne Turcotte. Madame Fréchette laisse dans le deuil ses enfants: Yves et [&hellip;]
