{"version":"1.0","provider_name":"Steve L. Elkas Funeral Home","provider_url":"https:\/\/www.steveelkas.com\/en\/","title":"Mme Madeleine Airlodi &#8212; Steve L. Elkas Funeral Home","type":"rich","width":600,"height":338,"html":"<blockquote class=\"wp-embedded-content\" data-secret=\"tHT3RdQACs\"><a href=\"https:\/\/www.steveelkas.com\/en\/obituaries\/mme-madeleine-airlodi\/\">Mme Madeleine Airlodi<\/a><\/blockquote><iframe sandbox=\"allow-scripts\" security=\"restricted\" src=\"https:\/\/www.steveelkas.com\/en\/obituaries\/mme-madeleine-airlodi\/embed\/#?secret=tHT3RdQACs\" width=\"600\" height=\"338\" title=\"&#8220;Mme Madeleine Airlodi&#8221; &#8212; Steve L. Elkas Funeral Home\" data-secret=\"tHT3RdQACs\" frameborder=\"0\" marginwidth=\"0\" marginheight=\"0\" scrolling=\"no\" class=\"wp-embedded-content\"><\/iframe><script type=\"text\/javascript\">\n\/* <![CDATA[ *\/\n\/*! This file is auto-generated *\/\n!function(d,l){\"use strict\";l.querySelector&&d.addEventListener&&\"undefined\"!=typeof URL&&(d.wp=d.wp||{},d.wp.receiveEmbedMessage||(d.wp.receiveEmbedMessage=function(e){var t=e.data;if((t||t.secret||t.message||t.value)&&!\/[^a-zA-Z0-9]\/.test(t.secret)){for(var s,r,n,a=l.querySelectorAll('iframe[data-secret=\"'+t.secret+'\"]'),o=l.querySelectorAll('blockquote[data-secret=\"'+t.secret+'\"]'),c=new RegExp(\"^https?:$\",\"i\"),i=0;i<o.length;i++)o[i].style.display=\"none\";for(i=0;i<a.length;i++)s=a[i],e.source===s.contentWindow&&(s.removeAttribute(\"style\"),\"height\"===t.message?(1e3<(r=parseInt(t.value,10))?r=1e3:~~r<200&&(r=200),s.height=r):\"link\"===t.message&&(r=new URL(s.getAttribute(\"src\")),n=new URL(t.value),c.test(n.protocol))&&n.host===r.host&&l.activeElement===s&&(d.top.location.href=t.value))}},d.addEventListener(\"message\",d.wp.receiveEmbedMessage,!1),l.addEventListener(\"DOMContentLoaded\",function(){for(var e,t,s=l.querySelectorAll(\"iframe.wp-embedded-content\"),r=0;r<s.length;r++)(t=(e=s[r]).getAttribute(\"data-secret\"))||(t=Math.random().toString(36).substring(2,12),e.src+=\"#?secret=\"+t,e.setAttribute(\"data-secret\",t)),e.contentWindow.postMessage({message:\"ready\",secret:t},\"*\")},!1)))}(window,document);\n\/\/# sourceURL=https:\/\/www.steveelkas.com\/wp-includes\/js\/wp-embed.min.js\n\/* ]]> *\/\n<\/script>\n","thumbnail_url":"https:\/\/www.steveelkas.com\/wp-content\/uploads\/2022\/12\/Madeleine-Airoldi202-002-scaled.jpg","thumbnail_width":1963,"thumbnail_height":2560,"description":"C\u2019est avec tristesse que nous vous annon\u00e7ons le d\u00e9c\u00e8s de notre m\u00e8re Madeleine Airoldi survenu le 9 d\u00e9cembre 2022 \u00e0 la Maison Aube-Lumi\u00e8re \u00e0 l\u2019\u00e2ge de 86 ans. Elle \u00e9tait la fille de Adona\u00ef Airoldi et Philom\u00e8ne Fredette, \u00e9pouse de feu Mr Yves C\u00f4t\u00e9. Elle laisse dans le deuil sa fille Sylvie C\u00f4t\u00e9 (Dany Harvey), [&hellip;]"}

C’est avec tristesse que nous vous annonçons le décès de notre mère Madeleine Airoldi survenu le 9 décembre 2022 à la Maison Aube-Lumière à l’âge de 86 ans. Elle était la fille de Adonaï Airoldi et Philomène Fredette, épouse de feu Mr Yves Côté. Elle laisse dans le deuil sa fille Sylvie Côté (Dany Harvey), [&hellip;]
