{"version":"1.0","provider_name":"Steve L. Elkas Funeral Home","provider_url":"https:\/\/www.steveelkas.com\/en\/","title":"Mme Madeleine Chalifoux &#8212; Steve L. Elkas Funeral Home","type":"rich","width":600,"height":338,"html":"<blockquote class=\"wp-embedded-content\" data-secret=\"g0oyvr3Jrz\"><a href=\"https:\/\/www.steveelkas.com\/en\/obituaries\/mme-madeleine-chalifoux\/\">Mme Madeleine Chalifoux<\/a><\/blockquote><iframe sandbox=\"allow-scripts\" security=\"restricted\" src=\"https:\/\/www.steveelkas.com\/en\/obituaries\/mme-madeleine-chalifoux\/embed\/#?secret=g0oyvr3Jrz\" width=\"600\" height=\"338\" title=\"&#8220;Mme Madeleine Chalifoux&#8221; &#8212; Steve L. Elkas Funeral Home\" data-secret=\"g0oyvr3Jrz\" frameborder=\"0\" marginwidth=\"0\" marginheight=\"0\" scrolling=\"no\" class=\"wp-embedded-content\"><\/iframe><script type=\"text\/javascript\">\n\/* <![CDATA[ *\/\n\/*! This file is auto-generated *\/\n!function(d,l){\"use strict\";l.querySelector&&d.addEventListener&&\"undefined\"!=typeof URL&&(d.wp=d.wp||{},d.wp.receiveEmbedMessage||(d.wp.receiveEmbedMessage=function(e){var t=e.data;if((t||t.secret||t.message||t.value)&&!\/[^a-zA-Z0-9]\/.test(t.secret)){for(var s,r,n,a=l.querySelectorAll('iframe[data-secret=\"'+t.secret+'\"]'),o=l.querySelectorAll('blockquote[data-secret=\"'+t.secret+'\"]'),c=new RegExp(\"^https?:$\",\"i\"),i=0;i<o.length;i++)o[i].style.display=\"none\";for(i=0;i<a.length;i++)s=a[i],e.source===s.contentWindow&&(s.removeAttribute(\"style\"),\"height\"===t.message?(1e3<(r=parseInt(t.value,10))?r=1e3:~~r<200&&(r=200),s.height=r):\"link\"===t.message&&(r=new URL(s.getAttribute(\"src\")),n=new URL(t.value),c.test(n.protocol))&&n.host===r.host&&l.activeElement===s&&(d.top.location.href=t.value))}},d.addEventListener(\"message\",d.wp.receiveEmbedMessage,!1),l.addEventListener(\"DOMContentLoaded\",function(){for(var e,t,s=l.querySelectorAll(\"iframe.wp-embedded-content\"),r=0;r<s.length;r++)(t=(e=s[r]).getAttribute(\"data-secret\"))||(t=Math.random().toString(36).substring(2,12),e.src+=\"#?secret=\"+t,e.setAttribute(\"data-secret\",t)),e.contentWindow.postMessage({message:\"ready\",secret:t},\"*\")},!1)))}(window,document);\n\/\/# sourceURL=https:\/\/www.steveelkas.com\/wp-includes\/js\/wp-embed.min.js\n\/* ]]> *\/\n<\/script>\n","thumbnail_url":"https:\/\/www.steveelkas.com\/wp-content\/uploads\/2023\/07\/Madeleine-Chalifoux-Alary_-002.jpeg","thumbnail_width":1709,"thumbnail_height":1884,"description":"1931 &#8211; 2023 \u00c0 Chambly, le 24 juin 2023, \u00e0 l&#8217;\u00e2ge de 92 ans, est d\u00e9c\u00e9d\u00e9e Mme Madeleine Chalifoux, \u00e9pouse de feu Ga\u00ebtan Alary, autrefois de Sherbrooke. Elle \u00e9tait la fille de feu Flore Lefebvre et de feu Napol\u00e9on Chalifoux. Elle laisse dans le deuil ses enfants Michel, Danielle et C\u00e9line; sa belle-fille Sylvie Mercier, [&hellip;]"}

1931 &#8211; 2023 À Chambly, le 24 juin 2023, à l&#8217;âge de 92 ans, est décédée Mme Madeleine Chalifoux, épouse de feu Gaëtan Alary, autrefois de Sherbrooke. Elle était la fille de feu Flore Lefebvre et de feu Napoléon Chalifoux. Elle laisse dans le deuil ses enfants Michel, Danielle et Céline; sa belle-fille Sylvie Mercier, [&hellip;]
