{"version":"1.0","provider_name":"Steve L. Elkas Funeral Home","provider_url":"https:\/\/www.steveelkas.com\/en\/","title":"Mme Majella (Lemieux) Lacroix &#8212; Steve L. Elkas Funeral Home","type":"rich","width":600,"height":338,"html":"<blockquote class=\"wp-embedded-content\" data-secret=\"DUJycFxbIw\"><a href=\"https:\/\/www.steveelkas.com\/en\/obituaries\/mme-majella-lemieux-lacroix\/\">Mme Majella (Lemieux) Lacroix<\/a><\/blockquote><iframe sandbox=\"allow-scripts\" security=\"restricted\" src=\"https:\/\/www.steveelkas.com\/en\/obituaries\/mme-majella-lemieux-lacroix\/embed\/#?secret=DUJycFxbIw\" width=\"600\" height=\"338\" title=\"&#8220;Mme Majella (Lemieux) Lacroix&#8221; &#8212; Steve L. Elkas Funeral Home\" data-secret=\"DUJycFxbIw\" frameborder=\"0\" marginwidth=\"0\" marginheight=\"0\" scrolling=\"no\" class=\"wp-embedded-content\"><\/iframe><script type=\"text\/javascript\">\n\/* <![CDATA[ *\/\n\/*! This file is auto-generated *\/\n!function(d,l){\"use strict\";l.querySelector&&d.addEventListener&&\"undefined\"!=typeof URL&&(d.wp=d.wp||{},d.wp.receiveEmbedMessage||(d.wp.receiveEmbedMessage=function(e){var t=e.data;if((t||t.secret||t.message||t.value)&&!\/[^a-zA-Z0-9]\/.test(t.secret)){for(var s,r,n,a=l.querySelectorAll('iframe[data-secret=\"'+t.secret+'\"]'),o=l.querySelectorAll('blockquote[data-secret=\"'+t.secret+'\"]'),c=new RegExp(\"^https?:$\",\"i\"),i=0;i<o.length;i++)o[i].style.display=\"none\";for(i=0;i<a.length;i++)s=a[i],e.source===s.contentWindow&&(s.removeAttribute(\"style\"),\"height\"===t.message?(1e3<(r=parseInt(t.value,10))?r=1e3:~~r<200&&(r=200),s.height=r):\"link\"===t.message&&(r=new URL(s.getAttribute(\"src\")),n=new URL(t.value),c.test(n.protocol))&&n.host===r.host&&l.activeElement===s&&(d.top.location.href=t.value))}},d.addEventListener(\"message\",d.wp.receiveEmbedMessage,!1),l.addEventListener(\"DOMContentLoaded\",function(){for(var e,t,s=l.querySelectorAll(\"iframe.wp-embedded-content\"),r=0;r<s.length;r++)(t=(e=s[r]).getAttribute(\"data-secret\"))||(t=Math.random().toString(36).substring(2,12),e.src+=\"#?secret=\"+t,e.setAttribute(\"data-secret\",t)),e.contentWindow.postMessage({message:\"ready\",secret:t},\"*\")},!1)))}(window,document);\n\/\/# sourceURL=https:\/\/www.steveelkas.com\/wp-includes\/js\/wp-embed.min.js\n\/* ]]> *\/\n<\/script>\n","thumbnail_url":"https:\/\/www.steveelkas.com\/wp-content\/uploads\/2019\/12\/Majella-Lemieux448.jpg","thumbnail_width":739,"thumbnail_height":1226,"description":"C\u2019est dans la douceur et entour\u00e9e de l\u2019amour des siens, au CHUS H\u00f4tel-Dieu de Sherbrooke, le 19 d\u00e9cembre 2019, \u00e0 l\u2019\u00e2ge de 90 ans, qu\u2019est d\u00e9c\u00e9d\u00e9e madame Majella Lemieux, \u00e9pouse de feu L\u00e9opold Lacroix. Elle \u00e9tait la fille de feu Joseph Lemieux et de feu Elvina Cyr, ainsi que la maman de feu Martine Lacroix, [&hellip;]"}

C’est dans la douceur et entourée de l’amour des siens, au CHUS Hôtel-Dieu de Sherbrooke, le 19 décembre 2019, à l’âge de 90 ans, qu’est décédée madame Majella Lemieux, épouse de feu Léopold Lacroix. Elle était la fille de feu Joseph Lemieux et de feu Elvina Cyr, ainsi que la maman de feu Martine Lacroix, [&hellip;]
