{"version":"1.0","provider_name":"Steve L. Elkas Funeral Home","provider_url":"https:\/\/www.steveelkas.com\/en\/","title":"Mme Marjolaine Poirier &#8212; Steve L. Elkas Funeral Home","type":"rich","width":600,"height":338,"html":"<blockquote class=\"wp-embedded-content\" data-secret=\"iX9I4PydOg\"><a href=\"https:\/\/www.steveelkas.com\/en\/obituaries\/mme-marjolaine-poirier\/\">Mme Marjolaine Poirier<\/a><\/blockquote><iframe sandbox=\"allow-scripts\" security=\"restricted\" src=\"https:\/\/www.steveelkas.com\/en\/obituaries\/mme-marjolaine-poirier\/embed\/#?secret=iX9I4PydOg\" width=\"600\" height=\"338\" title=\"&#8220;Mme Marjolaine Poirier&#8221; &#8212; Steve L. Elkas Funeral Home\" data-secret=\"iX9I4PydOg\" frameborder=\"0\" marginwidth=\"0\" marginheight=\"0\" scrolling=\"no\" class=\"wp-embedded-content\"><\/iframe><script type=\"text\/javascript\">\n\/* <![CDATA[ *\/\n\/*! This file is auto-generated *\/\n!function(d,l){\"use strict\";l.querySelector&&d.addEventListener&&\"undefined\"!=typeof URL&&(d.wp=d.wp||{},d.wp.receiveEmbedMessage||(d.wp.receiveEmbedMessage=function(e){var t=e.data;if((t||t.secret||t.message||t.value)&&!\/[^a-zA-Z0-9]\/.test(t.secret)){for(var s,r,n,a=l.querySelectorAll('iframe[data-secret=\"'+t.secret+'\"]'),o=l.querySelectorAll('blockquote[data-secret=\"'+t.secret+'\"]'),c=new RegExp(\"^https?:$\",\"i\"),i=0;i<o.length;i++)o[i].style.display=\"none\";for(i=0;i<a.length;i++)s=a[i],e.source===s.contentWindow&&(s.removeAttribute(\"style\"),\"height\"===t.message?(1e3<(r=parseInt(t.value,10))?r=1e3:~~r<200&&(r=200),s.height=r):\"link\"===t.message&&(r=new URL(s.getAttribute(\"src\")),n=new URL(t.value),c.test(n.protocol))&&n.host===r.host&&l.activeElement===s&&(d.top.location.href=t.value))}},d.addEventListener(\"message\",d.wp.receiveEmbedMessage,!1),l.addEventListener(\"DOMContentLoaded\",function(){for(var e,t,s=l.querySelectorAll(\"iframe.wp-embedded-content\"),r=0;r<s.length;r++)(t=(e=s[r]).getAttribute(\"data-secret\"))||(t=Math.random().toString(36).substring(2,12),e.src+=\"#?secret=\"+t,e.setAttribute(\"data-secret\",t)),e.contentWindow.postMessage({message:\"ready\",secret:t},\"*\")},!1)))}(window,document);\n\/\/# sourceURL=https:\/\/www.steveelkas.com\/wp-includes\/js\/wp-embed.min.js\n\/* ]]> *\/\n<\/script>\n","thumbnail_url":"https:\/\/www.steveelkas.com\/wp-content\/uploads\/2022\/09\/marjo-2.jpg","thumbnail_width":326,"thumbnail_height":422,"description":"Mme Marjolaine Poirier\u00a0 ( 1952 \u2013 2022\u00a0 ) Le 30 ao\u00fbt 2022 \u00e0 l\u2019\u00e2ge de 70 ans, est d\u00e9c\u00e9d\u00e9e Madame Marjolaine Poirier.\u00a0 Elle \u00e9tait la fille de feu Monsieur G\u00e9rard Poirier et de feu Madame Jeanne Drapeau. Elle laisse dans le deuil son fr\u00e8re Denis, ses s\u0153urs\u00a0 Jos\u00e9e (Rock Sadoine) et feu Chantal Poirier (Michel [&hellip;]"}

Mme Marjolaine Poirier  ( 1952 – 2022  ) Le 30 août 2022 à l’âge de 70 ans, est décédée Madame Marjolaine Poirier.  Elle était la fille de feu Monsieur Gérard Poirier et de feu Madame Jeanne Drapeau. Elle laisse dans le deuil son frère Denis, ses sœurs  Josée (Rock Sadoine) et feu Chantal Poirier (Michel [&hellip;]
