{"version":"1.0","provider_name":"Steve L. Elkas Funeral Home","provider_url":"https:\/\/www.steveelkas.com\/en\/","title":"Mme Michelle Fortin &#8212; Steve L. Elkas Funeral Home","type":"rich","width":600,"height":338,"html":"<blockquote class=\"wp-embedded-content\" data-secret=\"46orP2iJJS\"><a href=\"https:\/\/www.steveelkas.com\/en\/obituaries\/mme-michelle-fortin\/\">Mme Michelle Fortin<\/a><\/blockquote><iframe sandbox=\"allow-scripts\" security=\"restricted\" src=\"https:\/\/www.steveelkas.com\/en\/obituaries\/mme-michelle-fortin\/embed\/#?secret=46orP2iJJS\" width=\"600\" height=\"338\" title=\"&#8220;Mme Michelle Fortin&#8221; &#8212; Steve L. Elkas Funeral Home\" data-secret=\"46orP2iJJS\" frameborder=\"0\" marginwidth=\"0\" marginheight=\"0\" scrolling=\"no\" class=\"wp-embedded-content\"><\/iframe><script type=\"text\/javascript\">\n\/* <![CDATA[ *\/\n\/*! This file is auto-generated *\/\n!function(d,l){\"use strict\";l.querySelector&&d.addEventListener&&\"undefined\"!=typeof URL&&(d.wp=d.wp||{},d.wp.receiveEmbedMessage||(d.wp.receiveEmbedMessage=function(e){var t=e.data;if((t||t.secret||t.message||t.value)&&!\/[^a-zA-Z0-9]\/.test(t.secret)){for(var s,r,n,a=l.querySelectorAll('iframe[data-secret=\"'+t.secret+'\"]'),o=l.querySelectorAll('blockquote[data-secret=\"'+t.secret+'\"]'),c=new RegExp(\"^https?:$\",\"i\"),i=0;i<o.length;i++)o[i].style.display=\"none\";for(i=0;i<a.length;i++)s=a[i],e.source===s.contentWindow&&(s.removeAttribute(\"style\"),\"height\"===t.message?(1e3<(r=parseInt(t.value,10))?r=1e3:~~r<200&&(r=200),s.height=r):\"link\"===t.message&&(r=new URL(s.getAttribute(\"src\")),n=new URL(t.value),c.test(n.protocol))&&n.host===r.host&&l.activeElement===s&&(d.top.location.href=t.value))}},d.addEventListener(\"message\",d.wp.receiveEmbedMessage,!1),l.addEventListener(\"DOMContentLoaded\",function(){for(var e,t,s=l.querySelectorAll(\"iframe.wp-embedded-content\"),r=0;r<s.length;r++)(t=(e=s[r]).getAttribute(\"data-secret\"))||(t=Math.random().toString(36).substring(2,12),e.src+=\"#?secret=\"+t,e.setAttribute(\"data-secret\",t)),e.contentWindow.postMessage({message:\"ready\",secret:t},\"*\")},!1)))}(window,document);\n\/\/# sourceURL=https:\/\/www.steveelkas.com\/wp-includes\/js\/wp-embed.min.js\n\/* ]]> *\/\n<\/script>\n","thumbnail_url":"https:\/\/www.steveelkas.com\/wp-content\/uploads\/2023\/11\/Michelle-Fortin358-scaled.jpg","thumbnail_width":2560,"thumbnail_height":2425,"description":"1932-2023 Au CHUS H\u00f4tel-Dieu, le 16 novembre 2023, \u00e0 l\u2019\u00e2ge de 91 ans, madame Michelle Fortin est all\u00e9e rejoindre les siens. Elle \u00e9tait la fille de feu madame Germaine Beaudry et de feu monsieur Victor Fortin de Magog. Madame Fortin laisse dans le deuil madame Laura Cliche, qui f\u00fbt pr\u00e9sente \u00e0 ses c\u00f4t\u00e9s jusqu\u2019\u00e0 la [&hellip;]"}

1932-2023 Au CHUS Hôtel-Dieu, le 16 novembre 2023, à l’âge de 91 ans, madame Michelle Fortin est allée rejoindre les siens. Elle était la fille de feu madame Germaine Beaudry et de feu monsieur Victor Fortin de Magog. Madame Fortin laisse dans le deuil madame Laura Cliche, qui fût présente à ses côtés jusqu’à la [&hellip;]
