{"version":"1.0","provider_name":"Steve L. Elkas Funeral Home","provider_url":"https:\/\/www.steveelkas.com\/en\/","title":"Mme Monique Raymond Mouland &#8212; Steve L. Elkas Funeral Home","type":"rich","width":600,"height":338,"html":"<blockquote class=\"wp-embedded-content\" data-secret=\"Dvw8vqavXv\"><a href=\"https:\/\/www.steveelkas.com\/en\/obituaries\/mme-monique-raymond-mouland\/\">Mme Monique Raymond Mouland<\/a><\/blockquote><iframe sandbox=\"allow-scripts\" security=\"restricted\" src=\"https:\/\/www.steveelkas.com\/en\/obituaries\/mme-monique-raymond-mouland\/embed\/#?secret=Dvw8vqavXv\" width=\"600\" height=\"338\" title=\"&#8220;Mme Monique Raymond Mouland&#8221; &#8212; Steve L. Elkas Funeral Home\" data-secret=\"Dvw8vqavXv\" frameborder=\"0\" marginwidth=\"0\" marginheight=\"0\" scrolling=\"no\" class=\"wp-embedded-content\"><\/iframe><script type=\"text\/javascript\">\n\/* <![CDATA[ *\/\n\/*! This file is auto-generated *\/\n!function(d,l){\"use strict\";l.querySelector&&d.addEventListener&&\"undefined\"!=typeof URL&&(d.wp=d.wp||{},d.wp.receiveEmbedMessage||(d.wp.receiveEmbedMessage=function(e){var t=e.data;if((t||t.secret||t.message||t.value)&&!\/[^a-zA-Z0-9]\/.test(t.secret)){for(var s,r,n,a=l.querySelectorAll('iframe[data-secret=\"'+t.secret+'\"]'),o=l.querySelectorAll('blockquote[data-secret=\"'+t.secret+'\"]'),c=new RegExp(\"^https?:$\",\"i\"),i=0;i<o.length;i++)o[i].style.display=\"none\";for(i=0;i<a.length;i++)s=a[i],e.source===s.contentWindow&&(s.removeAttribute(\"style\"),\"height\"===t.message?(1e3<(r=parseInt(t.value,10))?r=1e3:~~r<200&&(r=200),s.height=r):\"link\"===t.message&&(r=new URL(s.getAttribute(\"src\")),n=new URL(t.value),c.test(n.protocol))&&n.host===r.host&&l.activeElement===s&&(d.top.location.href=t.value))}},d.addEventListener(\"message\",d.wp.receiveEmbedMessage,!1),l.addEventListener(\"DOMContentLoaded\",function(){for(var e,t,s=l.querySelectorAll(\"iframe.wp-embedded-content\"),r=0;r<s.length;r++)(t=(e=s[r]).getAttribute(\"data-secret\"))||(t=Math.random().toString(36).substring(2,12),e.src+=\"#?secret=\"+t,e.setAttribute(\"data-secret\",t)),e.contentWindow.postMessage({message:\"ready\",secret:t},\"*\")},!1)))}(window,document);\n\/\/# sourceURL=https:\/\/www.steveelkas.com\/wp-includes\/js\/wp-embed.min.js\n\/* ]]> *\/\n<\/script>\n","thumbnail_url":"https:\/\/www.steveelkas.com\/wp-content\/uploads\/2022\/07\/monique-raymond.jpg","thumbnail_width":443,"thumbnail_height":541,"description":"\u00c0 la suite d&#8217;une longue maladie, Monique est d\u00e9c\u00e9d\u00e9e paisiblement, entour\u00e9e de sa famille imm\u00e9diate, le mardi 14 juin 2022. Elle \u00e9tait une m\u00e8re d\u00e9vou\u00e9e \u00e0 ses enfants et \u00e0 sa famille. Monique \u00e9tait la fille de Lucien Raymond et de Fran\u00e7oise Cameron. Elle laisse dans le deuil son \u00e9poux, Robert Mouland; ses enfants : [&hellip;]"}

À la suite d&#8217;une longue maladie, Monique est décédée paisiblement, entourée de sa famille immédiate, le mardi 14 juin 2022. Elle était une mère dévouée à ses enfants et à sa famille. Monique était la fille de Lucien Raymond et de Françoise Cameron. Elle laisse dans le deuil son époux, Robert Mouland; ses enfants : [&hellip;]
