{"version":"1.0","provider_name":"Steve L. Elkas Funeral Home","provider_url":"https:\/\/www.steveelkas.com\/en\/","title":"Mme Pauline Dumas Lemay &#8212; Steve L. Elkas Funeral Home","type":"rich","width":600,"height":338,"html":"<blockquote class=\"wp-embedded-content\" data-secret=\"IqEuDu3iM9\"><a href=\"https:\/\/www.steveelkas.com\/en\/obituaries\/mme-pauline-dumas\/\">Mme Pauline Dumas Lemay<\/a><\/blockquote><iframe sandbox=\"allow-scripts\" security=\"restricted\" src=\"https:\/\/www.steveelkas.com\/en\/obituaries\/mme-pauline-dumas\/embed\/#?secret=IqEuDu3iM9\" width=\"600\" height=\"338\" title=\"&#8220;Mme Pauline Dumas Lemay&#8221; &#8212; Steve L. Elkas Funeral Home\" data-secret=\"IqEuDu3iM9\" frameborder=\"0\" marginwidth=\"0\" marginheight=\"0\" scrolling=\"no\" class=\"wp-embedded-content\"><\/iframe><script type=\"text\/javascript\">\n\/* <![CDATA[ *\/\n\/*! This file is auto-generated *\/\n!function(d,l){\"use strict\";l.querySelector&&d.addEventListener&&\"undefined\"!=typeof URL&&(d.wp=d.wp||{},d.wp.receiveEmbedMessage||(d.wp.receiveEmbedMessage=function(e){var t=e.data;if((t||t.secret||t.message||t.value)&&!\/[^a-zA-Z0-9]\/.test(t.secret)){for(var s,r,n,a=l.querySelectorAll('iframe[data-secret=\"'+t.secret+'\"]'),o=l.querySelectorAll('blockquote[data-secret=\"'+t.secret+'\"]'),c=new RegExp(\"^https?:$\",\"i\"),i=0;i<o.length;i++)o[i].style.display=\"none\";for(i=0;i<a.length;i++)s=a[i],e.source===s.contentWindow&&(s.removeAttribute(\"style\"),\"height\"===t.message?(1e3<(r=parseInt(t.value,10))?r=1e3:~~r<200&&(r=200),s.height=r):\"link\"===t.message&&(r=new URL(s.getAttribute(\"src\")),n=new URL(t.value),c.test(n.protocol))&&n.host===r.host&&l.activeElement===s&&(d.top.location.href=t.value))}},d.addEventListener(\"message\",d.wp.receiveEmbedMessage,!1),l.addEventListener(\"DOMContentLoaded\",function(){for(var e,t,s=l.querySelectorAll(\"iframe.wp-embedded-content\"),r=0;r<s.length;r++)(t=(e=s[r]).getAttribute(\"data-secret\"))||(t=Math.random().toString(36).substring(2,12),e.src+=\"#?secret=\"+t,e.setAttribute(\"data-secret\",t)),e.contentWindow.postMessage({message:\"ready\",secret:t},\"*\")},!1)))}(window,document);\n\/\/# sourceURL=https:\/\/www.steveelkas.com\/wp-includes\/js\/wp-embed.min.js\n\/* ]]> *\/\n<\/script>\n","thumbnail_url":"https:\/\/www.steveelkas.com\/wp-content\/uploads\/2023\/01\/Pauline-Dumas224.jpg","thumbnail_width":1135,"thumbnail_height":1330,"description":"Tout doucement, le samedi 7 janvier 2023 Pauline nous a quitt\u00e9 afin de poursuivre son bonheur sous d\u2019autres cieux \u00e0 l\u2019\u00e2ge de 93 ans. Elle \u00e9tait la fille de feu Ad\u00e9lard Dumas, feu Blanche Roy et l\u2019\u00e9pouse de feu Paul Lemay. M\u00e8re de feu Denise, madame Dumas Lemay laisse dans le deuil son petit-fils Marc-Antoine [&hellip;]"}

Tout doucement, le samedi 7 janvier 2023 Pauline nous a quitté afin de poursuivre son bonheur sous d’autres cieux à l’âge de 93 ans. Elle était la fille de feu Adélard Dumas, feu Blanche Roy et l’épouse de feu Paul Lemay. Mère de feu Denise, madame Dumas Lemay laisse dans le deuil son petit-fils Marc-Antoine [&hellip;]
